{"id":165,"date":"2012-02-16T14:04:33","date_gmt":"2012-02-16T13:04:33","guid":{"rendered":"http:\/\/www.rops-bialystok.pl\/andrzej\/?page_id=165"},"modified":"2012-02-16T14:04:33","modified_gmt":"2012-02-16T13:04:33","slug":"wbd","status":"publish","type":"page","link":"https:\/\/rops-bialystok.pl\/adopcja\/index.php\/o-nas\/wbd\/","title":{"rendered":"Wojew\u00f3dzki Bank Danych"},"content":{"rendered":"<p style=\"text-align: justify;\"><strong>O\u015brodek Adopcyjny\u00a0 Regionalnego O\u015brodka Polityki Spo\u0142ecznej w Bia\u0142ymstoku<\/strong> zosta\u0142 wyznaczony przez Marsza\u0142ka Wojew\u00f3dztwa Podlaskiego do prowadzenia wojew\u00f3dzkiego banku danych o dzieciach z terenu wojew\u00f3dztwa\u00a0 podlaskiego oczekuj\u0105cych na przysposobienie (Dziennik Urz\u0119dowy Wojew\u00f3dztwa Podlaskiego, poz.45 z dnia 5 stycznia \u00a02012 r.)<\/p>\n<p style=\"text-align: justify;\">Zadaniem <strong>Wojew\u00f3dzkiego Banku Danych<\/strong> jest gromadzenie dokumentacji dzieci zakwalifikowanych do adopcji i przekazywanie jej do o\u015brodk\u00f3w adopcyjnych w wojew\u00f3dztwie oraz do o\u015brodk\u00f3w adopcyjnych prowadz\u0105cych wojew\u00f3dzkie banki danych w pozosta\u0142ych wojew\u00f3dztwach celem poszukiwania rodzin przysposabiaj\u0105cych. W przypadku nie pozyskania w kraju rodziny dla dziecka, WBD po up\u0142ywie okre\u015blonego \u00a0w ustawie terminu przesy\u0142a informacje o dziecku z terenu wojew\u00f3dztwa do centralnego banku danych w celu poszukiwania rodziny poza granicami kraju.<\/p>\n","protected":false},"excerpt":{"rendered":"<p>O\u015brodek Adopcyjny\u00a0 Regionalnego O\u015brodka Polityki Spo\u0142ecznej w Bia\u0142ymstoku zosta\u0142 wyznaczony przez Marsza\u0142ka Wojew\u00f3dztwa Podlaskiego do prowadzenia wojew\u00f3dzkiego banku danych o dzieciach z terenu wojew\u00f3dztwa\u00a0 podlaskiego oczekuj\u0105cych na przysposobienie (Dziennik Urz\u0119dowy Wojew\u00f3dztwa Podlaskiego, poz.45 z dnia 5 stycznia \u00a02012 r.) Zadaniem Wojew\u00f3dzkiego Banku Danych jest gromadzenie dokumentacji dzieci zakwalifikowanych do adopcji i przekazywanie jej do o\u015brodk\u00f3w &hellip; <a href=\"https:\/\/rops-bialystok.pl\/adopcja\/index.php\/o-nas\/wbd\/\" class=\"more-link\">Continue reading<span class=\"screen-reader-text\"> &#8222;Wojew\u00f3dzki Bank Danych&#8221;<\/span><\/a><\/p>\n","protected":false},"author":2,"featured_media":0,"parent":985,"menu_order":5,"comment_status":"closed","ping_status":"closed","template":"","meta":{"footnotes":""},"class_list":["post-165","page","type-page","status-publish","hentry"],"_links":{"self":[{"href":"https:\/\/rops-bialystok.pl\/adopcja\/index.php\/wp-json\/wp\/v2\/pages\/165","targetHints":{"allow":["GET"]}}],"collection":[{"href":"https:\/\/rops-bialystok.pl\/adopcja\/index.php\/wp-json\/wp\/v2\/pages"}],"about":[{"href":"https:\/\/rops-bialystok.pl\/adopcja\/index.php\/wp-json\/wp\/v2\/types\/page"}],"author":[{"embeddable":true,"href":"https:\/\/rops-bialystok.pl\/adopcja\/index.php\/wp-json\/wp\/v2\/users\/2"}],"replies":[{"embeddable":true,"href":"https:\/\/rops-bialystok.pl\/adopcja\/index.php\/wp-json\/wp\/v2\/comments?post=165"}],"version-history":[{"count":0,"href":"https:\/\/rops-bialystok.pl\/adopcja\/index.php\/wp-json\/wp\/v2\/pages\/165\/revisions"}],"up":[{"embeddable":true,"href":"https:\/\/rops-bialystok.pl\/adopcja\/index.php\/wp-json\/wp\/v2\/pages\/985"}],"wp:attachment":[{"href":"https:\/\/rops-bialystok.pl\/adopcja\/index.php\/wp-json\/wp\/v2\/media?parent=165"}],"curies":[{"name":"wp","href":"https:\/\/api.w.org\/{rel}","templated":true}]}}