{"id":310,"date":"2012-05-16T13:08:35","date_gmt":"2012-05-16T12:08:35","guid":{"rendered":"http:\/\/www.rops-bialystok.pl\/andrzej\/?page_id=310"},"modified":"2012-05-16T13:08:35","modified_gmt":"2012-05-16T12:08:35","slug":"zadania-osrodka-2","status":"publish","type":"page","link":"https:\/\/rops-bialystok.pl\/adopcja\/index.php\/o-nas\/zadania-osrodka-2\/","title":{"rendered":"Zadania o\u015brodka"},"content":{"rendered":"<p><strong>Do zada\u0144 O\u015brodka Adopcyjnego Regionalnego O\u015brodka Polityki Spo\u0142ecznej w Bia\u0142ymstoku nale\u017cy w szczeg\u00f3lno\u015bci:<\/strong><\/p>\n<ul>\n<li>kwalifikacja dzieci zg\u0142oszonych do przysposobienia oraz sporz\u0105dzanie dla dziecka zakwalifikowanego do przysposobienia diagnozy psychologicznej i pedagogicznej oraz gromadzenie aktualnych informacji o stanie zdrowia dziecka;<\/li>\n<li>promowanie idei adopcji, w tym poszukiwanie kandydat\u00f3w do przysposobienia dziecka;<\/li>\n<li>dob\u00f3r rodziny przysposabiaj\u0105cej w\u0142a\u015bciwej ze wzgl\u0119du na potrzeby dziecka;<\/li>\n<li>wsp\u00f3\u0142praca z s\u0105dem opieku\u0144czym, polegaj\u0105ca w szczeg\u00f3lno\u015bci na powiadamianiu o okoliczno\u015bciach uzasadniaj\u0105cych wszcz\u0119cie z urz\u0119du post\u0119powania opieku\u0144czego;<\/li>\n<li>udzielanie pomocy w przygotowaniu wniosk\u00f3w o przysposobienie i zgromadzeniu niezb\u0119dnych dokument\u00f3w;<\/li>\n<li>gromadzenie informacji o dzieciach, kt\u00f3re mog\u0105 by\u0107 przysposobione;<\/li>\n<li>przeprowadzanie bada\u0144 pedagogicznych i psychologicznych kandydat\u00f3w do przysposobienia dziecka;<\/li>\n<li>przeprowadzanie analizy sytuacji osobistej, zdrowotnej, rodzinnej, dochodowej i maj\u0105tkowej kandydat\u00f3w do przysposobienia dziecka, zwanej\u00a0\u201ewywiadem adopcyjnym\u201d;<\/li>\n<li>prowadzenie dzia\u0142alno\u015bci diagnostyczno-konsultacyjnej dla kandydat\u00f3w do przysposobienia dziecka;<\/li>\n<li>wspieranie psychologiczno-pedagogiczne kandydat\u00f3w do przysposobienia dziecka oraz os\u00f3b, kt\u00f3re przysposobi\u0142y dziecko;<\/li>\n<li>organizowanie szkole\u0144 dla kandydat\u00f3w do przysposobienia dziecka;<\/li>\n<li>wydawanie \u015bwiadectw uko\u0144czenia szkolenia dla kandydat\u00f3w do przysposobienia dziecka, opinii o ich kwalifikacjach osobistych oraz sporz\u0105dzanie opinii kwalifikacyjnej w sprawach dotycz\u0105cych umieszczania dzieci w rodzinie przysposabiaj\u0105cej;<\/li>\n<li>prowadzenie szkole\u0144 dla kandydat\u00f3w do pe\u0142nienia funkcji rodziny zast\u0119pczej lub prowadzenia rodzinnego domu dziecka oraz wydawanie \u015bwiadectw uko\u0144czenia tych szkole\u0144;<\/li>\n<li>prowadzenie szkole\u0144 dla kandydat\u00f3w do pe\u0142nienia funkcji dyrektora plac\u00f3wki opieku\u0144czo-wychowawczej typu rodzinnego oraz wydawanie \u015bwiadectw uko\u0144czenia tych szkole\u0144;<\/li>\n<li>zapewnienie pomocy psychologicznej kobietom w ci\u0105\u017cy oraz pacjentkom oddzia\u0142\u00f3w ginekologiczno-po\u0142o\u017cniczych, kt\u00f3re sygnalizuj\u0105 zamiar pozostawienia dziecka bezpo\u015brednio po urodzeniu;<\/li>\n<li>prowadzenie dokumentacji z zakresu wykonywanych zada\u0144;<\/li>\n<li>prowadzenie wojew\u00f3dzkiego banku danych o dzieciach z terenu wojew\u00f3dztwa podlaskiego oczekuj\u0105cych na przysposobienie.<\/li>\n<\/ul>\n","protected":false},"excerpt":{"rendered":"<p>Do zada\u0144 O\u015brodka Adopcyjnego Regionalnego O\u015brodka Polityki Spo\u0142ecznej w Bia\u0142ymstoku nale\u017cy w szczeg\u00f3lno\u015bci: kwalifikacja dzieci zg\u0142oszonych do przysposobienia oraz sporz\u0105dzanie dla dziecka zakwalifikowanego do przysposobienia diagnozy psychologicznej i pedagogicznej oraz gromadzenie aktualnych informacji o stanie zdrowia dziecka; promowanie idei adopcji, w tym poszukiwanie kandydat\u00f3w do przysposobienia dziecka; dob\u00f3r rodziny przysposabiaj\u0105cej w\u0142a\u015bciwej ze wzgl\u0119du na potrzeby &hellip; <a href=\"https:\/\/rops-bialystok.pl\/adopcja\/index.php\/o-nas\/zadania-osrodka-2\/\" class=\"more-link\">Continue reading<span class=\"screen-reader-text\"> &#8222;Zadania o\u015brodka&#8221;<\/span><\/a><\/p>\n","protected":false},"author":2,"featured_media":0,"parent":985,"menu_order":2,"comment_status":"closed","ping_status":"closed","template":"","meta":{"footnotes":""},"class_list":["post-310","page","type-page","status-publish","hentry"],"_links":{"self":[{"href":"https:\/\/rops-bialystok.pl\/adopcja\/index.php\/wp-json\/wp\/v2\/pages\/310","targetHints":{"allow":["GET"]}}],"collection":[{"href":"https:\/\/rops-bialystok.pl\/adopcja\/index.php\/wp-json\/wp\/v2\/pages"}],"about":[{"href":"https:\/\/rops-bialystok.pl\/adopcja\/index.php\/wp-json\/wp\/v2\/types\/page"}],"author":[{"embeddable":true,"href":"https:\/\/rops-bialystok.pl\/adopcja\/index.php\/wp-json\/wp\/v2\/users\/2"}],"replies":[{"embeddable":true,"href":"https:\/\/rops-bialystok.pl\/adopcja\/index.php\/wp-json\/wp\/v2\/comments?post=310"}],"version-history":[{"count":0,"href":"https:\/\/rops-bialystok.pl\/adopcja\/index.php\/wp-json\/wp\/v2\/pages\/310\/revisions"}],"up":[{"embeddable":true,"href":"https:\/\/rops-bialystok.pl\/adopcja\/index.php\/wp-json\/wp\/v2\/pages\/985"}],"wp:attachment":[{"href":"https:\/\/rops-bialystok.pl\/adopcja\/index.php\/wp-json\/wp\/v2\/media?parent=310"}],"curies":[{"name":"wp","href":"https:\/\/api.w.org\/{rel}","templated":true}]}}