{"id":3663,"date":"2021-11-26T12:05:12","date_gmt":"2021-11-26T11:05:12","guid":{"rendered":"http:\/\/www.rops-bialystok.pl\/adopcja\/?page_id=3663"},"modified":"2022-08-31T08:50:24","modified_gmt":"2022-08-31T06:50:24","slug":"my-w-mediach","status":"publish","type":"page","link":"https:\/\/rops-bialystok.pl\/adopcja\/index.php\/my-w-mediach\/","title":{"rendered":"\u00a0\u200bAdopc\u200bja dzieci &#8211; co warto wiedzie\u0107?\u00a0\u00a0wideo"},"content":{"rendered":"\n    \n    <section class=\"u-clearfix u-gradient u-valign-middle-xs u-video-cover u-section-2\" id=\"carousel_7bfa\">\n      <h1 class=\"u-text u-text-1\">\n        <span class=\"u-text-grey-5\"> Adopc\u200bja dzieci - co warto wiedzie\u0107?&nbsp;&nbsp;<\/span><span class=\"u-icon u-icon-1\"><svg class=\"u-svg-content\" viewBox=\"0 0 50 50\" x=\"0px\" y=\"0px\" style=\"width: 1em; height: 1em;\"><path style=\"fill:currentColor;\" d=\"M24.85,10.126c2.018-4.783,6.628-8.125,11.99-8.125c7.223,0,12.425,6.179,13.079,13.543\n\tc0,0,0.353,1.828-0.424,5.119c-1.058,4.482-3.545,8.464-6.898,11.503L24.85,48L7.402,32.165c-3.353-3.038-5.84-7.021-6.898-11.503\n\tc-0.777-3.291-0.424-5.119-0.424-5.119C0.734,8.179,5.936,2,13.159,2C18.522,2,22.832,5.343,24.85,10.126z\"><\/path><\/svg><img><\/span>\n      <\/h1>\n      <div class=\"u-clearfix u-expanded-width-lg u-expanded-width-md u-expanded-width-sm u-expanded-width-xs u-layout-wrap u-layout-wrap-1\">\n        <div class=\"u-layout\">\n          <div class=\"u-layout-row\">\n            <div class=\"u-align-left u-container-style u-layout-cell u-left-cell u-size-12-lg u-size-12-md u-size-12-sm u-size-12-xs u-size-19-xl u-layout-cell-1\">\n              <div class=\"u-container-layout u-container-layout-1\">\n                <p class=\"u-large-text u-text u-text-body-alt-color u-text-variant u-text-2\"> Jak wygl\u0105da proces adopcyjny w Polsce? Jakie kryteria nale\u017cy spe\u0142ni\u0107, aby zosta\u0107 rodzicem zast\u0119pczym? Zapraszam do obejrzenia odcinka.&nbsp;&nbsp;<\/p>\n                <a href=\"https:\/\/www.youtube.com\/watch?v=8AYJ_0vpsfY\" class=\"u-active-palette-5-base u-btn u-btn-round u-button-style u-hover-palette-5-base u-palette-3-base u-radius-13 u-btn-1\">Mama benia<\/a>\n              <\/div>\n            <\/div>\n            <div class=\"u-container-style u-layout-cell u-right-cell u-size-41-xl u-size-48-lg u-size-48-md u-size-48-sm u-size-48-xs u-video u-video-contain u-video-1\">\n              <div class=\"u-absolute-hcenter u-background-video u-expanded\" style=\"\">\n                <div class=\"embed-responsive embed-responsive-1\">\n                  <iframe style=\"position: absolute;top: 0;left: 0;width: 100%;height: 100%;\" class=\"embed-responsive-item\" src=\"https:\/\/www.youtube.com\/embed\/8AYJ_0vpsfY?playlist=8AYJ_0vpsfY&amp;loop=1&amp;mute=1&amp;showinfo=0&amp;controls=0&amp;start=0&amp;autoplay=1\" data-autoplay=\"1\" allowfullscreen=\"\" frameborder=\"0\"><\/iframe>\n                <\/div>\n              <\/div>\n              <div class=\"u-container-layout u-container-layout-2\"><\/div>\n            <\/div>\n          <\/div>\n        <\/div>\n      <\/div>\n    <\/section>\n    <section class=\"u-clearfix u-section-3\" id=\"sec-7cc6\">\n      <div class=\"u-clearfix u-sheet u-sheet-1\"><\/div>\n    <\/section>\n    \n    \n    \n    \n  \n","protected":false},"excerpt":{"rendered":"<p>Adopc\u200bja dzieci &#8211; co warto wiedzie\u0107?&nbsp;&nbsp; Jak wygl\u0105da proces adopcyjny w Polsce? Jakie kryteria nale\u017cy spe\u0142ni\u0107, aby zosta\u0107 rodzicem zast\u0119pczym? Zapraszam do obejrzenia odcinka.&nbsp;&nbsp; Mama benia<\/p>\n","protected":false},"author":1,"featured_media":0,"parent":0,"menu_order":0,"comment_status":"closed","ping_status":"closed","template":"","meta":{"footnotes":""},"class_list":["post-3663","page","type-page","status-publish","hentry"],"_links":{"self":[{"href":"https:\/\/rops-bialystok.pl\/adopcja\/index.php\/wp-json\/wp\/v2\/pages\/3663","targetHints":{"allow":["GET"]}}],"collection":[{"href":"https:\/\/rops-bialystok.pl\/adopcja\/index.php\/wp-json\/wp\/v2\/pages"}],"about":[{"href":"https:\/\/rops-bialystok.pl\/adopcja\/index.php\/wp-json\/wp\/v2\/types\/page"}],"author":[{"embeddable":true,"href":"https:\/\/rops-bialystok.pl\/adopcja\/index.php\/wp-json\/wp\/v2\/users\/1"}],"replies":[{"embeddable":true,"href":"https:\/\/rops-bialystok.pl\/adopcja\/index.php\/wp-json\/wp\/v2\/comments?post=3663"}],"version-history":[{"count":13,"href":"https:\/\/rops-bialystok.pl\/adopcja\/index.php\/wp-json\/wp\/v2\/pages\/3663\/revisions"}],"predecessor-version":[{"id":3689,"href":"https:\/\/rops-bialystok.pl\/adopcja\/index.php\/wp-json\/wp\/v2\/pages\/3663\/revisions\/3689"}],"wp:attachment":[{"href":"https:\/\/rops-bialystok.pl\/adopcja\/index.php\/wp-json\/wp\/v2\/media?parent=3663"}],"curies":[{"name":"wp","href":"https:\/\/api.w.org\/{rel}","templated":true}]}}

​Adopc​ja dzieci &#8211; co warto wiedzieć?  wideo

<section class="u-clearfix u-gradient u-valign-middle-xs u-video-cover u-section-2" id="carousel_7bfa">
      <h1 class="u-text u-text-1">
        <span class="u-text-grey-5"> Adopc​ja dzieci - co warto wiedzieć?&nbsp;&nbsp;</span><span class="u-icon u-icon-1"><svg class="u-svg-content" viewBox="0 0 50 50" x="0px" y="0px" style="width: 1em; height: 1em;"><path style="fill:currentColor;" d="M24.85,10.126c2.018-4.783,6.628-8.125,11.99-8.125c7.223,0,12.425,6.179,13.079,13.543
	c0,0,0.353,1.828-0.424,5.119c-1.058,4.482-3.545,8.464-6.898,11.503L24.85,48L7.402,32.165c-3.353-3.038-5.84-7.021-6.898-11.503
	c-0.777-3.291-0.424-5.119-0.424-5.119C0.734,8.179,5.936,2,13.159,2C18.522,2,22.832,5.343,24.85,10.126z"></path></svg><img></span>
      </h1>
      <div class="u-clearfix u-expanded-width-lg u-expanded-width-md u-expanded-width-sm u-expanded-width-xs u-layout-wrap u-layout-wrap-1">
        <div class="u-layout">
          <div class="u-layout-row">
            <div class="u-align-left u-container-style u-layout-cell u-left-cell u-size-12-lg u-size-12-md u-size-12-sm u-size-12-xs u-size-19-xl u-layout-cell-1">
              <div class="u-container-layout u-container-layout-1">
                <p class="u-large-text u-text u-text-body-alt-color u-text-variant u-text-2"> Jak wygląda proces adopcyjny w Polsce? Jakie kryteria należy spełnić, aby zostać rodzicem zastępczym? Zapraszam do obejrzenia odcinka.&nbsp;&nbsp;</p>
                <a href="https://www.youtube.com/watch?v=8AYJ_0vpsfY" class="u-active-palette-5-base u-btn u-btn-round u-button-style u-hover-palette-5-base u-palette-3-base u-radius-13 u-btn-1">Mama benia</a>
              </div>
            </div>
            <div class="u-container-style u-layout-cell u-right-cell u-size-41-xl u-size-48-lg u-size-48-md u-size-48-sm u-size-48-xs u-video u-video-contain u-video-1">
              <div class="u-absolute-hcenter u-background-video u-expanded" style="">
                <div class="embed-responsive embed-responsive-1">
                  <iframe style="position: absolute;top: 0;left: 0;width: 100%;height: 100%;" class="embed-responsive-item" src="https://www.youtube.com/embed/8AYJ_0vpsfY?playlist=8AYJ_0vpsfY&amp;loop=1&amp;mute=1&amp;showinfo=0&amp;controls=0&amp;start=0&amp;autoplay=1" data-autoplay="1" allowfullscreen="" frameborder="0"></iframe>
                </div>
              </div>
              <div class="u-container-layout u-container-layout-2"></div>
            </div>
          </div>
        </div>
      </div>
    </section>
    <section class="u-clearfix u-section-3" id="sec-7cc6">
      <div class="u-clearfix u-sheet u-sheet-1"></div>
    </section>

<p>Adopc​ja dzieci &#8211; co warto wiedzieć?&nbsp;&nbsp; Jak wygląda proces adopcyjny w Polsce? Jakie kryteria należy spełnić, aby zostać rodzicem zastępczym? Zapraszam do obejrzenia odcinka.&nbsp;&nbsp; Mama benia</p>
