{"id":4110,"date":"2024-08-16T13:31:21","date_gmt":"2024-08-16T11:31:21","guid":{"rendered":"https:\/\/rops-bialystok.pl\/adopcja\/?page_id=4110"},"modified":"2024-08-16T13:39:07","modified_gmt":"2024-08-16T11:39:07","slug":"standardy-ochrony-dzieci-wersja-dla-maloletnich","status":"publish","type":"page","link":"https:\/\/rops-bialystok.pl\/adopcja\/index.php\/standardy-ochrony-dzieci\/standardy-ochrony-dzieci-wersja-dla-maloletnich\/","title":{"rendered":"Standardy Ochrony Dzieci \u2013 wersja dla ma\u0142oletnich"},"content":{"rendered":"<blockquote><p><span style=\"color: #008000;\"><strong><em>\u201eDziecko ma prawo by\u0107 sob\u0105.<\/em><\/strong><\/span><\/p>\n<p><span style=\"color: #008000;\"><strong><em>Ma prawo do pope\u0142niania b\u0142\u0119d\u00f3w.<\/em><\/strong><\/span><\/p>\n<p><span style=\"color: #008000;\"><strong><em>Ma prawo do posiadania w\u0142asnego zdania.<\/em><\/strong><\/span><\/p>\n<p><span style=\"color: #008000;\"><strong><em>Ma prawo do szacunku\u201d.<\/em><\/strong><\/span><\/p>\n<p><span style=\"color: #008000;\"><strong><em>Janusz Korczak<\/em><\/strong><\/span><\/p><\/blockquote>\n<p><strong>STANDARDY OCHRONY DZIECI <\/strong><strong>W O\u015aRODKU ADOPCYJNYMW BIA\u0141YMSTOKU ORAZ FILII W \u0141OM\u017bY <\/strong><\/p>\n<p style=\"text-align: center;\"><span style=\"color: #00ff00;\"><strong>&#8211; <\/strong><strong>WERSJA DLA MA\u0141OLETNICH<\/strong><\/span><\/p>\n<p><strong>WPROWADZENIE<\/strong><\/p>\n<p>Naczeln\u0105 zasad\u0105 wszystkich dzia\u0142a\u0144 podejmowanych przez pracownik\u00f3w Regionalnego O\u015brodka Polityki Spo\u0142ecznej w Bia\u0142ymstoku O\u015brodka Adopcyjnego w Bia\u0142ymstoku oraz Filii w \u0141om\u017cy jest dzia\u0142anie dla dobra dziecka i w jego najlepszym interesie. Wszyscy pracownicy traktuj\u0105 dziecko z szacunkiem oraz uwzgl\u0119dniaj\u0105 jego potrzeby. Niedopuszczalne jest stosowanie wobec dziecka przemocy w jakiejkolwiek formie.<\/p>\n<p><span style=\"color: #339966;\"><strong>S\u0141OWNICZEK<\/strong><\/span><\/p>\n<p><strong>Najwa\u017cniejsze poj\u0119cia:<\/strong><\/p>\n<ul>\n<li><strong>O\u015brodek Adopcyjny &#8211;<\/strong>nale\u017cy przez to rozumie\u0107 O\u015brodek Adopcyjny w Bia\u0142ymstoku oraz Fili\u0119 w \u0141om\u017cy, dzia\u0142aj\u0105ce w strukturach Regionalnego O\u015brodka Polityki Spo\u0142ecznej w Bia\u0142ymstoku,<\/li>\n<li><strong>Dziecko (ma\u0142oletni) \u2013<\/strong> nale\u017cy przez to rozumie\u0107 ka\u017cd\u0105 osob\u0119 do uko\u0144czenia 18 roku \u017cycia,<\/li>\n<li><strong>Pracownik\/personel-<\/strong> nale\u017cy przez to rozumie\u0107 ka\u017cdego pracownika O\u015brodka Adopcyjnego,<\/li>\n<li><strong>Opiekun dziecka-<\/strong> nale\u017cy przez to rozumie\u0107 osob\u0119 uprawnion\u0105 do reprezentowania dziecka i stanowienia o nim- opiekun prawny (rodzic, rodzic adopcyjny, opiekun ustanowiony przez s\u0105d) i opiekun faktyczny (opiekun z rodziny zast\u0119pczej, pracownik plac\u00f3wki w kt\u00f3rej przebywa dziecko),<\/li>\n<li><strong>Krzywdzenie-<\/strong> nale\u017cy przez to rozumie\u0107 przemoc wobec dziecka, w tym r\u00f3wnie\u017c dzia\u0142anie os\u00f3b lub instytucji powoduj\u0105ce szkody fizyczne, emocjonalne, spo\u0142eczne oraz bezczynno\u015b\u0107\u00a0\u00a0\u00a0\u00a0\u00a0\u00a0\u00a0\u00a0\u00a0\u00a0\u00a0\u00a0\u00a0\u00a0\u00a0\u00a0\u00a0\u00a0 w sytuacji krzywdzenia dziecka,<\/li>\n<li><strong>Przemoc fizyczna-<\/strong> nale\u017cy przez to rozumie\u0107 ka\u017cde intencjonalne dzia\u0142anie sprawcy maj\u0105ce na celu przekroczenie granicy cia\u0142a ma\u0142oletniego, np. bicie, szarpanie, popychanie, itp.,<\/li>\n<li><strong>Przemoc psychiczna\/emocjonalna-<\/strong> nale\u017cy przez to rozumie\u0107 powtarzaj\u0105cy si\u0119 wzorzec zachowa\u0144 opiekuna lub skrajnie drastyczne wydarzenie\/wydarzenia, kt\u00f3re powoduj\u0105 u dziecka poczucie odrzucenia, \u017ce jest nic nie warte, z\u0142e, niekochane, niechciane, zagro\u017cone,<\/li>\n<li><strong>Przemoc seksualna-<\/strong> nale\u017cy przez to rozumie\u0107 anga\u017cowanie ma\u0142oletniego w aktywno\u015b\u0107 seksualn\u0105, kt\u00f3rej nie jest on w stanie w pe\u0142ni zrozumie\u0107 i udzieli\u0107 na ni\u0105 \u015bwiadomej zgody, naruszaj\u0105ca prawo i obyczaje danego spo\u0142ecze\u0144stwa,<\/li>\n<\/ul>\n<p><span style=\"color: #ff0000;\"><strong>ZAPAMI\u0118TAJ<\/strong><\/span><\/p>\n<ul>\n<li>W O\u015brodku Adopcyjnym obowi\u0105zuje dokument \u201e<strong>Standardy ochrony dzieci\u201d. <\/strong>Z pe\u0142n\u0105 jego tre\u015bci\u0105 mo\u017cesz zapozna\u0107 si\u0119 na stronie internetowej www.rops-bialystok.pl , a tak\u017ce \u00a0\u00a0\u00a0\u00a0\u00a0w O\u015brodku Adopcyjnym w Bia\u0142ymstoku oraz Filii w \u0141om\u017cy,<\/li>\n<li>Wszyscy pracownicy O\u015brodka zobowi\u0105zani s\u0105 do przestrzegania zasad okre\u015blonych w \u201eStandardach ochrony dziecka\u201d,<\/li>\n<li>W O\u015brodku Adopcyjnym w miejscu widocznym umieszczone s\u0105 dane kontaktowe instytucji, do kt\u00f3rych mo\u017cna zwr\u00f3ci\u0107 si\u0119 o pomoc w trudnych sytuacjach \u017cyciowych oraz numery telefon\u00f3w zaufania dla dzieci i m\u0142odzie\u017cy.<\/li>\n<\/ul>\n<p><strong>ZASADY PRZEPROWADZANIA BADA\u0143 DIAGNOSTYCZNYCH DZIECI<\/strong><\/p>\n<ol>\n<li>Pracownicy O\u015brodka Adopcyjnego dbaj\u0105 o komfort oraz poczucie swobody dziecka podczas badania- <strong>je\u015bli masz tak\u0105 potrzeb\u0119 mo\u017cesz wr\u00f3ci\u0107 do opiekuna.<\/strong><\/li>\n<li>Pracownicy O\u015brodka Adopcyjnego poinformuj\u0105 Ci\u0119 o celu oraz przebiegu badania- <strong>je\u015bli czego\u015b nie rozumiesz \u015bmia\u0142o pytaj.<\/strong><\/li>\n<li><strong>Masz prawo nie udzieli\u0107 odpowiedzi na zadane pytanie.<\/strong><\/li>\n<li><strong>Masz prawo do odczuwania oraz m\u00f3wienia o swoich emocjach oraz do bycia wys\u0142uchanym.<\/strong><\/li>\n<li>Nikt z pracownik\u00f3w O\u015brodka nie mo\u017ce stosowa\u0107 wobec Ciebie \u017cadnej formy przemocy, nie mo\u017ce Ci\u0119 obra\u017ca\u0107, wy\u015bmiewa\u0107, lekcewa\u017cy\u0107, popycha\u0107, bi\u0107, zmusza\u0107 do jakiejkolwiek czynno\u015bci, na kt\u00f3r\u0105 nie wyra\u017casz zgody- <strong>je\u015bli poczujesz si\u0119 zagro\u017cony zwr\u00f3\u0107 si\u0119 do swojego opiekuna lub innego pracownika O\u015brodka.<\/strong><\/li>\n<li><strong>Je\u015bli b\u0119dziesz potrzebowa\u0142 mo\u017cesz poprosi\u0107 o obecno\u015b\u0107 drugiej osoby doros\u0142ej podczas badania.<\/strong><\/li>\n<li><strong>Przy czynno\u015bciach higienicznych pomaga Ci jedynie opiekun, a nie pracowni O\u015brodka.<\/strong><\/li>\n<li>W O\u015brodku Adopcyjnym nie masz dost\u0119pu do komputer\u00f3w znajduj\u0105cych si\u0119 w tym O\u015brodku.<\/li>\n<li>Za zgoda rodzic\u00f3w\/ opiekun\u00f3w masz prawo korzysta\u0107 ze swojego telefonu kom\u00f3rkowego lub innego urz\u0105dzenia elektronicznego. Pami\u0119taj O\u015brodek Adopcyjny nie ponosi odpowiedzialno\u015bci za jego zagini\u0119cie, zniszczenie.<\/li>\n<li>Podczas badania diagnostycznego nie mo\u017cesz korzysta\u0107 z telefonu kom\u00f3rkowego ani innego urz\u0105dzenia elektronicznego.<\/li>\n<li><strong>Masz prawo do ochrony swojego wizerunku- nagrywanie d\u017awi\u0119ku i obrazu mo\u017ce si\u0119 odbywa\u0107 jedynie za zgod\u0105 Twoich opiekun\u00f3w\/rodzic\u00f3w.<\/strong><\/li>\n<\/ol>\n<p><span style=\"color: #ff0000;\"><strong>PAMI\u0118TAJ!!!<\/strong><\/span><\/p>\n<p><span style=\"color: #008000;\"><strong>KA\u017bDY ma prawo do poszanowania swojej godno\u015bci.<\/strong><\/span><\/p>\n<p><span style=\"color: #008000;\"><strong>Je\u015bli doznajesz krzywdy, to<\/strong><\/span><\/p>\n<p><span style=\"color: #008000;\"><strong>NATYCHMIAST<\/strong><\/span><\/p>\n<p><span style=\"color: #008000;\"><strong>Powiedz o tym komu\u015b doros\u0142emu.<\/strong><\/span><\/p>\n<p><strong>\u00a0<\/strong><\/p>\n<p><span style=\"color: #ff0000;\"><strong>Telefon Zaufania dla Dzieci i M\u0142odzie\u017cy 116\u00a0111<\/strong><\/span><\/p>\n<p><span style=\"color: #00ff00;\"><strong>Ca\u0142odobowa infolinia dla dzieci, m\u0142odzie\u017cy, rodzic\u00f3w i nauczycieli 800\u00a0080\u00a0222<\/strong><\/span><\/p>\n<p><span style=\"color: #33cccc;\"><strong>Ca\u0142odobowy Dzieci\u0119cy telefon Zaufania przy Rzeczniku Praw Dziecka 800 12 12 12<\/strong><\/span><\/p>\n<p><span style=\"color: #3366ff;\"><strong>Telefon zaufania dla dzieci w Bia\u0142ymstoku 85\u00a0742 56 40<\/strong><\/span><\/p>\n","protected":false},"excerpt":{"rendered":"<p>\u201eDziecko ma prawo by\u0107 sob\u0105. Ma prawo do pope\u0142niania b\u0142\u0119d\u00f3w. Ma prawo do posiadania w\u0142asnego zdania. Ma prawo do szacunku\u201d. Janusz Korczak STANDARDY OCHRONY DZIECI W O\u015aRODKU ADOPCYJNYMW BIA\u0141YMSTOKU ORAZ FILII W \u0141OM\u017bY &#8211; WERSJA DLA MA\u0141OLETNICH WPROWADZENIE Naczeln\u0105 zasad\u0105 wszystkich dzia\u0142a\u0144 podejmowanych przez pracownik\u00f3w Regionalnego O\u015brodka Polityki Spo\u0142ecznej w Bia\u0142ymstoku O\u015brodka Adopcyjnego w Bia\u0142ymstoku &hellip; <a href=\"https:\/\/rops-bialystok.pl\/adopcja\/index.php\/standardy-ochrony-dzieci\/standardy-ochrony-dzieci-wersja-dla-maloletnich\/\" class=\"more-link\">Continue reading<span class=\"screen-reader-text\"> &#8222;Standardy Ochrony Dzieci \u2013 wersja dla ma\u0142oletnich&#8221;<\/span><\/a><\/p>\n","protected":false},"author":1,"featured_media":0,"parent":4081,"menu_order":0,"comment_status":"closed","ping_status":"closed","template":"","meta":{"footnotes":""},"class_list":["post-4110","page","type-page","status-publish","hentry"],"_links":{"self":[{"href":"https:\/\/rops-bialystok.pl\/adopcja\/index.php\/wp-json\/wp\/v2\/pages\/4110","targetHints":{"allow":["GET"]}}],"collection":[{"href":"https:\/\/rops-bialystok.pl\/adopcja\/index.php\/wp-json\/wp\/v2\/pages"}],"about":[{"href":"https:\/\/rops-bialystok.pl\/adopcja\/index.php\/wp-json\/wp\/v2\/types\/page"}],"author":[{"embeddable":true,"href":"https:\/\/rops-bialystok.pl\/adopcja\/index.php\/wp-json\/wp\/v2\/users\/1"}],"replies":[{"embeddable":true,"href":"https:\/\/rops-bialystok.pl\/adopcja\/index.php\/wp-json\/wp\/v2\/comments?post=4110"}],"version-history":[{"count":4,"href":"https:\/\/rops-bialystok.pl\/adopcja\/index.php\/wp-json\/wp\/v2\/pages\/4110\/revisions"}],"predecessor-version":[{"id":4112,"href":"https:\/\/rops-bialystok.pl\/adopcja\/index.php\/wp-json\/wp\/v2\/pages\/4110\/revisions\/4112"}],"up":[{"embeddable":true,"href":"https:\/\/rops-bialystok.pl\/adopcja\/index.php\/wp-json\/wp\/v2\/pages\/4081"}],"wp:attachment":[{"href":"https:\/\/rops-bialystok.pl\/adopcja\/index.php\/wp-json\/wp\/v2\/media?parent=4110"}],"curies":[{"name":"wp","href":"https:\/\/api.w.org\/{rel}","templated":true}]}}