{"id":516,"date":"2012-05-25T14:18:22","date_gmt":"2012-05-25T13:18:22","guid":{"rendered":"http:\/\/www.rops-bialystok.pl\/andrzej\/?page_id=516"},"modified":"2012-05-25T14:18:22","modified_gmt":"2012-05-25T13:18:22","slug":"opieka-postadopcyjna","status":"publish","type":"page","link":"https:\/\/rops-bialystok.pl\/adopcja\/index.php\/opieka-postadopcyjna\/","title":{"rendered":"Opieka postadopcyjna"},"content":{"rendered":"<p><strong>GRUPA WSPARCIA DLA RODZIN ADOPCYJNYCH<\/strong><\/p>\n<p>Uczestnikiem mog\u0105 by\u0107 rodziny adopcyjne, kt\u00f3re przysposobi\u0142y dzieci za po\u015brednictwem naszego O\u015brodka i wyra\u017c\u0105 ch\u0119\u0107 uczestnictwa w grupie wsparcia.<\/p>\n<p style=\"text-align: justify;\">Grupa wsparcie s\u0142u\u017cy wspieraniu i integrowaniu rodzin adopcyjnych. Stanowi kontynuacj\u0119 procesu zdobywania wiedzy i kompetencji rodzicielskich rozpocz\u0119tego w okresie preadapcyjnym. Daje mo\u017cliwo\u015b\u0107 rozwijania ju\u017c nabytych umiej\u0119tno\u015bci, korzystania ze wsp\u00f3lnych do\u015bwiadcze\u0144 i wspierania si\u0119 w sytuacjach trudnych. W zwi\u0105zku z tym grupa wsparcia sama w sobie jest \u017ar\u00f3d\u0142em pomocy.<\/p>\n<p>Cele spotka\u0144:<\/p>\n<ul>\n<li>Integracja rodzin adopcyjnych poprzez\u00a0 budowanie przynale\u017cno\u015bci, zrozumienia i akceptacji.<\/li>\n<li>Mo\u017cliwo\u015b\u0107 uzyskania pomocy i wspierania w radzeniu sobie z problemami wynikaj\u0105cymi z funkcjonowania w roli rodzic\u00f3w adopcyjnych.<\/li>\n<li>Strategie rozwi\u0105zywania trudno\u015bci wychowawczych uwzgl\u0119dniaj\u0105cych specyfik\u0119 adopcji &#8211; psychoedukacja.<\/li>\n<li>Pog\u0142\u0119bianie kompetencji w\u0142asnych rodzin adopcyjnych.<\/li>\n<\/ul>\n<p>Formy i metody pracy:<\/p>\n<ul>\n<li>Praca z grup\u0105 uwzgl\u0119dniaj\u0105ca specyfik\u0119 pracy z grup\u0105.<\/li>\n<li>Metody pracy: dyskusja, burza m\u00f3zg\u00f3w, analiza przypadk\u00f3w.<\/li>\n<li>Elementy psychoedukacji i treningu umiej\u0119tno\u015bci wychowawczych, dostarczanie materia\u0142\u00f3w pogl\u0105dowych i literatury.<\/li>\n<\/ul>\n<p>&nbsp;<\/p>\n<p>&nbsp;<\/p>\n","protected":false},"excerpt":{"rendered":"<p>GRUPA WSPARCIA DLA RODZIN ADOPCYJNYCH Uczestnikiem mog\u0105 by\u0107 rodziny adopcyjne, kt\u00f3re przysposobi\u0142y dzieci za po\u015brednictwem naszego O\u015brodka i wyra\u017c\u0105 ch\u0119\u0107 uczestnictwa w grupie wsparcia. Grupa wsparcie s\u0142u\u017cy wspieraniu i integrowaniu rodzin adopcyjnych. Stanowi kontynuacj\u0119 procesu zdobywania wiedzy i kompetencji rodzicielskich rozpocz\u0119tego w okresie preadapcyjnym. Daje mo\u017cliwo\u015b\u0107 rozwijania ju\u017c nabytych umiej\u0119tno\u015bci, korzystania ze wsp\u00f3lnych do\u015bwiadcze\u0144 i &hellip; <a href=\"https:\/\/rops-bialystok.pl\/adopcja\/index.php\/opieka-postadopcyjna\/\" class=\"more-link\">Continue reading<span class=\"screen-reader-text\"> &#8222;Opieka postadopcyjna&#8221;<\/span><\/a><\/p>\n","protected":false},"author":2,"featured_media":0,"parent":0,"menu_order":4,"comment_status":"closed","ping_status":"closed","template":"","meta":{"footnotes":""},"class_list":["post-516","page","type-page","status-publish","hentry"],"_links":{"self":[{"href":"https:\/\/rops-bialystok.pl\/adopcja\/index.php\/wp-json\/wp\/v2\/pages\/516","targetHints":{"allow":["GET"]}}],"collection":[{"href":"https:\/\/rops-bialystok.pl\/adopcja\/index.php\/wp-json\/wp\/v2\/pages"}],"about":[{"href":"https:\/\/rops-bialystok.pl\/adopcja\/index.php\/wp-json\/wp\/v2\/types\/page"}],"author":[{"embeddable":true,"href":"https:\/\/rops-bialystok.pl\/adopcja\/index.php\/wp-json\/wp\/v2\/users\/2"}],"replies":[{"embeddable":true,"href":"https:\/\/rops-bialystok.pl\/adopcja\/index.php\/wp-json\/wp\/v2\/comments?post=516"}],"version-history":[{"count":0,"href":"https:\/\/rops-bialystok.pl\/adopcja\/index.php\/wp-json\/wp\/v2\/pages\/516\/revisions"}],"wp:attachment":[{"href":"https:\/\/rops-bialystok.pl\/adopcja\/index.php\/wp-json\/wp\/v2\/media?parent=516"}],"curies":[{"name":"wp","href":"https:\/\/api.w.org\/{rel}","templated":true}]}}

<p><strong>GRUPA WSPARCIA DLA RODZIN ADOPCYJNYCH</strong></p>
<p>Uczestnikiem mogą być rodziny adopcyjne, które przysposobiły dzieci za pośrednictwem naszego Ośrodka i wyrażą chęć uczestnictwa w grupie wsparcia.</p>
<p style="text-align: justify;">Grupa wsparcie służy wspieraniu i integrowaniu rodzin adopcyjnych. Stanowi kontynuację procesu zdobywania wiedzy i kompetencji rodzicielskich rozpoczętego w okresie preadapcyjnym. Daje możliwość rozwijania już nabytych umiejętności, korzystania ze wspólnych doświadczeń i wspierania się w sytuacjach trudnych. W związku z tym grupa wsparcia sama w sobie jest źródłem pomocy.</p>
<p>Cele spotkań:</p>
<ul>
<li>Integracja rodzin adopcyjnych poprzez  budowanie przynależności, zrozumienia i akceptacji.</li>
<li>Możliwość uzyskania pomocy i wspierania w radzeniu sobie z problemami wynikającymi z funkcjonowania w roli rodziców adopcyjnych.</li>
<li>Strategie rozwiązywania trudności wychowawczych uwzględniających specyfikę adopcji &#8211; psychoedukacja.</li>
<li>Pogłębianie kompetencji własnych rodzin adopcyjnych.</li>
</ul>
<p>Formy i metody pracy:</p>
<ul>
<li>Praca z grupą uwzględniająca specyfikę pracy z grupą.</li>
<li>Metody pracy: dyskusja, burza mózgów, analiza przypadków.</li>
<li>Elementy psychoedukacji i treningu umiejętności wychowawczych, dostarczanie materiałów poglądowych i literatury.</li>
</ul>
<p>&nbsp;</p>
<p>&nbsp;</p>

<p>GRUPA WSPARCIA DLA RODZIN ADOPCYJNYCH Uczestnikiem mogą być rodziny adopcyjne, które przysposobiły dzieci za pośrednictwem naszego Ośrodka i wyrażą chęć uczestnictwa w grupie wsparcia. Grupa wsparcie służy wspieraniu i integrowaniu rodzin adopcyjnych. Stanowi kontynuację procesu zdobywania wiedzy i kompetencji rodzicielskich rozpoczętego w okresie preadapcyjnym. Daje możliwość rozwijania już nabytych umiejętności, korzystania ze wspólnych doświadczeń i &hellip; <a href="https://rops-bialystok.pl/adopcja/index.php/opieka-postadopcyjna/" class="more-link">Continue reading<span class="screen-reader-text"> &#8222;Opieka postadopcyjna&#8221;</span></a></p>
