{"id":987,"date":"2012-02-13T13:11:03","date_gmt":"2012-02-13T12:11:03","guid":{"rendered":"http:\/\/www.rops-bialystok.pl\/andrzej\/?page_id=31"},"modified":"2024-03-21T12:15:02","modified_gmt":"2024-03-21T11:15:02","slug":"kto-moze-adoptowac","status":"publish","type":"page","link":"https:\/\/rops-bialystok.pl\/adopcja\/index.php\/niezbednik-adopcyjny\/kto-moze-adoptowac\/","title":{"rendered":"Kto mo\u017ce adoptowa\u0107 dziecko?"},"content":{"rendered":"<p style=\"text-align: left;\"><img loading=\"lazy\" decoding=\"async\" class=\"alignleft\" src=\"http:\/\/www.rops-bialystok.pl\/adopcja\/wp-content\/uploads\/2012\/05\/dziecko_z_rodzicami-e1337435558427.jpg\" alt=\"U\u015bmiechni\u0119ty ch\u0142opak trzyma za r\u0119ce rodzic\u00f3w\" width=\"300\" height=\"199\" \/><\/p>\n<p style=\"text-align: left;\">Przysposobi\u0107 dziecko mo\u017ce zar\u00f3wno ma\u0142\u017ce\u0144stwo jak i osoba samotna. Nie jest dopuszczalne wsp\u00f3lne przysposobienie dziecka przez osoby pozostaj\u0105ce ze sob\u0105 w zwi\u0105zku nieformalnym.<\/p>\n<p>&nbsp;<\/p>\n<p>&nbsp;<\/p>\n<p>&nbsp;<\/p>\n<p><strong>Kandydaci do przysposobienia dziecka powinni spe\u0142nia\u0107\u00a0 nast\u0119puj\u0105ce warunki<\/strong>:<\/p>\n<ul>\n<li>Posiada\u0107 pe\u0142n\u0105 zdolno\u015b\u0107 do czynno\u015bci prawnych.<\/li>\n<li style=\"text-align: justify;\">Posiada\u0107 dobry stan zdrowia psychicznego i fizycznego, pozwalaj\u0105cy na wype\u0142nianie r\u00f3l rodzicielskich i sprawowanie\u00a0 w\u0142a\u015bciwej opieki, udokumentowany \u00a0za\u015bwiadczeniami lekarskimi.<\/li>\n<li style=\"text-align: justify;\">Sytuacja materialno \u2013 bytowa i mieszkaniowa kandydat\u00f3w powinna gwarantowa\u0107 mo\u017cliwo\u015b\u0107 zabezpieczenia potrzeb i utrzymania \u00a0kolejnego cz\u0142onka\/ cz\u0142onk\u00f3w rodziny, co nale\u017cy udokumentowa\u0107 za\u015bwiadczeniami o dochodach.<\/li>\n<li style=\"text-align: justify;\">Kandydaci na rodzin\u0119 adopcyjn\u0105 nie mog\u0105 by\u0107 karani , co nale\u017cy udokumentowa\u0107 za\u015bwiadczeniem o niekaralno\u015bci z Krajowego Rejestru Karnego.<\/li>\n<li style=\"text-align: justify;\">Posiada\u0107 kwalifikacje osobiste uzasadniaj\u0105ce przekonanie, \u017ce b\u0119d\u0105 nale\u017cycie wywi\u0105zywa\u0107 si\u0119 z obowi\u0105zk\u00f3w rodzic\u00f3w adopcyjnych.<\/li>\n<li style=\"text-align: justify;\">Mi\u0119dzy przysposabiaj\u0105cymi a przysposabianym powinna istnie\u0107 odpowiednia r\u00f3\u017cnica wieku.<\/li>\n<\/ul>\n","protected":false},"excerpt":{"rendered":"<p>Przysposobi\u0107 dziecko mo\u017ce zar\u00f3wno ma\u0142\u017ce\u0144stwo jak i osoba samotna. Nie jest dopuszczalne wsp\u00f3lne przysposobienie dziecka przez osoby pozostaj\u0105ce ze sob\u0105 w zwi\u0105zku nieformalnym. &nbsp; &nbsp; &nbsp; Kandydaci do przysposobienia dziecka powinni spe\u0142nia\u0107\u00a0 nast\u0119puj\u0105ce warunki: Posiada\u0107 pe\u0142n\u0105 zdolno\u015b\u0107 do czynno\u015bci prawnych. Posiada\u0107 dobry stan zdrowia psychicznego i fizycznego, pozwalaj\u0105cy na wype\u0142nianie r\u00f3l rodzicielskich i sprawowanie\u00a0 w\u0142a\u015bciwej &hellip; <a href=\"https:\/\/rops-bialystok.pl\/adopcja\/index.php\/niezbednik-adopcyjny\/kto-moze-adoptowac\/\" class=\"more-link\">Continue reading<span class=\"screen-reader-text\"> &#8222;Kto mo\u017ce adoptowa\u0107 dziecko?&#8221;<\/span><\/a><\/p>\n","protected":false},"author":2,"featured_media":0,"parent":988,"menu_order":2,"comment_status":"closed","ping_status":"closed","template":"","meta":{"footnotes":""},"class_list":["post-987","page","type-page","status-publish","hentry"],"_links":{"self":[{"href":"https:\/\/rops-bialystok.pl\/adopcja\/index.php\/wp-json\/wp\/v2\/pages\/987","targetHints":{"allow":["GET"]}}],"collection":[{"href":"https:\/\/rops-bialystok.pl\/adopcja\/index.php\/wp-json\/wp\/v2\/pages"}],"about":[{"href":"https:\/\/rops-bialystok.pl\/adopcja\/index.php\/wp-json\/wp\/v2\/types\/page"}],"author":[{"embeddable":true,"href":"https:\/\/rops-bialystok.pl\/adopcja\/index.php\/wp-json\/wp\/v2\/users\/2"}],"replies":[{"embeddable":true,"href":"https:\/\/rops-bialystok.pl\/adopcja\/index.php\/wp-json\/wp\/v2\/comments?post=987"}],"version-history":[{"count":8,"href":"https:\/\/rops-bialystok.pl\/adopcja\/index.php\/wp-json\/wp\/v2\/pages\/987\/revisions"}],"predecessor-version":[{"id":4034,"href":"https:\/\/rops-bialystok.pl\/adopcja\/index.php\/wp-json\/wp\/v2\/pages\/987\/revisions\/4034"}],"up":[{"embeddable":true,"href":"https:\/\/rops-bialystok.pl\/adopcja\/index.php\/wp-json\/wp\/v2\/pages\/988"}],"wp:attachment":[{"href":"https:\/\/rops-bialystok.pl\/adopcja\/index.php\/wp-json\/wp\/v2\/media?parent=987"}],"curies":[{"name":"wp","href":"https:\/\/api.w.org\/{rel}","templated":true}]}}

Kto może adoptować dziecko?

<p style="text-align: left;"><img loading="lazy" decoding="async" class="alignleft" src="http://www.rops-bialystok.pl/adopcja/wp-content/uploads/2012/05/dziecko_z_rodzicami-e1337435558427.jpg" alt="Uśmiechnięty chłopak trzyma za ręce rodziców" width="300" height="199" /></p>
<p style="text-align: left;">Przysposobić dziecko może zarówno małżeństwo jak i osoba samotna. Nie jest dopuszczalne wspólne przysposobienie dziecka przez osoby pozostające ze sobą w związku nieformalnym.</p>
<p>&nbsp;</p>
<p>&nbsp;</p>
<p>&nbsp;</p>
<p><strong>Kandydaci do przysposobienia dziecka powinni spełniać  następujące warunki</strong>:</p>
<ul>
<li>Posiadać pełną zdolność do czynności prawnych.</li>
<li style="text-align: justify;">Posiadać dobry stan zdrowia psychicznego i fizycznego, pozwalający na wypełnianie ról rodzicielskich i sprawowanie  właściwej opieki, udokumentowany  zaświadczeniami lekarskimi.</li>
<li style="text-align: justify;">Sytuacja materialno – bytowa i mieszkaniowa kandydatów powinna gwarantować możliwość zabezpieczenia potrzeb i utrzymania  kolejnego członka/ członków rodziny, co należy udokumentować zaświadczeniami o dochodach.</li>
<li style="text-align: justify;">Kandydaci na rodzinę adopcyjną nie mogą być karani , co należy udokumentować zaświadczeniem o niekaralności z Krajowego Rejestru Karnego.</li>
<li style="text-align: justify;">Posiadać kwalifikacje osobiste uzasadniające przekonanie, że będą należycie wywiązywać się z obowiązków rodziców adopcyjnych.</li>
<li style="text-align: justify;">Między przysposabiającymi a przysposabianym powinna istnieć odpowiednia różnica wieku.</li>
</ul>

<p>Przysposobić dziecko może zarówno małżeństwo jak i osoba samotna. Nie jest dopuszczalne wspólne przysposobienie dziecka przez osoby pozostające ze sobą w związku nieformalnym. &nbsp; &nbsp; &nbsp; Kandydaci do przysposobienia dziecka powinni spełniać  następujące warunki: Posiadać pełną zdolność do czynności prawnych. Posiadać dobry stan zdrowia psychicznego i fizycznego, pozwalający na wypełnianie ról rodzicielskich i sprawowanie  właściwej &hellip; <a href="https://rops-bialystok.pl/adopcja/index.php/niezbednik-adopcyjny/kto-moze-adoptowac/" class="more-link">Continue reading<span class="screen-reader-text"> &#8222;Kto może adoptować dziecko?&#8221;</span></a></p>
