{"id":7251,"date":"2020-02-04T14:36:20","date_gmt":"2020-02-04T13:36:20","guid":{"rendered":"http:\/\/www.rops-bialystok.pl\/andrzej3\/?page_id=7251"},"modified":"2023-05-15T09:05:46","modified_gmt":"2023-05-15T07:05:46","slug":"regulaminy","status":"publish","type":"page","link":"https:\/\/rops-bialystok.pl\/andrzej3\/?page_id=7251","title":{"rendered":"Regulaminy"},"content":{"rendered":"<h2><strong><span style=\"font-size: 12pt; color: #000000;\">Do pobrania:<\/span><\/strong><\/h2>\r\n<ul>\r\n<li><a href=\"http:\/\/www.rops-bialystok.pl\/andrzej3\/wp-content\/uploads\/2023\/05\/Regulamin-Rekrutacji-do-Projektu-i-Wizyt-Studyjnych.pdf\" class=\"mtli_attachment mtli_pdf\"><strong><span style=\"font-size: 1.3em;\">Regulamin rekrutacji i udzia\u0142u w projekcie (PDF)<\/span><\/strong><\/a><\/li>\r\n<li><a href=\"http:\/\/www.rops-bialystok.pl\/andrzej3\/wp-content\/uploads\/2023\/05\/Regulamin-Rekrutacji-do-Projektu-i-Wizyt-Studyjnych.docx\" class=\"mtli_attachment mtli_docx\"><strong><span style=\"font-size: 1.3em;\">Regulamin rekrutacji i udzia\u0142u w projekcie<\/span><\/strong><\/a>\r\n<ul>\r\n<li><a href=\"http:\/\/www.rops-bialystok.pl\/andrzej3\/wp-content\/uploads\/2023\/05\/Zalacznik-1-Karta-zgloszeniowa-Targi.docx\" class=\"mtli_attachment mtli_docx\">Za\u0142\u0105cznik nr 1 &#8211; Karta zg\u0142oszeniowa<\/a><\/li>\r\n<li><a href=\"http:\/\/www.rops-bialystok.pl\/andrzej3\/wp-content\/uploads\/2023\/05\/Zalacznik-2-Deklaracje-Uczestnika-i-Instytucji.docx\" class=\"mtli_attachment mtli_docx\">Za\u0142\u0105cznik nr 2 &#8211; Deklaracje uczestnika i instytucji<\/a><\/li>\r\n<li><a href=\"http:\/\/www.rops-bialystok.pl\/andrzej3\/wp-content\/uploads\/2023\/05\/Zalacznik-3-Oswiadczenie.docx\" class=\"mtli_attachment mtli_docx\">Za\u0142\u0105cznik nr 3 &#8211; O\u015bwiadczenie<\/a><\/li>\r\n<li><a href=\"http:\/\/www.rops-bialystok.pl\/andrzej3\/wp-content\/uploads\/2023\/05\/Zalacznik-4-Karta-zgloszeniowa-wizyta-studyjna.docx\" class=\"mtli_attachment mtli_docx\">Za\u0142\u0105cznik nr 4 &#8211; Karta zg\u0142oszeniowa na wizyt\u0119 studyjn\u0105<\/a><\/li>\r\n<li><a href=\"http:\/\/www.rops-bialystok.pl\/andrzej3\/wp-content\/uploads\/2023\/05\/Zalacznik-5-Zgoda-dane-osobowe-media.docx\" class=\"mtli_attachment mtli_docx\">Za\u0142\u0105cznik nr 5 &#8211; Zgoda na przetwarzanie danych osobowych i wykorzystanie wizerunku<\/a><\/li>\r\n<\/ul>\r\n<\/li>\r\n<\/ul>\r\n<p>&nbsp;<\/p>\r\n<p style=\"text-align: center;\"><a href='http:\/\/www.rops-bialystok.pl\/andrzej3\/?p=4538(opens in a new tab)' onclick='' class='wpi_designer_button   wpi_shadow wpi_shadow_1px wpi_text_shadow_no wpi_texture_no wpi_border_all wpi_padding_10px wpi_5px wpi_designer_button_5076 wpi_icon wpi_icon_no wpi_icon_left  ' target='' rel=''><i class=''><\/i><span class='wpi_text'>Archiwalne regulaminy<\/span><\/a><\/p>\r\n<!-- \/wp:shortcode -->\r\n\r\n<!-- wp:paragraph --><!-- \/wp:paragraph -->","protected":false},"excerpt":{"rendered":"<p>Do pobrania: Regulamin rekrutacji i udzia\u0142u w projekcie (PDF) Regulamin rekrutacji i udzia\u0142u w projekcie Za\u0142\u0105cznik nr 1 &#8211; Karta zg\u0142oszeniowa Za\u0142\u0105cznik nr 2 &#8211; Deklaracje uczestnika i instytucji Za\u0142\u0105cznik nr 3 &#8211; O\u015bwiadczenie Za\u0142\u0105cznik nr 4 &#8211; Karta zg\u0142oszeniowa na wizyt\u0119 studyjn\u0105 Za\u0142\u0105cznik nr 5 &#8211; Zgoda na przetwarzanie danych osobowych i wykorzystanie wizerunku [&hellip;]<\/p>\n","protected":false},"author":12,"featured_media":0,"parent":0,"menu_order":0,"comment_status":"closed","ping_status":"closed","template":"","meta":{"footnotes":""},"class_list":["post-7251","page","type-page","status-publish","hentry"],"_links":{"self":[{"href":"https:\/\/rops-bialystok.pl\/andrzej3\/index.php?rest_route=\/wp\/v2\/pages\/7251","targetHints":{"allow":["GET"]}}],"collection":[{"href":"https:\/\/rops-bialystok.pl\/andrzej3\/index.php?rest_route=\/wp\/v2\/pages"}],"about":[{"href":"https:\/\/rops-bialystok.pl\/andrzej3\/index.php?rest_route=\/wp\/v2\/types\/page"}],"author":[{"embeddable":true,"href":"https:\/\/rops-bialystok.pl\/andrzej3\/index.php?rest_route=\/wp\/v2\/users\/12"}],"replies":[{"embeddable":true,"href":"https:\/\/rops-bialystok.pl\/andrzej3\/index.php?rest_route=%2Fwp%2Fv2%2Fcomments&post=7251"}],"version-history":[{"count":23,"href":"https:\/\/rops-bialystok.pl\/andrzej3\/index.php?rest_route=\/wp\/v2\/pages\/7251\/revisions"}],"predecessor-version":[{"id":9327,"href":"https:\/\/rops-bialystok.pl\/andrzej3\/index.php?rest_route=\/wp\/v2\/pages\/7251\/revisions\/9327"}],"wp:attachment":[{"href":"https:\/\/rops-bialystok.pl\/andrzej3\/index.php?rest_route=%2Fwp%2Fv2%2Fmedia&parent=7251"}],"curies":[{"name":"wp","href":"https:\/\/api.w.org\/{rel}","templated":true}]}}