{"id":741,"date":"2012-11-18T14:41:01","date_gmt":"2012-11-18T13:41:01","guid":{"rendered":"http:\/\/www.rops-bialystok.pl\/andrzej3\/?page_id=741"},"modified":"2023-04-07T09:53:38","modified_gmt":"2023-04-07T07:53:38","slug":"plan-rozwoju-es","status":"publish","type":"page","link":"https:\/\/rops-bialystok.pl\/andrzej3\/?page_id=741","title":{"rendered":"Plan rozwoju Ekonomii Spo\u0142ecznej"},"content":{"rendered":"<div class='pfpItem entry-content'><h4 class='entry-title'><a href='https:\/\/rops-bialystok.pl\/andrzej3\/?p=7795'>\"Wieloletni Program Rozwoju Ekonomii Spo\u0142ecznej w wojew\u00f3dztwie podlaskim do roku 2027. Ekonomia Solidarno\u015bci Spo\u0142ecznej\u201d<\/a><\/h4>Regionalny O\u015brodek Polityki Spo\u0142ecznej w Bia\u0142ymstoku informuje, i\u017c w dniu 29 marca 2021 r. Uchwa\u0142\u0105 Nr XXVIII\/366\/2021 Sejmiku Wojew\u00f3dztwa Podlaskiego przyj\u0119to dokument \u201eWieloletniego Programu Rozwoju Ekonomii Spo\u0142ecznej w wojew\u00f3dztwie podlaskim do roku 2027. Ekonomia Solidarno\u015bci Spo\u0142ecznej\u201d. Jest to dokument strategiczny, kt\u00f3ry diagnozuje problemy oraz wyznacza podstawowe kierunki dzia\u0142a\u0144 w wojew\u00f3dztwie podlaskim, maj\u0105ce na celu rozw\u00f3j [&hellip;]<a href='https:\/\/rops-bialystok.pl\/andrzej3\/?p=7795' class='pfpReadMore'> Czytaj ca\u0142o\u015b\u0107<\/a><div class='clear'><\/div><br><hr><\/div><div class='pfpItem entry-content'><h4 class='entry-title'><a href='https:\/\/rops-bialystok.pl\/andrzej3\/?p=2307'>Regionalny O\u015brodek Polityki Spo\u0142ecznej w Bia\u0142ymstoku informuje, \u017ce Uchwa\u0142\u0105 Nr XXIV\/289\/12 SEJMIKU WOJEW\u00d3DZTWA PODLASKIEGO z dnia 21 grudnia 2012 roku przyj\u0119to \"Wieloletni plan rozwoju ekonomii spo\u0142ecznej w wojew\u00f3dztwie podlaskim na lata 2013-2020\"<\/a><\/h4>Regionalny O\u015brodek Polityki Spo\u0142ecznej w Bia\u0142ymstoku informuje, \u017ce Uchwa\u0142\u0105 Nr XXIV\/289\/12 SEJMIKU WOJEW\u00d3DZTWA PODLASKIEGO z dnia 21 grudnia 2012 roku przyj\u0119to &#8222;Wieloletni plan rozwoju ekonomii spo\u0142ecznej w wojew\u00f3dztwie podlaskim na lata 2013-2020&#8221;. Poni\u017cej przedstawiamy przyj\u0119ty dokument. Dokument do pobrania: Wieloletni plan rozwoju ekonomii spo\u0142ecznej w wojew\u00f3dztwie podlaskim na lata 2013-2020<a href='https:\/\/rops-bialystok.pl\/andrzej3\/?p=2307' class='pfpReadMore'> Czytaj ca\u0142o\u015b\u0107<\/a><div class='clear'><\/div><br><hr><\/div><div class='pfpItem entry-content'><h4 class='entry-title'><a href='https:\/\/rops-bialystok.pl\/andrzej3\/?p=691'>Sprawozdanie z przeprowadzonych konsultacji spo\u0142ecznych<\/a><\/h4>Regionalny O\u015brodek Polityki Spo\u0142ecznej w Bia\u0142ymstoku przedstawia sprawozdanie z przeprowadzonych w terminie od 15 pa\u017adziernika 2012 r. do 28 pa\u017adziernika 2012 r. konsultacji spo\u0142ecznych Wieloletniego Programu Rozwoju Ekonomii Spo\u0142ecznej w Wojew\u00f3dztwie Podlaskim na lata 2013-2020. Plik do pobrania: Sprawozdanie z przeprowadzonych konsultacji spo\u0142ecznych<a href='https:\/\/rops-bialystok.pl\/andrzej3\/?p=691' class='pfpReadMore'> Czytaj ca\u0142o\u015b\u0107<\/a><div class='clear'><\/div><br><hr><\/div><div class='pfpItem entry-content'><h4 class='entry-title'><a href='https:\/\/rops-bialystok.pl\/andrzej3\/?p=542'>Konsultacje spo\u0142eczne projektu Wieloletniego Programu Rozwoju Ekonomii Spo\u0142ecznej w Wojew\u00f3dztwie Podlaskim na lata 2013-2020<\/a><\/h4>Wieloletni Program Rozwoju Ekonomii Spo\u0142ecznej w Wojew\u00f3dztwie Podlaskim na lata 2013-2020 ma by\u0107 jednym z program\u00f3w rozwojowych wojew\u00f3dztwa podlaskiego, kt\u00f3ry pos\u0142u\u017cy koordynacji regionalnej polityki na rzecz ekonomii spo\u0142ecznej. Przedstawiany projekt Programu zosta\u0142 przygotowany zgodnie z Wytycznymi Ministra Pracy i Polityki Spo\u0142ecznej z dnia 17 maja 2011 r. przez Zesp\u00f3\u0142 ds. Opracowania Wieloletniego Planu Rozwoju Ekonomii [&hellip;]<a href='https:\/\/rops-bialystok.pl\/andrzej3\/?p=542' class='pfpReadMore'> Czytaj ca\u0142o\u015b\u0107<\/a><div class='clear'><\/div><br><hr><\/div>\n","protected":false},"excerpt":{"rendered":"","protected":false},"author":12,"featured_media":0,"parent":0,"menu_order":0,"comment_status":"closed","ping_status":"closed","template":"","meta":{"footnotes":""},"class_list":["post-741","page","type-page","status-publish","hentry"],"_links":{"self":[{"href":"https:\/\/rops-bialystok.pl\/andrzej3\/index.php?rest_route=\/wp\/v2\/pages\/741","targetHints":{"allow":["GET"]}}],"collection":[{"href":"https:\/\/rops-bialystok.pl\/andrzej3\/index.php?rest_route=\/wp\/v2\/pages"}],"about":[{"href":"https:\/\/rops-bialystok.pl\/andrzej3\/index.php?rest_route=\/wp\/v2\/types\/page"}],"author":[{"embeddable":true,"href":"https:\/\/rops-bialystok.pl\/andrzej3\/index.php?rest_route=\/wp\/v2\/users\/12"}],"replies":[{"embeddable":true,"href":"https:\/\/rops-bialystok.pl\/andrzej3\/index.php?rest_route=%2Fwp%2Fv2%2Fcomments&post=741"}],"version-history":[{"count":5,"href":"https:\/\/rops-bialystok.pl\/andrzej3\/index.php?rest_route=\/wp\/v2\/pages\/741\/revisions"}],"predecessor-version":[{"id":9271,"href":"https:\/\/rops-bialystok.pl\/andrzej3\/index.php?rest_route=\/wp\/v2\/pages\/741\/revisions\/9271"}],"wp:attachment":[{"href":"https:\/\/rops-bialystok.pl\/andrzej3\/index.php?rest_route=%2Fwp%2Fv2%2Fmedia&parent=741"}],"curies":[{"name":"wp","href":"https:\/\/api.w.org\/{rel}","templated":true}]}}