{"id":748,"date":"2012-11-18T14:43:16","date_gmt":"2012-11-18T13:43:16","guid":{"rendered":"http:\/\/www.rops-bialystok.pl\/andrzej3\/?page_id=748"},"modified":"2023-04-07T10:00:28","modified_gmt":"2023-04-07T08:00:28","slug":"dobre-praktyki","status":"publish","type":"page","link":"https:\/\/rops-bialystok.pl\/andrzej3\/?page_id=748","title":{"rendered":"Dobre praktyki"},"content":{"rendered":"<div class='pfpItem entry-content'><h4 class='entry-title'><a href='https:\/\/rops-bialystok.pl\/andrzej3\/?p=5700'>Kolejna certyfikacja podmiot\u00f3w ekonomii spo\u0142ecznej znakiem jako\u015bci \"Zakup Prospo\u0142eczny\"<\/a><\/h4><img decoding=\"async\" src=\"https:\/\/rops-bialystok.pl\/andrzej3\/wp-content\/uploads\/2017\/12\/IMG_4111-150x150.jpg\" \/>W dniu 14.12.2017 r. odby\u0142a si\u0119 trzecia Gala &#8222;Zakup Prospo\u0142eczny&#8221; organizowana przez Regionalny O\u015brodek Polityki Spo\u0142ecznej w Bia\u0142ymstoku. Tym razem Podlaska Kapitu\u0142a Certyfikuj\u0105ca przyzna\u0142a mo\u017cliwo\u015b\u0107 pos\u0142ugiwania si\u0119 certyfikatem 3 Zak\u0142adom Aktywno\u015bci Zawodowej. Opr\u00f3cz ceremonii wr\u0119czenia certyfikat\u00f3w odby\u0142a si\u0119 r\u00f3wnie\u017c cze\u015b\u0107 merytoryczna. Pani El\u017cbieta \u017bukowska-Bubienko ze Stowarzyszenia &#8222;Ku Dobrej Nadziei&#8221; oraz Pan Jacek Bykowski z Fundacji [&hellip;]<a href='https:\/\/rops-bialystok.pl\/andrzej3\/?p=5700' class='pfpReadMore'> Czytaj ca\u0142o\u015b\u0107<\/a><div class='clear'><\/div><br><hr><\/div><div class='pfpItem entry-content'><h4 class='entry-title'><a href='https:\/\/rops-bialystok.pl\/andrzej3\/?p=4863'>Nowe podmioty ekonomii spo\u0142ecznej certyfikowane Znakiem Jako\u015bci \u201eZakup Prospo\u0142eczny\u201d<\/a><\/h4><img decoding=\"async\" src=\"https:\/\/rops-bialystok.pl\/andrzej3\/wp-content\/uploads\/2016\/12\/IMG_5816-150x150.jpg\" \/>&nbsp; &nbsp; W dniu 16 grudnia 2016 roku podczas Gali \u201eZakupu Prospo\u0142ecznego\u201d zosta\u0142y certyfikowane kolejne podmioty ekonomii spo\u0142ecznej z wojew\u00f3dztwa podlaskiego. Do certyfikowanych w poprzednich latach trzech podmiot\u00f3w tj. Sp\u00f3\u0142dzielni Socjalnej Alexis, Sp\u00f3\u0142dzielni Socjalnej Delta oraz Sp\u00f3\u0142dzielni Socjalnej Netlajt do\u0142\u0105czy\u0142o kolejnych pi\u0119\u0107. W tym roku mo\u017cliwo\u015b\u0107 pos\u0142ugiwania si\u0119 certyfikatem jako\u015bci \u201eZnak Prospo\u0142eczny\u201d otrzyma\u0142y poni\u017csze podmioty [&hellip;]<a href='https:\/\/rops-bialystok.pl\/andrzej3\/?p=4863' class='pfpReadMore'> Czytaj ca\u0142o\u015b\u0107<\/a><div class='clear'><\/div><br><hr><\/div><div class='pfpItem entry-content'><h4 class='entry-title'><a href='https:\/\/rops-bialystok.pl\/andrzej3\/?p=4277'>Prezentacja Podmiot\u00f3w Ekonomii Spo\u0142ecznej wyr\u00f3\u017cnionych Certyfikatem:  Zakup Prospo\u0142eczny<\/a><\/h4><img decoding=\"async\" src=\"https:\/\/rops-bialystok.pl\/andrzej3\/wp-content\/uploads\/2015\/02\/alexis-150x150.jpg\" \/>W grudniu poprzedniego roku podczas seminarium po\u015bwi\u0119conemu ekonomii spo\u0142ecznej odby\u0142a si\u0119 uroczysto\u015b\u0107 wr\u0119czenia certyfikat\u00f3w jako\u015bci \u201eZakup Prospo\u0142eczny\u201d. W zwi\u0105zku z powy\u017cszym chcieliby\u015bmy przybli\u017cy\u0107 Pa\u0144stwu podmioty ekonomii spo\u0142ecznej, kt\u00f3re pos\u0142uguj\u0105 si\u0119 przyznanym Znakiem. &nbsp; Sp\u00f3\u0142dzielnia Socjalna Netlajt 29 wrze\u015bnia 2012 r. w \u0141om\u017cy pi\u0105tka os\u00f3b aktywnie poszukuj\u0105cych miejsca na \u0142om\u017cy\u0144skim rynku pracy uzyskuje wpis\u00a0w Krajowym Rejestrze [&hellip;]<a href='https:\/\/rops-bialystok.pl\/andrzej3\/?p=4277' class='pfpReadMore'> Czytaj ca\u0142o\u015b\u0107<\/a><div class='clear'><\/div><br><hr><\/div><div class='pfpItem entry-content'><h4 class='entry-title'><a href='https:\/\/rops-bialystok.pl\/andrzej3\/?p=4118'>Dzia\u0142ania OWES w Suwa\u0142kach<\/a><\/h4><img decoding=\"async\" src=\"https:\/\/rops-bialystok.pl\/andrzej3\/wp-content\/uploads\/2014\/07\/4-150x150.jpg\" \/>Sp\u00f3\u0142dzielnie socjalne jako przedsi\u0119biorstwa spo\u0142eczne stanowi\u0105 jedn\u0105 z podstawowych form dzia\u0142alno\u015bci, promowanych przez ekonomi\u0119 spo\u0142eczn\u0105. Dotychczasowe do\u015bwiadczenie wskazuje, \u017ce podejmowane przez nie inicjatywy przynosz\u0105 wiele wszechstronnych korzy\u015bci jednostkom anga\u017cuj\u0105cym si\u0119 w realizacj\u0119 bie\u017c\u0105cych zada\u0144. Sp\u00f3\u0142dzielnie odgrywaj\u0105 powa\u017cn\u0105 rol\u0119 w procesie integracji z rynkiem pracy i spo\u0142eczno\u015bci\u0105 lokaln\u0105 os\u00f3b dotkni\u0119tych wykluczeniem spo\u0142ecznym (bezrobotnych, niepe\u0142nosprawnych, uzale\u017cnionych, chorych [&hellip;]<a href='https:\/\/rops-bialystok.pl\/andrzej3\/?p=4118' class='pfpReadMore'> Czytaj ca\u0142o\u015b\u0107<\/a><div class='clear'><\/div><br><hr><\/div><div class='pfpItem entry-content'><h4 class='entry-title'><a href='https:\/\/rops-bialystok.pl\/andrzej3\/?p=3778'>Sp\u00f3\u0142dzielnia Socjalna \u201eRazem\u201d<\/a><\/h4><img decoding=\"async\" src=\"https:\/\/rops-bialystok.pl\/andrzej3\/wp-content\/uploads\/2013\/11\/SAM_2182-150x150.jpg\" \/>Sp\u00f3\u0142dzielnia Socjalna \u201eRazem\u201d z Turo\u015bni Ko\u015bcielnej jest pierwszym tego typu podmiotem w gminie. Podstawowymi za\u0142o\u017ceniami dzia\u0142alno\u015bci sp\u00f3\u0142dzielni s\u0105: tworzenie stabilnych miejsc pracy, \u015bwiadczenie fachowych i rzetelnych us\u0142ug, bezpiecze\u0144stwo socjalne pracownik\u00f3w, \u00a0tworzenie miejsc pracy dla os\u00f3b wykluczonych spo\u0142ecznie, spo\u0142eczny rozw\u00f3j gminy i regionu. Sp\u00f3\u0142dzielnia us\u0142ugowa, \u015bwiadczy us\u0142ugi opieku\u0144cze nad osobami starszymi i niepe\u0142nosprawnymi oraz us\u0142ugi sprz\u0105tania [&hellip;]<a href='https:\/\/rops-bialystok.pl\/andrzej3\/?p=3778' class='pfpReadMore'> Czytaj ca\u0142o\u015b\u0107<\/a><div class='clear'><\/div><br><hr><\/div><div class='pfpItem entry-content'><h4 class='entry-title'><a href='https:\/\/rops-bialystok.pl\/andrzej3\/?p=3656'>Sp\u00f3\u0142dzielnia Socjalna \u201ePoezja Smaku\u201d<\/a><\/h4><img decoding=\"async\" src=\"https:\/\/rops-bialystok.pl\/andrzej3\/wp-content\/uploads\/2013\/10\/100_5876-1-150x150.jpg\" \/>Pomys\u0142 na stworzenie sp\u00f3\u0142dzielni powsta\u0142\u00a0 w marcu 2012r, kiedy dowiedziano si\u0119 o projekcie kt\u00f3ry by\u0142 prowadzony przez Zwi\u0105zek M\u0142odzie\u017cy Wiejskiej. Natomiast pomys\u0142, \u017ce to b\u0119d\u0105 us\u0142ugi cateringowe zrodzi\u0142 si\u0119 z zainteresowa\u0144 kulinarnych, jak\u00a0 i z przeprowadzonych bada\u0144 rynku. Sp\u00f3\u0142dzielnia Socjalna \u201ePOEZJA SMAKU\u201d jest przedsi\u0119biorstwem us\u0142ugowo \u2013 handlowym w zakresie dzia\u0142alno\u015bci gastronomicznej. Podstawow\u0105 dzia\u0142alno\u015bci\u0105 Sp\u00f3\u0142dzielni Socjalnej [&hellip;]<a href='https:\/\/rops-bialystok.pl\/andrzej3\/?p=3656' class='pfpReadMore'> Czytaj ca\u0142o\u015b\u0107<\/a><div class='clear'><\/div><br><hr><\/div><div class='pfpItem entry-content'><h4 class='entry-title'><a href='https:\/\/rops-bialystok.pl\/andrzej3\/?p=3600'>Sp\u00f3\u0142dzielnia Socjalna \"Marzenie\"<\/a><\/h4><img decoding=\"async\" src=\"https:\/\/rops-bialystok.pl\/andrzej3\/wp-content\/uploads\/2013\/09\/Nowy-obraz-150x150.jpg\" \/>Sp\u00f3\u0142dzielnia socjalna &#8222;Marzenie&#8221;, zawi\u0105za\u0142a si\u0119 w 2013 roku w Suwa\u0142kach z inicjatywy 5-ga pedagog\u00f3w.\u00a0 Nazwa sp\u00f3\u0142dzielni &#8211; &#8222;Marzenie&#8221;\u00a0 wywodzi si\u0119 z ch\u0119ci pracy z dzie\u0107mi, spe\u0142nienia marze\u0144 zwi\u0105zanych z codzienn\u0105 wsp\u00f3\u0142prac\u0105 , zabaw\u0105, pomoc\u0105 opieku\u0144czo &#8211; wychowawcz\u0105 i zaj\u0119ciami z najm\u0142odszymi. W wakacje 2013 roku otworzyli klub dzieci\u0119cy KRECIK, kt\u00f3ry skupia\u00a0 dzieci od 1 do [&hellip;]<a href='https:\/\/rops-bialystok.pl\/andrzej3\/?p=3600' class='pfpReadMore'> Czytaj ca\u0142o\u015b\u0107<\/a><div class='clear'><\/div><br><hr><\/div><div class='pfpItem entry-content'><h4 class='entry-title'><a href='https:\/\/rops-bialystok.pl\/andrzej3\/?p=3454'>KRAINA S\u0141OWIAN -  wioska tematyczna<\/a><\/h4><img decoding=\"async\" src=\"https:\/\/rops-bialystok.pl\/andrzej3\/wp-content\/uploads\/2013\/08\/image001-150x150.jpg\" \/>Z inicjatywy Gminy Dobrzyniewo Du\u017ce przy wsp\u00f3\u0142pracy Forum Inicjatyw Rozwojowych w Bia\u0142ymstoku\u00a0 powsta\u0142 projekt \u201eGmina Dobrzyniewo Du\u017ce \u2013 innowacyjne rozwi\u0105zania na rzecz integracji spo\u0142ecznej mieszka\u0144c\u00f3w\u201d. We wrze\u015bniu 2008 r. mieszka\u0144cy gminy uczestniczyli w wyje\u017adzie szkoleniowym do wiosek tematycznych w wojew\u00f3dztwie zachodniopomorskim. Pierwsze szkice ofert \u201ewsi tematycznych\u201d powsta\u0142y na szkoleniu z zakresu specjalizacji wsi tematycznej i [&hellip;]<a href='https:\/\/rops-bialystok.pl\/andrzej3\/?p=3454' class='pfpReadMore'> Czytaj ca\u0142o\u015b\u0107<\/a><div class='clear'><\/div><br><hr><\/div><div class='pfpItem entry-content'><h4 class='entry-title'><a href='https:\/\/rops-bialystok.pl\/andrzej3\/?p=3396'>Fundacja Edukacji i Tw\u00f3rczo\u015bci<\/a><\/h4><img decoding=\"async\" src=\"https:\/\/rops-bialystok.pl\/andrzej3\/wp-content\/uploads\/2013\/08\/budynek_CIS-150x150.jpg\" \/>Fundacja Edukacji i Tw\u00f3rczo\u015bci realizuje swoje cele w oparciu o chrze\u015bcija\u0144sk\u0105 koncepcj\u0119 cz\u0142owieka i \u015bwiata oraz poprzez rozwijanie i upowszechnianie mentoringu i wolontariatu. Dzia\u0142ania Fundacji skierowane s\u0105 do wszystkich os\u00f3b bez wzgl\u0119du na wyznanie, narodowo\u015b\u0107 czy \u015bwiatopogl\u0105d. W oparciu o Ustaw\u0119 o zatrudnieniu socjalnym z 2003 i decyzji Wojewody Podlaskiego z dnia 26 pa\u017adziernika 2011r. [&hellip;]<a href='https:\/\/rops-bialystok.pl\/andrzej3\/?p=3396' class='pfpReadMore'> Czytaj ca\u0142o\u015b\u0107<\/a><div class='clear'><\/div><br><hr><\/div><div class='pfpItem entry-content'><h4 class='entry-title'><a href='https:\/\/rops-bialystok.pl\/andrzej3\/?p=3382'>Sp\u00f3\u0142dzielnia Socjalna \"eSSkapada\" - Okiem Podlaskiego Sp\u00f3\u0142dzielcy<\/a><\/h4><img decoding=\"async\" src=\"https:\/\/rops-bialystok.pl\/andrzej3\/wp-content\/uploads\/2013\/08\/fot_1-150x150.jpg\" \/>Katarzyna Kamecka-Lach Prezes Sp\u00f3\u0142dzielni Socjalnej \u201eeSSkapada\u201d Przedsi\u0119biorczo\u015b\u0107 spo\u0142eczna dopiero \u201ekie\u0142kuje\u201d na Podlasiu. Jak dot\u0105d, jedynie w okolicach \u0141om\u017cy znalaz\u0142a ona doskona\u0142e warunki dla rozwoju i sp\u00f3\u0142dzielnie socjalne powstaj\u0105 tam jedna za drug\u0105. Reszta regionu podejmuje pierwsze pr\u00f3by, eksperymentuje, uczy si\u0119 tej nowej formy prowadzenia biznesu. Biznesu szczeg\u00f3lnego, w kt\u00f3rym cel spo\u0142eczny stawiany jest ponad zyskiem [&hellip;]<a href='https:\/\/rops-bialystok.pl\/andrzej3\/?p=3382' class='pfpReadMore'> Czytaj ca\u0142o\u015b\u0107<\/a><div class='clear'><\/div><br><hr><\/div><div class='pfpItem entry-content'><h4 class='entry-title'><a href='https:\/\/rops-bialystok.pl\/andrzej3\/?p=2884'>Klub Integracji Spo\u0142ecznej \u201eSukces w dzia\u0142aniu\u201d w \u0141apach <\/a><\/h4><img decoding=\"async\" src=\"https:\/\/rops-bialystok.pl\/andrzej3\/wp-content\/uploads\/2013\/07\/DSC06637-150x150.jpg\" \/>Klub Integracji Spo\u0142ecznej \u201eSukces w dzia\u0142aniu\u201d funkcjonuj\u0105cy w ramach\u00a0 Miejskiego O\u015brodka Pomocy Spo\u0142ecznej w \u0141apach, wsp\u00f3\u0142finansowany ze \u015brodk\u00f3w EFS, rozpocz\u0105\u0142 swoj\u0105 dzia\u0142alno\u015b\u0107 w styczniu 2013 roku. Prac\u0119 KIS koordynuje p. Urszula Andrejuk- kierownik dzia\u0142u \u015bwiadcze\u0144 i organizowania spo\u0142eczno\u015bci lokalnej. Zadaniem Klubu jest zwi\u0119kszenie aktywno\u015bci spo\u0142eczno- zawodowej\u00a0 53 os\u00f3b z terenu gminy \u0141apy, zagro\u017conych zjawiskiem wykluczenia [&hellip;]<a href='https:\/\/rops-bialystok.pl\/andrzej3\/?p=2884' class='pfpReadMore'> Czytaj ca\u0142o\u015b\u0107<\/a><div class='clear'><\/div><br><hr><\/div><div class='pfpItem entry-content'><h4 class='entry-title'><a href='https:\/\/rops-bialystok.pl\/andrzej3\/?p=2824'>Sp\u00f3\u0142dzielnia Socjalna \"Netlajt\" w \u0141om\u017cy \u2013 szansa na lepsze jutro<\/a><\/h4><img decoding=\"async\" src=\"https:\/\/rops-bialystok.pl\/andrzej3\/wp-content\/uploads\/2013\/06\/DSC00344-150x150.jpg\" \/>W styczniu 2013 roku w \u0141om\u017cy przy ulicy Ksi\u0119\u017cnej Anny uruchomiono \u201eNetlajt\u201d. Nie jest to kolejna prywatna dzia\u0142alno\u015b\u0107 gospodarcza, lecz sp\u00f3\u0142dzielnia socjalna dzia\u0142aj\u0105ca w ramach projektu \u201eSp\u00f3\u0142dzielnia socjalna \u2013 szans\u0105 na lepsze jutro\u201d. Wspomniany projekt to przedsi\u0119wzi\u0119cie organizowane przez Starostwo Powiatowe w \u0141om\u017cy umo\u017cliwiaj\u0105ce zaktywizowanie si\u0119 os\u00f3b pragn\u0105cych podj\u0105\u0107 prac\u0119 zawodow\u0105. Rezultatem podj\u0119tych dzia\u0142a\u0144 jest [&hellip;]<a href='https:\/\/rops-bialystok.pl\/andrzej3\/?p=2824' class='pfpReadMore'> Czytaj ca\u0142o\u015b\u0107<\/a><div class='clear'><\/div><br><hr><\/div><div class='pfpItem entry-content'><h4 class='entry-title'><a href='https:\/\/rops-bialystok.pl\/andrzej3\/?p=534'>Centrum Integracji Spo\u0142ecznej \"\u017belazna\" w Bia\u0142ymstoku<\/a><\/h4><img decoding=\"async\" src=\"https:\/\/rops-bialystok.pl\/andrzej3\/wp-content\/uploads\/2012\/10\/CIS-150x150.jpg\" \/>Od stycznia 2012 roku prowadzimy Centrum Integracji Spo\u0142ecznej \u201e\u017belazna\u201d, projekt wsp\u00f3\u0142finansowany ze \u015brodk\u00f3w Unii Europejskiej w ramach Europejskiego Funduszu Spo\u0142ecznego w ramach dzia\u0142ania 7.2. Celem dzia\u0142ania CIS \u201e\u017belazna\u201d jest pomoc uczestnikom w powrocie na otwarty rynek pracy. Ofert\u0119 kierujemy do czterech grup os\u00f3b: d\u0142ugotrwale bezrobotnych, po wyj\u015bciu z zak\u0142ad\u00f3w karnych, po odbytej terapii odwykowej oraz [&hellip;]<a href='https:\/\/rops-bialystok.pl\/andrzej3\/?p=534' class='pfpReadMore'> Czytaj ca\u0142o\u015b\u0107<\/a><div class='clear'><\/div><br><hr><\/div><div class='pfpItem entry-content'><h4 class='entry-title'><a href='https:\/\/rops-bialystok.pl\/andrzej3\/?p=528'>Centrum Aktywno\u015bci Spo\u0142ecznej PRYZMAT w Suwa\u0142kach<\/a><\/h4><img decoding=\"async\" width=&quot;160&quot; height=&quot;120&quot; style=\"width:160px; height:120px; border-width: 10px; border-color:#f1f1f1;border: 10px solid #f1f1f1\" alt=\"\" title=\"\" src=\"https:\/\/rops-bialystok.pl\/andrzej3\/wp-content\/uploads\/2013\/03\/szkolenie_ekonomia_spoleczna-320x240.jpg\" rel=\"https:\/\/rops-bialystok.pl\/andrzej3\/wp-content\/uploads\/2013\/03\/szkolenie_ekonomia_spoleczna.jpg\" \/>Centrum Aktywno\u015bci Spo\u0142ecznej PRYZMAT w Suwa\u0142kach jest organizacj\u0105 pozarz\u0105dow\u0105 o charakterze niedochodowym, kt\u00f3rego misj\u0105 jest animowanie inicjatyw obywatelskich, s\u0142u\u017c\u0105cych urzeczywistnieniu idei spo\u0142ecze\u0144stwa obywatelskiego. Otwieraj\u0105c ludzi na siebie nawzajem chcemy podnosi\u0107 \u015bwiadomo\u015b\u0107 spo\u0142eczn\u0105, a co za tym idzie wsp\u00f3\u0142tworzy\u0107 \u015bwiat bez podzia\u0142\u00f3w na lepszych i gorszych. W ramach prowadzonych dzia\u0142a\u0144 stowarzyszenie realizuje przedsi\u0119wzi\u0119cia organizacyjne, szkoleniowe, poradnicze [&hellip;]<a href='https:\/\/rops-bialystok.pl\/andrzej3\/?p=528' class='pfpReadMore'> Czytaj ca\u0142o\u015b\u0107<\/a><div class='clear'><\/div><br><hr><\/div><div class='pfpItem entry-content'><h4 class='entry-title'><a href='https:\/\/rops-bialystok.pl\/andrzej3\/?p=524'>Warsztat Terapii Zaj\u0119ciowej przy Zak\u0142adach Spo\u017cywczych \u201eBONA\u201d w \u0141om\u017cy<\/a><\/h4><img decoding=\"async\" width=&quot;160&quot; height=&quot;120&quot; style=\"width:160px; height:120px; border-width: 10px; border-color:#f1f1f1;border: 10px solid #f1f1f1\" alt=\"\" title=\"\" src=\"https:\/\/rops-bialystok.pl\/andrzej3\/wp-content\/uploads\/2013\/03\/12-2007_002-320x240.jpg\" rel=\"https:\/\/rops-bialystok.pl\/andrzej3\/wp-content\/uploads\/2013\/03\/12-2007_002.jpg\" \/>Na mocy porozumienia\u00a0 mi\u0119dzy urz\u0119dem miasta a fundacj\u0105 ,,CITON\u201d i Zak\u0142adami Spo\u017cywczymi ,,BONA\u201d dn. 02.02.2000 roku W.T.Z. zosta\u0142 przekazany pod\u00a0 patronat zak\u0142ad\u00f3w spo\u017cywczych ,,BONA\u201d. Dzia\u0142alno\u015b\u0107 terapeutyczna opiera si\u0119 na funkcjonowaniu 7 pracowni. Obecnie w zaj\u0119ciach bierze udzia\u0142 35 podopiecznych. Formy i metody pracy z uczestnikami s\u0105 zr\u00f3\u017cnicowane oraz dostosowane do mo\u017cliwo\u015bci os\u00f3b niepe\u0142nosprawnych. W.T.Z. realizuje [&hellip;]<a href='https:\/\/rops-bialystok.pl\/andrzej3\/?p=524' class='pfpReadMore'> Czytaj ca\u0142o\u015b\u0107<\/a><div class='clear'><\/div><br><hr><\/div><div class='pfpItem entry-content'><h4 class='entry-title'><a href='https:\/\/rops-bialystok.pl\/andrzej3\/?p=520'>Zak\u0142ad Aktywno\u015bci Zawodowej KRES w Zambrowie<\/a><\/h4><img decoding=\"async\" width=&quot;160&quot; height=&quot;120&quot; style=\"width:160px; height:120px; border-width: 10px; border-color:#f1f1f1;border: 10px solid #f1f1f1\" alt=\"\" title=\"\" src=\"https:\/\/rops-bialystok.pl\/andrzej3\/wp-content\/uploads\/2013\/03\/imag0013-320x240.jpg\" rel=\"https:\/\/rops-bialystok.pl\/andrzej3\/wp-content\/uploads\/2013\/03\/imag0013.jpg\" \/>Zak\u0142ad Aktywno\u015bci Zawodowej KRES w Zambrowie zosta\u0142 utworzony w po\u0142owie 2012 roku jako rezultat projektu wsp\u00f3\u0142finansowanego przez Uni\u0119 Europejsk\u0105 w ramach Programu Operacyjnego Kapita\u0142 Ludzki, Poddzia\u0142anie 7.2.1. G\u0142\u00f3wnym celem tego przedsi\u0119wzi\u0119cia jest stworzenie stabilnych miejsc pracy dla os\u00f3b niepe\u0142nosprawnych w stopniu umiarkowanym i znacznym, w tym os\u00f3b ze schorzeniami psychicznymi. Obecnie zak\u0142ad zatrudnia 12 pracownik\u00f3w [&hellip;]<a href='https:\/\/rops-bialystok.pl\/andrzej3\/?p=520' class='pfpReadMore'> Czytaj ca\u0142o\u015b\u0107<\/a><div class='clear'><\/div><br><hr><\/div><div class='pfpItem entry-content'><h4 class='entry-title'><a href='https:\/\/rops-bialystok.pl\/andrzej3\/?p=516'>Aktywizacja spo\u0142eczno\u015bci lokalnej na przyk\u0142adzie Stowarzyszenia \u201eMacierzanka\u201d z Wi\u017cajn<\/a><\/h4>Ser z Wi\u017cajnami i Rutk\u0105 Tartak zwi\u0105zany jest od pokole\u0144. Zanim jednak Stowarzyszenie \u201eMacierzanka\u201d zosta\u0142o powo\u0142ane do \u017cycia, na tych terenach funkcjonowa\u0142y serowarnie w gospodarstwach szlacheckich i ch\u0142opskich. Pocz\u0105tki \u201eMacierzanki\u201d si\u0119gaj\u0105 2006 roku, gdy Stowarzyszenie uzyska\u0142o status prawny, a ser podpuszczkowy dojrzewaj\u0105cy z Wi\u017cajn znalaz\u0142 si\u0119 na Li\u015bcie Produkt\u00f3w Tradycyjnych. Produkcj\u0105 ser\u00f3w pod szyldem \u201eMacierzanki\u201d [&hellip;]<a href='https:\/\/rops-bialystok.pl\/andrzej3\/?p=516' class='pfpReadMore'> Czytaj ca\u0142o\u015b\u0107<\/a><div class='clear'><\/div><br><hr><\/div>\n","protected":false},"excerpt":{"rendered":"","protected":false},"author":12,"featured_media":0,"parent":0,"menu_order":0,"comment_status":"closed","ping_status":"closed","template":"","meta":{"footnotes":""},"class_list":["post-748","page","type-page","status-publish","hentry"],"_links":{"self":[{"href":"https:\/\/rops-bialystok.pl\/andrzej3\/index.php?rest_route=\/wp\/v2\/pages\/748","targetHints":{"allow":["GET"]}}],"collection":[{"href":"https:\/\/rops-bialystok.pl\/andrzej3\/index.php?rest_route=\/wp\/v2\/pages"}],"about":[{"href":"https:\/\/rops-bialystok.pl\/andrzej3\/index.php?rest_route=\/wp\/v2\/types\/page"}],"author":[{"embeddable":true,"href":"https:\/\/rops-bialystok.pl\/andrzej3\/index.php?rest_route=\/wp\/v2\/users\/12"}],"replies":[{"embeddable":true,"href":"https:\/\/rops-bialystok.pl\/andrzej3\/index.php?rest_route=%2Fwp%2Fv2%2Fcomments&post=748"}],"version-history":[{"count":5,"href":"https:\/\/rops-bialystok.pl\/andrzej3\/index.php?rest_route=\/wp\/v2\/pages\/748\/revisions"}],"predecessor-version":[{"id":3449,"href":"https:\/\/rops-bialystok.pl\/andrzej3\/index.php?rest_route=\/wp\/v2\/pages\/748\/revisions\/3449"}],"wp:attachment":[{"href":"https:\/\/rops-bialystok.pl\/andrzej3\/index.php?rest_route=%2Fwp%2Fv2%2Fmedia&parent=748"}],"curies":[{"name":"wp","href":"https:\/\/api.w.org\/{rel}","templated":true}]}}