{"id":9149,"date":"2022-10-25T11:15:22","date_gmt":"2022-10-25T09:15:22","guid":{"rendered":"http:\/\/www.rops-bialystok.pl\/andrzej3\/?page_id=9149"},"modified":"2023-09-11T09:59:15","modified_gmt":"2023-09-11T07:59:15","slug":"zakup-prospoleczny","status":"publish","type":"page","link":"https:\/\/rops-bialystok.pl\/andrzej3\/?page_id=9149","title":{"rendered":"Zakup prospo\u0142eczny"},"content":{"rendered":"<h2><span style=\"font-size: 12pt; color: #000000;\"><strong>Lista podlaskich podmiot\u00f3w ekonomii spo\u0142ecznej obj\u0119tych certyfikacj\u0105<br \/>\n&#8222;Zakup Prospo\u0142eczny&#8221;:<\/strong><\/span><\/h2>\n<table style=\"height: 2496px;\" width=\"861\">\n<tbody>\n<tr>\n<td style=\"text-align: center; vertical-align: middle;\"><a href=\"http:\/\/www.zakupprospoleczny.pl\/podmioty\/podlaskie\/10\/centrum-integracji-spolecznej-zelazna-w-bialymstoku\/57\"><img loading=\"lazy\" decoding=\"async\" class=\"aligncenter wp-image-5858 size-thumbnail\" src=\"http:\/\/www.rops-bialystok.pl\/andrzej3\/wp-content\/uploads\/2018\/02\/Ku-DObrej-Nadziei-150x150.png\" alt=\"Logo Centrum Integracji Spo\u0142ecznej \u017belazna Stowarzyszenie Ku Dobrej Nadzieli.\" width=\"150\" height=\"150\" \/><\/a><\/td>\n<td><strong>Centrum Integracji Spo\u0142ecznej &#8222;\u017belazna&#8221; w Bia\u0142ymstoku (<\/strong><strong>Stowarzyszenie Ku Dobrej Nadziei)<br \/>\n<\/strong><\/p>\n<ul>\n<li>prowadzenie kawiarni &#8222;W starym Kinie&#8221;,<\/li>\n<li>wyr\u00f3b i sprzeda\u017c wyrob\u00f3w r\u0119kodzielniczych.<\/li>\n<\/ul>\n<\/td>\n<\/tr>\n<tr>\n<td style=\"text-align: center; vertical-align: middle;\"><a href=\"http:\/\/www.zakupprospoleczny.pl\/podmioty\/podlaskie\/10\/stowarzyszenie-kontakt-miast-bialystok\/57\"><img loading=\"lazy\" decoding=\"async\" class=\"aligncenter wp-image-5862 size-thumbnail\" src=\"http:\/\/www.rops-bialystok.pl\/andrzej3\/wp-content\/uploads\/2018\/02\/eindhoven-150x150.png\" alt=\"Logo Stowarzyszenia Kontakt Miast Bia\u0142ystok - Eindhoven z Bia\u0142egostoku.\" width=\"150\" height=\"150\" \/><\/a><\/td>\n<td><strong>Stowarzyszenie Bli\u017cej Siebie Bia\u0142ystok-Eindhoven (dawniej Stowarzyszenie Kontakt Miast Bia\u0142ystok-Eindhoven)<\/strong><\/p>\n<ul>\n<li>sprzeda\u017c przedmiot\u00f3w z darowizn w sklepie &#8222;Pod Wiatrakiem&#8221;.<\/li>\n<\/ul>\n<\/td>\n<\/tr>\n<tr>\n<td style=\"text-align: center; vertical-align: middle;\"><a href=\"http:\/\/www.rops-bialystok.pl\/andrzej3\/wp-content\/uploads\/2018\/02\/logo.jpg\"><img loading=\"lazy\" decoding=\"async\" class=\"aligncenter wp-image-5864 size-thumbnail\" src=\"http:\/\/www.rops-bialystok.pl\/andrzej3\/wp-content\/uploads\/2018\/02\/logo-150x150.jpg\" alt=\"Logo Zak\u0142adu Aktywno\u015bci Zawodowej Sowa w Lipniaku.\" width=\"150\" height=\"150\" \/><\/a><\/td>\n<td><strong>Zak\u0142ad Aktywno\u015bci Zawodowej Sowa w Lipniaku<\/strong><\/p>\n<ul>\n<li>us\u0142ugi hotelarskie,<\/li>\n<li>us\u0142ugi gastronomiczne i cateringowe,<\/li>\n<li>produkcja ciast,<\/li>\n<li>wyroby r\u0119kodzie\u0142a.<\/li>\n<\/ul>\n<\/td>\n<\/tr>\n<tr>\n<td style=\"text-align: center; vertical-align: middle;\"><a href=\"http:\/\/www.rops-bialystok.pl\/andrzej3\/wp-content\/uploads\/2018\/02\/MDI-logo_vek-1.png\"><img loading=\"lazy\" decoding=\"async\" class=\"aligncenter wp-image-5865\" src=\"http:\/\/www.rops-bialystok.pl\/andrzej3\/wp-content\/uploads\/2018\/02\/MDI-logo_vek-1.png\" alt=\"Logo Zak\u0142adu Aktywno\u015bci Zawodowej My Dla Innych w Bia\u0142ymstoku.\" width=\"237\" height=\"29\" srcset=\"https:\/\/rops-bialystok.pl\/andrzej3\/wp-content\/uploads\/2018\/02\/MDI-logo_vek-1.png 4909w, https:\/\/rops-bialystok.pl\/andrzej3\/wp-content\/uploads\/2018\/02\/MDI-logo_vek-1-300x37.png 300w, https:\/\/rops-bialystok.pl\/andrzej3\/wp-content\/uploads\/2018\/02\/MDI-logo_vek-1-768x94.png 768w, https:\/\/rops-bialystok.pl\/andrzej3\/wp-content\/uploads\/2018\/02\/MDI-logo_vek-1-1024x125.png 1024w\" sizes=\"auto, (max-width: 237px) 100vw, 237px\" \/><\/a><\/td>\n<td><strong>Zak\u0142ad Aktywno\u015bci Zawodowej &#8222;My Dla Innych&#8221; w Bia\u0142ystoku<\/strong><\/p>\n<ul>\n<li>zaproszenia na \u015blub i wesele, oraz dekoracje weselne,<\/li>\n<li>kartki okoliczno\u015bciowe,<\/li>\n<li>torby z baner\u00f3w,<\/li>\n<li>recyklingowe produkty uszyte na maszynie do szycia,<\/li>\n<li>znaczki reklamowe na agrafce w rozmiarze 56 mm.<\/li>\n<\/ul>\n<\/td>\n<\/tr>\n<tr>\n<td style=\"text-align: center; vertical-align: middle;\"><a href=\"http:\/\/www.rops-bialystok.pl\/andrzej3\/wp-content\/uploads\/2018\/02\/logo-ma\u0142e.png\"><img loading=\"lazy\" decoding=\"async\" class=\"aligncenter wp-image-5866 size-thumbnail\" src=\"http:\/\/www.rops-bialystok.pl\/andrzej3\/wp-content\/uploads\/2018\/02\/logo-ma\u0142e-150x150.png\" alt=\"Logo Centrum Turystyczno-Rehabilitacyjnego Zak\u0142adu Aktywno\u015bci Zawodowej Krzy\u017cewo.\" width=\"150\" height=\"150\" srcset=\"https:\/\/rops-bialystok.pl\/andrzej3\/wp-content\/uploads\/2018\/02\/logo-ma\u0142e-150x150.png 150w, https:\/\/rops-bialystok.pl\/andrzej3\/wp-content\/uploads\/2018\/02\/logo-ma\u0142e-300x300.png 300w, https:\/\/rops-bialystok.pl\/andrzej3\/wp-content\/uploads\/2018\/02\/logo-ma\u0142e.png 365w\" sizes=\"auto, (max-width: 150px) 100vw, 150px\" \/><\/a><\/td>\n<td><strong>Zak\u0142ad Aktywno\u015bci Zawodowej Zielone Podlasie w Rudzie (dawniej Zak\u0142ad Aktywno\u015bci Zawodowej w Krzy\u017cewie)<\/strong><\/p>\n<ul>\n<li>us\u0142ugi noclegowe,<\/li>\n<li>us\u0142ugi gastronomiczne,<\/li>\n<li>us\u0142ugi rehabilitacyjne,<\/li>\n<li>us\u0142ugi rekreacyjne.<\/li>\n<\/ul>\n<\/td>\n<\/tr>\n<tr>\n<td style=\"text-align: center; vertical-align: middle;\"><a href=\"http:\/\/www.rops-bialystok.pl\/andrzej3\/wp-content\/uploads\/2018\/02\/ZAZ-logo.png\"><img loading=\"lazy\" decoding=\"async\" class=\"aligncenter wp-image-6556 size-medium\" src=\"http:\/\/www.rops-bialystok.pl\/andrzej3\/wp-content\/uploads\/2018\/02\/ZAZ-logo-300x60.png\" alt=\"Logo Zak\u0142adu Aktywno\u015bci Zawodowej Argenta w \u0141om\u017cy.\" width=\"300\" height=\"60\" srcset=\"https:\/\/rops-bialystok.pl\/andrzej3\/wp-content\/uploads\/2018\/02\/ZAZ-logo-300x60.png 300w, https:\/\/rops-bialystok.pl\/andrzej3\/wp-content\/uploads\/2018\/02\/ZAZ-logo-768x154.png 768w, https:\/\/rops-bialystok.pl\/andrzej3\/wp-content\/uploads\/2018\/02\/ZAZ-logo-1024x205.png 1024w, https:\/\/rops-bialystok.pl\/andrzej3\/wp-content\/uploads\/2018\/02\/ZAZ-logo.png 1772w\" sizes=\"auto, (max-width: 300px) 100vw, 300px\" \/><\/a><\/td>\n<td>&nbsp;<\/p>\n<p><strong>Zak\u0142ad Aktywno\u015bci Zawodowej Argenta w \u0141om\u017cy<\/strong><\/p>\n<ul>\n<li style=\"text-align: left;\">Torby zakupowe: bawe\u0142niane i poliestrowe.<\/li>\n<\/ul>\n<p>&nbsp;<\/td>\n<\/tr>\n<tr>\n<td style=\"text-align: center; vertical-align: middle;\"><a href=\"http:\/\/www.rops-bialystok.pl\/andrzej3\/wp-content\/uploads\/2018\/02\/logojedyneczka.png\"><img loading=\"lazy\" decoding=\"async\" class=\"aligncenter wp-image-6557 size-full\" src=\"http:\/\/www.rops-bialystok.pl\/andrzej3\/wp-content\/uploads\/2018\/02\/logojedyneczka.png\" alt=\"Logo Sp\u00f3\u0142dzielni Jedyneczka w Suwa\u0142kach.\" width=\"252\" height=\"72\" \/><\/a><\/td>\n<td>&nbsp;<\/p>\n<p><strong>Sp\u00f3\u0142dzielnia Socjalna Jedyneczka w Suwa\u0142kach:<\/strong><\/p>\n<ul>\n<li>\u017b\u0142obek niepubliczny &#8222;Jedyneczka&#8221;<\/li>\n<\/ul>\n<p>&nbsp;<\/td>\n<\/tr>\n<tr>\n<td style=\"text-align: center; vertical-align: middle;\"><a href=\"http:\/\/www.rops-bialystok.pl\/andrzej3\/wp-content\/uploads\/2018\/02\/grajewo.jpg\"><img loading=\"lazy\" decoding=\"async\" class=\"aligncenter wp-image-6558 size-medium\" src=\"http:\/\/www.rops-bialystok.pl\/andrzej3\/wp-content\/uploads\/2018\/02\/grajewo-181x300.jpg\" alt=\"Logo Centrum Integracji Spo\u0142ecznej w Grajewie.\" width=\"181\" height=\"300\" srcset=\"https:\/\/rops-bialystok.pl\/andrzej3\/wp-content\/uploads\/2018\/02\/grajewo-181x300.jpg 181w, https:\/\/rops-bialystok.pl\/andrzej3\/wp-content\/uploads\/2018\/02\/grajewo.jpg 280w\" sizes=\"auto, (max-width: 181px) 100vw, 181px\" \/><\/a><\/td>\n<td><strong>Centrum Integracji Spo\u0142ecznej w Grajewie<\/strong><\/p>\n<ul>\n<li>Us\u0142ugi opieku\u0144cze nad osobami starszymi i chorym<\/li>\n<li>Us\u0142ugi porz\u0105dkowe<\/li>\n<li>R\u0119kodzie\u0142o okoliczno\u015bciowe<\/li>\n<li>R\u0119kodzie\u0142o \u015bwi\u0105teczne<\/li>\n<\/ul>\n<\/td>\n<\/tr>\n<tr>\n<td style=\"text-align: center; vertical-align: middle;\"><a href=\"http:\/\/www.rops-bialystok.pl\/andrzej3\/wp-content\/uploads\/2018\/02\/August\u00f3w.jpg\"><img loading=\"lazy\" decoding=\"async\" class=\"aligncenter wp-image-6559\" src=\"http:\/\/www.rops-bialystok.pl\/andrzej3\/wp-content\/uploads\/2018\/02\/August\u00f3w.jpg\" alt=\"Logo Centrum Integracji Spo\u0142ecznej w Augustowie.\" width=\"159\" height=\"202\" \/><\/a><\/td>\n<td><strong>Centrum Integracji Spo\u0142ecznej w Augustowie<\/strong><\/p>\n<ul>\n<li>Zak\u0142adanie i piel\u0119gnacja teren\u00f3w zieleni, ukwiece\u0144 i ogrod\u00f3w<\/li>\n<\/ul>\n<p>&nbsp;<\/td>\n<\/tr>\n<tr>\n<td style=\"text-align: center; vertical-align: middle;\"><a href=\"http:\/\/www.rops-bialystok.pl\/andrzej3\/wp-content\/uploads\/2018\/02\/ALPI.jpg\"><img loading=\"lazy\" decoding=\"async\" class=\"aligncenter wp-image-7365 size-thumbnail\" src=\"http:\/\/www.rops-bialystok.pl\/andrzej3\/wp-content\/uploads\/2018\/02\/ALPI-150x150.jpg\" alt=\"Logo Towarzystwa Wspierania Inicjatyw Spo\u0142ecznych ALPI\" width=\"150\" height=\"150\" srcset=\"https:\/\/rops-bialystok.pl\/andrzej3\/wp-content\/uploads\/2018\/02\/ALPI-150x150.jpg 150w, https:\/\/rops-bialystok.pl\/andrzej3\/wp-content\/uploads\/2018\/02\/ALPI.jpg 225w\" sizes=\"auto, (max-width: 150px) 100vw, 150px\" \/><\/a><\/td>\n<td><strong>Zak\u0142ad Aktywno\u015bci Zawodowej &#8222;WYTW\u00d3RNIA&#8221; &#8211; Apli w Bia\u0142ymstoku<\/strong><\/p>\n<ul>\n<li>produkcja makaronu \u015bwie\u017cego<\/li>\n<\/ul>\n<\/td>\n<\/tr>\n<tr>\n<td style=\"text-align: center; vertical-align: middle;\"><a href=\"http:\/\/www.rops-bialystok.pl\/andrzej3\/wp-content\/uploads\/2018\/02\/LOGOS.png\"><img loading=\"lazy\" decoding=\"async\" class=\"aligncenter wp-image-7366 size-thumbnail\" src=\"http:\/\/www.rops-bialystok.pl\/andrzej3\/wp-content\/uploads\/2018\/02\/LOGOS-150x150.png\" alt=\"Logo Fundacji Dzia\u0142a\u0144 Lokalnych LOGOS w Wierzbowie (gm. \u015aniadowo)\" width=\"150\" height=\"150\" srcset=\"https:\/\/rops-bialystok.pl\/andrzej3\/wp-content\/uploads\/2018\/02\/LOGOS-150x150.png 150w, https:\/\/rops-bialystok.pl\/andrzej3\/wp-content\/uploads\/2018\/02\/LOGOS.png 225w\" sizes=\"auto, (max-width: 150px) 100vw, 150px\" \/><\/a><\/td>\n<td><strong>Fundacja Dzia\u0142a\u0144 Lokalnych LOGOS w Wierzbowie (gm. \u015aniadowo)<\/strong><\/p>\n<ul>\n<li>sklep z wyrobami medycznymi i ortopedycznymi<\/li>\n<li>us\u0142ugi rehabilitacyjne<\/li>\n<\/ul>\n<\/td>\n<\/tr>\n<tr>\n<td style=\"text-align: center; vertical-align: middle;\"><a href=\"http:\/\/www.rops-bialystok.pl\/andrzej3\/wp-content\/uploads\/2018\/02\/Fundacja-Dwa-Serca.jpg\"><img loading=\"lazy\" decoding=\"async\" class=\"aligncenter wp-image-7670\" src=\"http:\/\/www.rops-bialystok.pl\/andrzej3\/wp-content\/uploads\/2018\/02\/Fundacja-Dwa-Serca-300x209.jpg\" alt=\"Logo Fundacji \u201eDwa Serca\u201d\" width=\"150\" height=\"104\" srcset=\"https:\/\/rops-bialystok.pl\/andrzej3\/wp-content\/uploads\/2018\/02\/Fundacja-Dwa-Serca-300x209.jpg 300w, https:\/\/rops-bialystok.pl\/andrzej3\/wp-content\/uploads\/2018\/02\/Fundacja-Dwa-Serca-1024x713.jpg 1024w, https:\/\/rops-bialystok.pl\/andrzej3\/wp-content\/uploads\/2018\/02\/Fundacja-Dwa-Serca-768x534.jpg 768w, https:\/\/rops-bialystok.pl\/andrzej3\/wp-content\/uploads\/2018\/02\/Fundacja-Dwa-Serca-1536x1069.jpg 1536w, https:\/\/rops-bialystok.pl\/andrzej3\/wp-content\/uploads\/2018\/02\/Fundacja-Dwa-Serca.jpg 2048w\" sizes=\"auto, (max-width: 150px) 100vw, 150px\" \/><\/a><\/td>\n<td><strong>Fundacja &#8222;Dwa Serca&#8221; w U\u015bniku<\/strong><\/p>\n<ul>\n<li>Us\u0142ugi opieku\u0144czo bytowe dla os\u00f3b w podesz\u0142ym wieku, przewlekle chorym i niepe\u0142nosprawnym.<\/li>\n<\/ul>\n<\/td>\n<\/tr>\n<tr>\n<td style=\"text-align: center; vertical-align: middle;\"><a href=\"http:\/\/www.rops-bialystok.pl\/andrzej3\/wp-content\/uploads\/2018\/02\/facebook_cover_photo_1_1.png\"><img loading=\"lazy\" decoding=\"async\" class=\"wp-image-8180 size-thumbnail aligncenter\" src=\"http:\/\/www.rops-bialystok.pl\/andrzej3\/wp-content\/uploads\/2018\/02\/facebook_cover_photo_1_1-150x150.png\" alt=\"Logo - Stowarzyszenie Podlaski Raj\" width=\"150\" height=\"150\" \/><\/a><\/td>\n<td><strong>Stowarzyszenie &#8222;Podlaski Raj&#8221;<\/strong><\/p>\n<ul>\n<li>Us\u0142ugi turystyczno-szkoleniowe \u2013 szkoleniowa Stodo\u0142a (miejsce organizacji imprez rodzinnych oraz okoliczno\u015bciowych), wynajem domk\u00f3w letniskowych, wypoczynek na \u0142onie natury.<\/li>\n<\/ul>\n<\/td>\n<\/tr>\n<tr>\n<td style=\"text-align: center; vertical-align: middle;\"><a href=\"http:\/\/www.rops-bialystok.pl\/andrzej3\/wp-content\/uploads\/2018\/02\/sekalik.png\"><img loading=\"lazy\" decoding=\"async\" class=\"wp-image-8181 size-thumbnail aligncenter\" src=\"http:\/\/www.rops-bialystok.pl\/andrzej3\/wp-content\/uploads\/2018\/02\/sekalik-150x150.png\" alt=\"Logo - S\u0119kalik\" width=\"150\" height=\"150\" srcset=\"https:\/\/rops-bialystok.pl\/andrzej3\/wp-content\/uploads\/2018\/02\/sekalik-150x150.png 150w, https:\/\/rops-bialystok.pl\/andrzej3\/wp-content\/uploads\/2018\/02\/sekalik-300x300.png 300w, https:\/\/rops-bialystok.pl\/andrzej3\/wp-content\/uploads\/2018\/02\/sekalik.png 500w\" sizes=\"auto, (max-width: 150px) 100vw, 150px\" \/><\/a><\/td>\n<td><strong>Stowarzyszenie &#8222;S\u0119kalik&#8221;<\/strong><\/p>\n<ul>\n<li>Us\u0142ugi turystyczne \u2013 wynajem Quad\u00f3w, pole kamperowe, pole namiotowe, wynajem domk\u00f3w letniskowych<\/li>\n<\/ul>\n<\/td>\n<\/tr>\n<tr>\n<td style=\"text-align: center; vertical-align: middle;\"><a href=\"http:\/\/www.rops-bialystok.pl\/andrzej3\/wp-content\/uploads\/2018\/02\/stowarzyszenie-pocztowka-logo.png\"><img loading=\"lazy\" decoding=\"async\" class=\"aligncenter size-full wp-image-9003\" src=\"http:\/\/www.rops-bialystok.pl\/andrzej3\/wp-content\/uploads\/2018\/02\/stowarzyszenie-pocztowka-logo.png\" alt=\"Logo Stowarzyszenia Kulturalnego \u201ePoczt\u00f3wka\u201d\" width=\"320\" height=\"201\" srcset=\"https:\/\/rops-bialystok.pl\/andrzej3\/wp-content\/uploads\/2018\/02\/stowarzyszenie-pocztowka-logo.png 320w, https:\/\/rops-bialystok.pl\/andrzej3\/wp-content\/uploads\/2018\/02\/stowarzyszenie-pocztowka-logo-300x188.png 300w\" sizes=\"auto, (max-width: 320px) 100vw, 320px\" \/><\/a><\/td>\n<td><strong>Stowarzyszenie Kulturalne &#8222;Poczt\u00f3wka&#8221;<\/strong><\/p>\n<ul>\n<li>Organizacja Mi\u0119dzynarodowego Festiwalu Teatralnego<\/li>\n<li>Dzia\u0142alno\u015b\u0107 Hajn\u00f3wka Centralna \u2013 Stacja Kultury<\/li>\n<li>Dzia\u0142alno\u015b\u0107 artystyczna i edukacyjna<\/li>\n<li>Dzia\u0142alno\u015b\u0107 hostelowa<\/li>\n<\/ul>\n<\/td>\n<\/tr>\n<tr>\n<td style=\"text-align: center; vertical-align: middle;\"><a href=\"https:\/\/www.rops-bialystok.pl\/andrzej3\/wp-content\/uploads\/2023\/08\/logo_kostroma_pelne_v12.png\"><img loading=\"lazy\" decoding=\"async\" class=\"alignnone size-medium wp-image-9475\" src=\"https:\/\/www.rops-bialystok.pl\/andrzej3\/wp-content\/uploads\/2023\/08\/logo_kostroma_pelne_v12-300x212.png\" alt=\"Logo Kostroma.\" width=\"300\" height=\"212\" srcset=\"https:\/\/rops-bialystok.pl\/andrzej3\/wp-content\/uploads\/2023\/08\/logo_kostroma_pelne_v12-300x212.png 300w, https:\/\/rops-bialystok.pl\/andrzej3\/wp-content\/uploads\/2023\/08\/logo_kostroma_pelne_v12-768x543.png 768w, https:\/\/rops-bialystok.pl\/andrzej3\/wp-content\/uploads\/2023\/08\/logo_kostroma_pelne_v12.png 842w\" sizes=\"auto, (max-width: 300px) 100vw, 300px\" \/><\/a><a href=\"https:\/\/www.rops-bialystok.pl\/andrzej3\/wp-content\/uploads\/2023\/08\/logo_sk_kostroma_v12.png\"><img loading=\"lazy\" decoding=\"async\" class=\"alignnone size-medium wp-image-9476\" src=\"https:\/\/www.rops-bialystok.pl\/andrzej3\/wp-content\/uploads\/2023\/08\/logo_sk_kostroma_v12-300x100.png\" alt=\"Logo Stowarzyszenie Kulturalne Kostroma.\" width=\"300\" height=\"100\" srcset=\"https:\/\/rops-bialystok.pl\/andrzej3\/wp-content\/uploads\/2023\/08\/logo_sk_kostroma_v12-300x100.png 300w, https:\/\/rops-bialystok.pl\/andrzej3\/wp-content\/uploads\/2023\/08\/logo_sk_kostroma_v12-768x255.png 768w, https:\/\/rops-bialystok.pl\/andrzej3\/wp-content\/uploads\/2023\/08\/logo_sk_kostroma_v12.png 842w\" sizes=\"auto, (max-width: 300px) 100vw, 300px\" \/><\/a><\/td>\n<td><strong>Stowarzyszenie Kulturalne KOSTROMA<\/strong><\/p>\n<ul>\n<li>Dzia\u0142alno\u015b\u0107 Centrum Informacji Turystycznej w Suwa\u0142kach wraz ze sklepem z pami\u0105tkami regionalnymi<\/li>\n<li>Dzia\u0142alno\u015b\u0107 wydawnicza w postaci ksi\u0105\u017cek, przewodnik\u00f3w i poczt\u00f3wek<\/li>\n<\/ul>\n<\/td>\n<\/tr>\n<\/tbody>\n<\/table>\n<p style=\"text-align: left;\">Link:<br \/>\n<a href=\"http:\/\/www.zakupprospoleczny.pl\/podmioty\/podlaskie\/10\/57\">http:\/\/www.zakupprospoleczny.pl\/podmioty\/podlaskie\/10\/57<\/a><\/p>\n","protected":false},"excerpt":{"rendered":"<p>Lista podlaskich podmiot\u00f3w ekonomii spo\u0142ecznej obj\u0119tych certyfikacj\u0105 &#8222;Zakup Prospo\u0142eczny&#8221;: Centrum Integracji Spo\u0142ecznej &#8222;\u017belazna&#8221; w Bia\u0142ymstoku (Stowarzyszenie Ku Dobrej Nadziei) prowadzenie kawiarni &#8222;W starym Kinie&#8221;, wyr\u00f3b i sprzeda\u017c wyrob\u00f3w r\u0119kodzielniczych. Stowarzyszenie Bli\u017cej Siebie Bia\u0142ystok-Eindhoven (dawniej Stowarzyszenie Kontakt Miast Bia\u0142ystok-Eindhoven) sprzeda\u017c przedmiot\u00f3w z darowizn w sklepie &#8222;Pod Wiatrakiem&#8221;. Zak\u0142ad Aktywno\u015bci Zawodowej Sowa w Lipniaku us\u0142ugi hotelarskie, us\u0142ugi [&hellip;]<\/p>\n","protected":false},"author":13,"featured_media":0,"parent":0,"menu_order":0,"comment_status":"closed","ping_status":"closed","template":"","meta":{"footnotes":""},"class_list":["post-9149","page","type-page","status-publish","hentry"],"_links":{"self":[{"href":"https:\/\/rops-bialystok.pl\/andrzej3\/index.php?rest_route=\/wp\/v2\/pages\/9149","targetHints":{"allow":["GET"]}}],"collection":[{"href":"https:\/\/rops-bialystok.pl\/andrzej3\/index.php?rest_route=\/wp\/v2\/pages"}],"about":[{"href":"https:\/\/rops-bialystok.pl\/andrzej3\/index.php?rest_route=\/wp\/v2\/types\/page"}],"author":[{"embeddable":true,"href":"https:\/\/rops-bialystok.pl\/andrzej3\/index.php?rest_route=\/wp\/v2\/users\/13"}],"replies":[{"embeddable":true,"href":"https:\/\/rops-bialystok.pl\/andrzej3\/index.php?rest_route=%2Fwp%2Fv2%2Fcomments&post=9149"}],"version-history":[{"count":7,"href":"https:\/\/rops-bialystok.pl\/andrzej3\/index.php?rest_route=\/wp\/v2\/pages\/9149\/revisions"}],"predecessor-version":[{"id":9479,"href":"https:\/\/rops-bialystok.pl\/andrzej3\/index.php?rest_route=\/wp\/v2\/pages\/9149\/revisions\/9479"}],"wp:attachment":[{"href":"https:\/\/rops-bialystok.pl\/andrzej3\/index.php?rest_route=%2Fwp%2Fv2%2Fmedia&parent=9149"}],"curies":[{"name":"wp","href":"https:\/\/api.w.org\/{rel}","templated":true}]}}