{"id":21973,"date":"2024-02-29T14:19:05","date_gmt":"2024-02-29T13:19:05","guid":{"rendered":"https:\/\/rops-bialystok.pl\/rops\/?page_id=21973"},"modified":"2025-06-10T11:58:17","modified_gmt":"2025-06-10T09:58:17","slug":"regulamin-projektu","status":"publish","type":"page","link":"https:\/\/rops-bialystok.pl\/fers\/regulamin-projektu\/","title":{"rendered":"Regulamin projektu"},"content":{"rendered":"<ul>\n<li><a href=\"https:\/\/rops-bialystok.pl\/fers\/wp-content\/uploads\/2025\/03\/Regulamin-rekrutacji-i-udzialu-w-projekcie_v2.docx\">Regulamin udzia\u0142u w projekcie <strong>[.DOCX]<\/strong><\/a><\/li>\n<li><a href=\"https:\/\/rops-bialystok.pl\/fers\/wp-content\/uploads\/2025\/05\/Regulamin-rekrutacji-i-udzialu-w-projekcie-pn-Koordynacja-dzialan-w-zakresie-polityki-spolecznej-w-wojewodztwie-podlaskim.pdf\">Regulamin udzia\u0142u w projekcie<strong> [.PDF]<\/strong><\/a><\/li>\n<li><a href=\"https:\/\/rops-bialystok.pl\/fers\/wp-content\/uploads\/2025\/05\/aneks-do-regulaminu_marzec-2025.docx\">Aneks nr 1 z dnia 13 marca 2025 roku do Regulaminu rekrutacji i udzia\u0142u w projekcie <strong>[.DOCX]<\/strong><\/a><\/li>\n<li><a href=\"https:\/\/rops-bialystok.pl\/fers\/wp-content\/uploads\/2025\/06\/Aneks-nr-1-z-dnia-13-marca-2025-roku-do-Regulaminu-rekrutacji-w-projekcie.pdf\">Aneks nr 1 z dnia 13 marca 2025 roku do Regulaminu rekrutacji w projekcie <strong>[.PDF]<\/strong><\/a><\/li>\n<li><a href=\"https:\/\/rops-bialystok.pl\/fers\/wp-content\/uploads\/2025\/03\/Zalacznik-nr-1.-Karta-zgloszeniowa.docx\">Za\u0142\u0105cznik nr 1. Karta zg\u0142oszeniowa<strong> [.DOCX]<\/strong><\/a><\/li>\n<li><a href=\"https:\/\/rops-bialystok.pl\/fers\/wp-content\/uploads\/2025\/03\/Zalacznik-nr-1.-Karta-zgloszeniowa.pdf\">Za\u0142\u0105cznik nr 1. Karta zg\u0142oszeniowa<strong> [.PDF]<\/strong><\/a><\/li>\n<li><a href=\"https:\/\/rops-bialystok.pl\/fers\/wp-content\/uploads\/2025\/03\/Zalacznik-nr-2a.-Karta-zgloszeniowa-na-szkolenie-z-zakresu-I-stopnia-specjalizacji-w-zawodzie-pracownik-socjalny.docx\">Za\u0142\u0105cznik nr 2a. Karta zg\u0142oszeniowa na szkolenie z zakresu I stopnia specjalizacji w zawodzie pracownik socjalny<strong> [.DOCX]<\/strong><\/a><\/li>\n<li><a href=\"https:\/\/rops-bialystok.pl\/fers\/wp-content\/uploads\/2025\/03\/Zalacznik-nr-2a.-Karta-zgloszeniowa-na-szkolenie-z-zakresu-I-stopnia-specjalizacji-w-zawodzie-pracownik-socjalny.pdf\">Za\u0142\u0105cznik nr 2a. Karta zg\u0142oszeniowa na szkolenie z zakresu I stopnia specjalizacji w zawodzie pracownik socjalny<strong> [.PDF]<\/strong><\/a><\/li>\n<li><a href=\"https:\/\/rops-bialystok.pl\/fers\/wp-content\/uploads\/2025\/03\/Zalacznik-nr-2b.-Karta-zgloszeniowa-na-szkolenie-z-zakresu-II-stopnia-specjalizacji-w-zawodzie-pracownik-socjalny.docx\">Za\u0142\u0105cznik nr 2b. Karta zg\u0142oszeniowa na szkolenie z zakresu II stopnia specjalizacji w zawodzie pracownik socjalny<strong> [.DOCX]<\/strong><\/a><\/li>\n<li><a href=\"https:\/\/rops-bialystok.pl\/fers\/wp-content\/uploads\/2025\/03\/Zalacznik-nr-2b.-Karta-zgloszeniowa-na-szkolenie-z-zakresu-II-stopnia-specjalizacji-w-zawodzie-pracownik-socjalny.pdf\">Za\u0142\u0105cznik nr 2b. Karta zg\u0142oszeniowa na szkolenie z zakresu II stopnia specjalizacji w zawodzie pracownik socjalny<strong> [.PDF]<\/strong><\/a><\/li>\n<li><a href=\"https:\/\/rops-bialystok.pl\/fers\/wp-content\/uploads\/2025\/03\/Zalacznik-nr-2c.-Karta-zgloszeniowa-na-szkolenie-dla-kandydatow-na-superwizorow.docx\">Za\u0142\u0105cznik nr 2c. Karta zg\u0142oszeniowa na szkolenie dla kandydat\u00f3w na superwizor\u00f3w<strong> [.DOCX]<\/strong><\/a><\/li>\n<li><a href=\"https:\/\/rops-bialystok.pl\/fers\/wp-content\/uploads\/2025\/03\/Zalacznik-nr-2c.-Karta-zgloszeniowa-na-szkolenie-dla-kandydatow-na-superwizorow.pdf\">Za\u0142\u0105cznik nr 2c. Karta zg\u0142oszeniowa na szkolenie dla kandydat\u00f3w na superwizor\u00f3w<strong> [.PDF]<\/strong><\/a><\/li>\n<li><a href=\"https:\/\/rops-bialystok.pl\/fers\/wp-content\/uploads\/2025\/03\/Zalacznik-nr-2d.-Karta-zgloszeniowa-na-szkolenie-kompetencyjne-CUS.docx\">Za\u0142\u0105cznik nr 2d. Karta zg\u0142oszeniowa na szkolenie kompetencyjne CUS <strong>[.DOCX]<\/strong><\/a><\/li>\n<li><a href=\"https:\/\/rops-bialystok.pl\/fers\/wp-content\/uploads\/2025\/03\/Zalacznik-nr-2d.-Karta-zgloszeniowa-na-szkolenie-kompetencyjne-CUS.pdf\">Za\u0142\u0105cznik nr 2d. Karta zg\u0142oszeniowa na szkolenie kompetencyjne CUS <strong>[.PDF]<\/strong><\/a><\/li>\n<li><a href=\"https:\/\/rops-bialystok.pl\/fers\/wp-content\/uploads\/2024\/09\/Zalacznik-nr-3.-Deklaracja-uczestnictwa-w-projekcie.docx\">Za\u0142\u0105cznik nr 3. Deklaracja uczestnictwa w projekcie <strong>[.DOCX]<\/strong><\/a><\/li>\n<li><a href=\"https:\/\/rops-bialystok.pl\/fers\/wp-content\/uploads\/2024\/09\/Zalacznik-nr-3.-Deklaracja-uczestnictwa-w-projekcie.pdf\">Za\u0142\u0105cznik nr 3. Deklaracja uczestnictwa w projekcie <strong>[.PDF]<\/strong><\/a><\/li>\n<li><a href=\"https:\/\/rops-bialystok.pl\/fers\/wp-content\/uploads\/2024\/09\/Zalacznik-nr-4.-Zaswiadczenie-potwierdzajace-doswiadczenie-w-specjalizacji-I-i-II-stopien-oraz-kandydatow-na-superwizorow.docx\">Za\u0142\u0105cznik nr 4. Za\u015bwiadczenie potwierdzaj\u0105ce doswiadczenie w specjalizacji I i II stopie\u0144 oraz kandydat\u00f3w na superwizor\u00f3w <strong>[.DOCX]<\/strong><\/a><\/li>\n<li><a href=\"https:\/\/rops-bialystok.pl\/fers\/wp-content\/uploads\/2024\/09\/Zalacznik-nr-4.-Zaswiadczenie-potwierdzajace-doswiadczenie-w-specjalizacji-I-i-II-stopien-oraz-kandydatow-na-superwizorow.pdf\">Za\u0142\u0105cznik nr 4. Za\u015bwiadczenie potwierdzaj\u0105ce doswiadczenie w specjalizacji I i II stopie\u0144 oraz kandydat\u00f3w na superwizor\u00f3w <strong>[.PDF]<\/strong><\/a><\/li>\n<li><a href=\"https:\/\/rops-bialystok.pl\/fers\/wp-content\/uploads\/2024\/09\/Zalacznik-nr-5.-Zaswiadczenie-o-przeprowadzeniu-godzin-szkolen-dla-pracownikow-socjalnych-kandydat-na-superwizorow.docx\">Za\u0142\u0105cznik nr 5. Za\u015bwiadczenie o przeprowadzeniu godzin szkole\u0144 dla pracownik\u00f3w socjalnych-kandydat na superwizor\u00f3w <strong>[.DOCX]<\/strong><\/a><\/li>\n<li><a href=\"https:\/\/rops-bialystok.pl\/fers\/wp-content\/uploads\/2024\/09\/Zalacznik-nr-5.-Zaswiadczenie-o-przeprowadzeniu-godzin-szkolen-dla-pracownikow-socjalnych-kandydat-na-superwizorow.pdf\">Za\u0142\u0105cznik nr 5. Za\u015bwiadczenie o przeprowadzeniu godzin szkole\u0144 dla pracownik\u00f3w socjalnych-kandydat na superwizor\u00f3w <strong>[.PDF]<\/strong><\/a><\/li>\n<li><a href=\"https:\/\/rops-bialystok.pl\/fers\/wp-content\/uploads\/2024\/09\/Zalacznik-nr-6.-Wniosek-o-dopuszczenie-do-szkolenia-dla-superwizorow-pracy-socjalnej.docx\">Za\u0142\u0105cznik nr 6. Wniosek o dopuszczenie do szkolenia dla superwizor\u00f3w pracy socjalnej <strong>[.DOCX]<\/strong><\/a><\/li>\n<li><a href=\"https:\/\/rops-bialystok.pl\/fers\/wp-content\/uploads\/2024\/09\/Zalacznik-nr-6.-Wniosek-o-dopuszczenie-do-szkolenia-dla-superwizorow-pracy-socjalnej.pdf\">Za\u0142\u0105cznik nr 6. Wniosek o dopuszczenie do szkolenia dla superwizor\u00f3w pracy socjalnej <strong>[.PDF]<\/strong><\/a><\/li>\n<li><a href=\"https:\/\/rops-bialystok.pl\/fers\/wp-content\/uploads\/2024\/09\/Zalacznik-nr-7.-Klauzula-informacyjna-ROPS-w-Bialymstoku.docx\">Za\u0142\u0105cznik nr 7. Klauzula informacyjna ROPS w Bia\u0142ymstoku <strong>[.DOCX]<\/strong><\/a><\/li>\n<li><a href=\"https:\/\/rops-bialystok.pl\/fers\/wp-content\/uploads\/2024\/09\/Zalacznik-nr-7.-Klauzula-informacyjna-ROPS-w-Bialymstoku.pdf\">Za\u0142\u0105cznik nr 7. Klauzula informacyjna ROPS w Bia\u0142ymstoku <strong>[.PDF]<\/strong><\/a><\/li>\n<\/ul>\n","protected":false},"excerpt":{"rendered":"<p>Regulamin udzia\u0142u w projekcie [.DOCX] Regulamin udzia\u0142u w projekcie [.PDF] Aneks nr 1 z dnia 13 marca 2025 roku do Regulaminu rekrutacji i udzia\u0142u w projekcie [.DOCX] Aneks nr 1 z dnia 13 marca 2025 roku do Regulaminu rekrutacji w projekcie [.PDF] Za\u0142\u0105cznik nr 1. Karta zg\u0142oszeniowa [.DOCX] Za\u0142\u0105cznik nr 1. Karta zg\u0142oszeniowa [.PDF] Za\u0142\u0105cznik &hellip; <a href=\"https:\/\/rops-bialystok.pl\/fers\/regulamin-projektu\/\" class=\"more-link\">Continue reading<span class=\"screen-reader-text\"> &#8222;Regulamin projektu&#8221;<\/span><\/a><\/p>\n","protected":false},"author":4,"featured_media":0,"parent":0,"menu_order":0,"comment_status":"closed","ping_status":"closed","template":"","meta":{"footnotes":""},"class_list":["post-21973","page","type-page","status-publish","hentry"],"_links":{"self":[{"href":"https:\/\/rops-bialystok.pl\/fers\/wp-json\/wp\/v2\/pages\/21973","targetHints":{"allow":["GET"]}}],"collection":[{"href":"https:\/\/rops-bialystok.pl\/fers\/wp-json\/wp\/v2\/pages"}],"about":[{"href":"https:\/\/rops-bialystok.pl\/fers\/wp-json\/wp\/v2\/types\/page"}],"author":[{"embeddable":true,"href":"https:\/\/rops-bialystok.pl\/fers\/wp-json\/wp\/v2\/users\/4"}],"replies":[{"embeddable":true,"href":"https:\/\/rops-bialystok.pl\/fers\/wp-json\/wp\/v2\/comments?post=21973"}],"version-history":[{"count":12,"href":"https:\/\/rops-bialystok.pl\/fers\/wp-json\/wp\/v2\/pages\/21973\/revisions"}],"predecessor-version":[{"id":25176,"href":"https:\/\/rops-bialystok.pl\/fers\/wp-json\/wp\/v2\/pages\/21973\/revisions\/25176"}],"wp:attachment":[{"href":"https:\/\/rops-bialystok.pl\/fers\/wp-json\/wp\/v2\/media?parent=21973"}],"curies":[{"name":"wp","href":"https:\/\/api.w.org\/{rel}","templated":true}]}}