{"id":22143,"date":"2024-03-28T10:23:30","date_gmt":"2024-03-28T09:23:30","guid":{"rendered":"https:\/\/rops-bialystok.pl\/rops\/?page_id=22143"},"modified":"2024-10-22T14:01:09","modified_gmt":"2024-10-22T12:01:09","slug":"zakup-prospoleczny","status":"publish","type":"page","link":"https:\/\/rops-bialystok.pl\/fers\/zakup-prospoleczny\/","title":{"rendered":"Zakup Prospo\u0142eczny"},"content":{"rendered":"<p>Posiadanie Znaku Promocyjnego Ekonomii Spo\u0142ecznej \u201eZakup Prospo\u0142eczny\u201d wyr\u00f3\u017cnia jednostki spo\u015br\u00f3d podmiot\u00f3w ekonomii spo\u0142ecznej dzia\u0142aj\u0105cych na terenie wojew\u00f3dztwa podlaskiego, kt\u00f3re wyj\u0105tkowo dbaj\u0105 o jako\u015b\u0107 swoich produkt\u00f3w i us\u0142ug. Przyznanie znaku ma na celu sta\u0142e umocnienie rangi i wizerunku podmiot\u00f3w ekonomii spo\u0142ecznej jako symbolu us\u0142ug i produkt\u00f3w o najwy\u017cszej jako\u015bci, wykonanych w po\u0142\u0105czeniu z wyj\u0105tkow\u0105 dba\u0142o\u015bci\u0105 o wykorzystanie potencja\u0142u spo\u0142ecznego.<\/p>\n<p>Produkty i us\u0142ugi oznaczone s\u0105 tym znakiem:<\/p>\n<p><a href=\"https:\/\/rops-bialystok.pl\/rops\/wp-content\/uploads\/2014\/10\/zakup-pro_logo-e1413543391176.png\"><img loading=\"lazy\" decoding=\"async\" class=\"alignnone wp-image-7096 size-full\" src=\"https:\/\/rops-bialystok.pl\/rops\/wp-content\/uploads\/2014\/10\/zakup-pro_logo-e1413543391176.png\" alt=\"Znak Promocyjny Ekonomii Spo\u0142ecznej \u201eZakup Prospo\u0142eczny\u201d jest prawnie chroniony.\" width=\"210\" height=\"120\"><\/a><\/p>\n<p>O prawo do pos\u0142ugiwania si\u0119 Znakiem Promocyjnym Ekonomii Spo\u0142ecznej \u201eZakup Prospo\u0142eczny\u201d mog\u0105 ubiega\u0107 si\u0119 podmioty spe\u0142niaj\u0105ce wymogi okre\u015blone w Zasadach przyznawania Znaku Promocyjnego ES \u201eZakup Prospo\u0142eczny\u201d:<\/p>\n<ol>\n<li>Forma prawna podmiotu certyfikowanego<\/li>\n<li>Spo\u0142eczne cele dzia\u0142ania podmiotu<\/li>\n<li>Stosowny okres funkcjonowania (co najmniej 6 miesi\u0119cy)<\/li>\n<li>Ekonomiczny wymiar dzia\u0142ania podmiotu (w ostatnim okresie obrachunkowym podmiot musi posiada\u0107 nie mniej ni\u017c 30% przychod\u00f3w w\u0142asnych w og\u00f3lnej warto\u015bci przychod\u00f3w)<\/li>\n<\/ol>\n<p>Przyznanie Znaku Promocyjnego ES \u201eZakup Prospo\u0142eczny\u201d odbywa si\u0119 na pisemny wniosek zainteresowanego podmiotu. Nadanie certyfikatu \u201eZakup Prospo\u0142eczny\u201d nast\u0119puje poprzez udzielenie wy\u0142\u0105cznej licencji przez ROPS na okres 1 roku.<\/p>\n<p>W przypadku pozytywnego rozpatrzenia wniosku o certyfikacj\u0119, przez Podlask\u0105 Kapitu\u0142\u0119 Znaku Promocyjnego ES \u201eZakup Prospo\u0142eczny\u201d, zostaje podpisana Umowa Licencyjna na korzystanie ze Znaku Promocyjnego Ekonomii Spo\u0142ecznej \u201eZakup Prospo\u0142eczny\u201d. Podmiot, kt\u00f3remu przyznano znak jako\u015bci otrzymuje certyfikat oraz ksi\u0119g\u0119 znamionow\u0105 logotypu.<\/p>\n<p>Po roku pos\u0142ugiwania si\u0119 certyfikatem nale\u017cy zwr\u00f3ci\u0107 si\u0119 do instytucji certyfikuj\u0105cej o przed\u0142u\u017cenie licencji na kolejny rok przek\u0142adaj\u0105c odpowiedni wniosek.<\/p>\n<p>Wi\u0119cej informacji o podmiotach certyfikowanych z Polski mo\u017cna uzyska\u0107 na stronie <a href=\"http:\/\/www.zakupprospoleczny.pl\/\">www.zakupprospoleczny.pl<\/a><\/p>\n<h2><span style=\"font-size: 12pt; color: #000000;\"><strong>Lista podlaskich podmiot\u00f3w ekonomii spo\u0142ecznej obj\u0119tych certyfikacj\u0105 &#8222;Zakup Prospo\u0142eczny&#8221;:<\/strong><\/span><\/h2>\n<table style=\"height: 3082px;\" width=\"1140\">\n<tbody>\n<tr>\n<td style=\"text-align: center; vertical-align: middle;\"><a href=\"http:\/\/www.zakupprospoleczny.pl\/podmioty\/podlaskie\/10\/centrum-integracji-spolecznej-zelazna-w-bialymstoku\/57\"><img loading=\"lazy\" decoding=\"async\" class=\"wp-image-5858 size-thumbnail alignleft\" src=\"http:\/\/www.rops-bialystok.pl\/andrzej3\/wp-content\/uploads\/2018\/02\/Ku-DObrej-Nadziei-150x150.png\" alt=\"Logo Centrum Integracji Spo\u0142ecznej \u017belazna Stowarzyszenie Ku Dobrej Nadzieli.\" width=\"150\" height=\"150\"><\/a><\/td>\n<td><strong>Centrum Integracji Spo\u0142ecznej &#8222;\u017belazna&#8221; w Bia\u0142ymstoku (<\/strong><strong>Stowarzyszenie Ku Dobrej Nadziei)<br \/>\n<\/strong><\/p>\n<ul>\n<li>prowadzenie kawiarni &#8222;W starym Kinie&#8221;,<\/li>\n<li>wyr\u00f3b i sprzeda\u017c wyrob\u00f3w r\u0119kodzielniczych.<\/li>\n<\/ul>\n<\/td>\n<\/tr>\n<tr>\n<td style=\"text-align: center; vertical-align: middle;\"><a href=\"http:\/\/www.zakupprospoleczny.pl\/podmioty\/podlaskie\/10\/stowarzyszenie-kontakt-miast-bialystok\/57\"><img loading=\"lazy\" decoding=\"async\" class=\"wp-image-5862 size-thumbnail alignleft\" src=\"http:\/\/www.rops-bialystok.pl\/andrzej3\/wp-content\/uploads\/2018\/02\/eindhoven-150x150.png\" alt=\"Logo Stowarzyszenia Kontakt Miast Bia\u0142ystok - Eindhoven z Bia\u0142egostoku.\" width=\"150\" height=\"150\"><\/a><\/td>\n<td><strong>Stowarzyszenie Bli\u017cej Siebie Bia\u0142ystok-Eindhoven (dawniej Stowarzyszenie Kontakt Miast Bia\u0142ystok-Eindhoven)<\/strong><\/p>\n<ul>\n<li>sprzeda\u017c przedmiot\u00f3w z darowizn w sklepie &#8222;Pod Wiatrakiem&#8221;.<\/li>\n<\/ul>\n<\/td>\n<\/tr>\n<tr>\n<td style=\"text-align: center; vertical-align: middle;\"><a href=\"http:\/\/www.rops-bialystok.pl\/andrzej3\/wp-content\/uploads\/2018\/02\/logo.jpg\"><img loading=\"lazy\" decoding=\"async\" class=\"wp-image-5864 size-thumbnail alignleft\" src=\"http:\/\/www.rops-bialystok.pl\/andrzej3\/wp-content\/uploads\/2018\/02\/logo-150x150.jpg\" alt=\"Logo Zak\u0142adu Aktywno\u015bci Zawodowej Sowa w Lipniaku.\" width=\"150\" height=\"150\"><\/a><\/td>\n<td><strong>Zak\u0142ad Aktywno\u015bci Zawodowej Sowa w Lipniaku<\/strong><\/p>\n<ul>\n<li>us\u0142ugi hotelarskie,<\/li>\n<li>us\u0142ugi gastronomiczne i cateringowe,<\/li>\n<li>produkcja ciast,<\/li>\n<li>wyroby r\u0119kodzie\u0142a.<\/li>\n<\/ul>\n<\/td>\n<\/tr>\n<tr>\n<td style=\"text-align: center; vertical-align: middle;\"><a href=\"http:\/\/www.rops-bialystok.pl\/andrzej3\/wp-content\/uploads\/2018\/02\/MDI-logo_vek-1.png\"><img loading=\"lazy\" decoding=\"async\" class=\"wp-image-5865 alignleft\" style=\"width: 800px;\" src=\"http:\/\/www.rops-bialystok.pl\/andrzej3\/wp-content\/uploads\/2018\/02\/MDI-logo_vek-1.png\" alt=\"Logo Zak\u0142adu Aktywno\u015bci Zawodowej My Dla Innych w Bia\u0142ymstoku.\" width=\"237\" height=\"29\"><\/a><\/td>\n<td><strong>Zak\u0142ad Aktywno\u015bci Zawodowej &#8222;My Dla Innych&#8221; w Bia\u0142ystoku<\/strong><\/p>\n<ul>\n<li>zaproszenia na \u015blub i wesele, oraz dekoracje weselne,<\/li>\n<li>kartki okoliczno\u015bciowe,<\/li>\n<li>torby z baner\u00f3w,<\/li>\n<li>recyklingowe produkty uszyte na maszynie do szycia,<\/li>\n<li>znaczki reklamowe na agrafce w rozmiarze 56 mm.<\/li>\n<\/ul>\n<\/td>\n<\/tr>\n<tr>\n<td style=\"text-align: center; vertical-align: middle;\"><a href=\"http:\/\/www.rops-bialystok.pl\/andrzej3\/wp-content\/uploads\/2018\/02\/logo-ma\u0142e.png\"><img loading=\"lazy\" decoding=\"async\" class=\"wp-image-5866 size-thumbnail alignleft\" src=\"http:\/\/www.rops-bialystok.pl\/andrzej3\/wp-content\/uploads\/2018\/02\/logo-ma\u0142e-150x150.png\" alt=\"Logo Centrum Turystyczno-Rehabilitacyjnego Zak\u0142adu Aktywno\u015bci Zawodowej Krzy\u017cewo.\" width=\"150\" height=\"150\"><\/a><\/td>\n<td><strong>Zak\u0142ad Aktywno\u015bci Zawodowej Zielone Podlasie w Rudzie (dawniej Zak\u0142ad Aktywno\u015bci Zawodowej w Krzy\u017cewie)<\/strong><\/p>\n<ul>\n<li>us\u0142ugi noclegowe,<\/li>\n<li>us\u0142ugi gastronomiczne,<\/li>\n<li>us\u0142ugi rehabilitacyjne,<\/li>\n<li>us\u0142ugi rekreacyjne.<\/li>\n<\/ul>\n<\/td>\n<\/tr>\n<tr>\n<td style=\"text-align: center; vertical-align: middle;\"><a href=\"http:\/\/www.rops-bialystok.pl\/andrzej3\/wp-content\/uploads\/2018\/02\/ZAZ-logo.png\"><img loading=\"lazy\" decoding=\"async\" class=\"wp-image-6556 size-medium alignleft\" src=\"http:\/\/www.rops-bialystok.pl\/andrzej3\/wp-content\/uploads\/2018\/02\/ZAZ-logo-300x60.png\" alt=\"Logo Zak\u0142adu Aktywno\u015bci Zawodowej Argenta w \u0141om\u017cy.\" width=\"300\" height=\"60\"><\/a><\/td>\n<td>&nbsp;<\/p>\n<p><strong>Zak\u0142ad Aktywno\u015bci Zawodowej Argenta w \u0141om\u017cy<\/strong><\/p>\n<ul>\n<li style=\"text-align: left;\">Torby zakupowe: bawe\u0142niane i poliestrowe.<\/li>\n<\/ul>\n<p>&nbsp;<\/td>\n<\/tr>\n<tr>\n<td style=\"text-align: center; vertical-align: middle;\"><a href=\"http:\/\/www.rops-bialystok.pl\/andrzej3\/wp-content\/uploads\/2018\/02\/logojedyneczka.png\"><img loading=\"lazy\" decoding=\"async\" class=\"wp-image-6557 size-full alignleft\" src=\"http:\/\/www.rops-bialystok.pl\/andrzej3\/wp-content\/uploads\/2018\/02\/logojedyneczka.png\" alt=\"Logo Sp\u00f3\u0142dzielni Jedyneczka w Suwa\u0142kach.\" width=\"252\" height=\"72\"><\/a><\/td>\n<td>&nbsp;<\/p>\n<p><strong>Sp\u00f3\u0142dzielnia Socjalna Jedyneczka w Suwa\u0142kach:<\/strong><\/p>\n<ul>\n<li>\u017b\u0142obek niepubliczny &#8222;Jedyneczka&#8221;<\/li>\n<\/ul>\n<p>&nbsp;<\/td>\n<\/tr>\n<tr>\n<td style=\"text-align: center; vertical-align: middle;\"><a href=\"http:\/\/www.rops-bialystok.pl\/andrzej3\/wp-content\/uploads\/2018\/02\/grajewo.jpg\"><img loading=\"lazy\" decoding=\"async\" class=\"wp-image-6558 size-medium alignleft\" src=\"http:\/\/www.rops-bialystok.pl\/andrzej3\/wp-content\/uploads\/2018\/02\/grajewo-181x300.jpg\" alt=\"Logo Centrum Integracji Spo\u0142ecznej w Grajewie.\" width=\"181\" height=\"300\"><\/a><\/td>\n<td><strong>Centrum Integracji Spo\u0142ecznej w Grajewie<\/strong><\/p>\n<ul>\n<li>Us\u0142ugi opieku\u0144cze nad osobami starszymi i chorym<\/li>\n<li>Us\u0142ugi porz\u0105dkowe<\/li>\n<li>R\u0119kodzie\u0142o okoliczno\u015bciowe<\/li>\n<li>R\u0119kodzie\u0142o \u015bwi\u0105teczne<\/li>\n<\/ul>\n<\/td>\n<\/tr>\n<tr>\n<td style=\"text-align: center; vertical-align: middle;\"><a href=\"http:\/\/www.rops-bialystok.pl\/andrzej3\/wp-content\/uploads\/2018\/02\/August\u00f3w.jpg\"><img loading=\"lazy\" decoding=\"async\" class=\"wp-image-6559 alignleft\" src=\"http:\/\/www.rops-bialystok.pl\/andrzej3\/wp-content\/uploads\/2018\/02\/August\u00f3w.jpg\" alt=\"Logo Centrum Integracji Spo\u0142ecznej w Augustowie.\" width=\"159\" height=\"202\"><\/a><\/td>\n<td><strong>Centrum Integracji Spo\u0142ecznej w Augustowie<\/strong><\/p>\n<ul>\n<li>Zak\u0142adanie i piel\u0119gnacja teren\u00f3w zieleni, ukwiece\u0144 i ogrod\u00f3w<\/li>\n<\/ul>\n<p>&nbsp;<\/td>\n<\/tr>\n<tr>\n<td style=\"text-align: center; vertical-align: middle;\"><a href=\"http:\/\/www.rops-bialystok.pl\/andrzej3\/wp-content\/uploads\/2018\/02\/ALPI.jpg\"><img loading=\"lazy\" decoding=\"async\" class=\"wp-image-7365 size-thumbnail alignleft\" src=\"http:\/\/www.rops-bialystok.pl\/andrzej3\/wp-content\/uploads\/2018\/02\/ALPI-150x150.jpg\" alt=\"Logo Towarzystwa Wspierania Inicjatyw Spo\u0142ecznych ALPI\" width=\"150\" height=\"150\"><\/a><\/td>\n<td><strong>Zak\u0142ad Aktywno\u015bci Zawodowej &#8222;WYTW\u00d3RNIA&#8221; &#8211; Apli w Bia\u0142ymstoku<\/strong><\/p>\n<ul>\n<li>produkcja makaronu \u015bwie\u017cego<\/li>\n<\/ul>\n<\/td>\n<\/tr>\n<tr>\n<td style=\"text-align: center; vertical-align: middle;\"><a href=\"http:\/\/www.rops-bialystok.pl\/andrzej3\/wp-content\/uploads\/2018\/02\/LOGOS.png\"><img loading=\"lazy\" decoding=\"async\" class=\"wp-image-7366 size-thumbnail alignleft\" src=\"http:\/\/www.rops-bialystok.pl\/andrzej3\/wp-content\/uploads\/2018\/02\/LOGOS-150x150.png\" alt=\"Logo Fundacji Dzia\u0142a\u0144 Lokalnych LOGOS w Wierzbowie (gm. \u015aniadowo)\" width=\"150\" height=\"150\"><\/a><\/td>\n<td><strong>Fundacja Dzia\u0142a\u0144 Lokalnych LOGOS w Wierzbowie (gm. \u015aniadowo)<\/strong><\/p>\n<ul>\n<li>sklep z wyrobami medycznymi i ortopedycznymi<\/li>\n<li>us\u0142ugi rehabilitacyjne<\/li>\n<\/ul>\n<\/td>\n<\/tr>\n<tr>\n<td style=\"text-align: center; vertical-align: middle;\"><a href=\"http:\/\/www.rops-bialystok.pl\/andrzej3\/wp-content\/uploads\/2018\/02\/Fundacja-Dwa-Serca.jpg\"><img loading=\"lazy\" decoding=\"async\" class=\"wp-image-7670 alignleft\" src=\"http:\/\/www.rops-bialystok.pl\/andrzej3\/wp-content\/uploads\/2018\/02\/Fundacja-Dwa-Serca-300x209.jpg\" alt=\"Logo Fundacji \u201eDwa Serca\u201d\" width=\"150\" height=\"104\"><\/a><\/td>\n<td><strong>Fundacja &#8222;Dwa Serca&#8221; w U\u015bniku<\/strong><\/p>\n<ul>\n<li>Us\u0142ugi opieku\u0144czo bytowe dla os\u00f3b w podesz\u0142ym wieku, przewlekle chorym i niepe\u0142nosprawnym.<\/li>\n<\/ul>\n<\/td>\n<\/tr>\n<tr>\n<td style=\"text-align: center; vertical-align: middle;\"><a href=\"http:\/\/www.rops-bialystok.pl\/andrzej3\/wp-content\/uploads\/2018\/02\/facebook_cover_photo_1_1.png\"><img loading=\"lazy\" decoding=\"async\" class=\"wp-image-8180 size-thumbnail alignleft\" src=\"http:\/\/www.rops-bialystok.pl\/andrzej3\/wp-content\/uploads\/2018\/02\/facebook_cover_photo_1_1-150x150.png\" alt=\"Logo - Stowarzyszenie Podlaski Raj\" width=\"150\" height=\"150\"><\/a><\/td>\n<td><strong>Stowarzyszenie &#8222;Podlaski Raj&#8221;<\/strong><\/p>\n<ul>\n<li>Us\u0142ugi turystyczno-szkoleniowe \u2013 szkoleniowa Stodo\u0142a (miejsce organizacji imprez rodzinnych oraz okoliczno\u015bciowych), wynajem domk\u00f3w letniskowych, wypoczynek na \u0142onie natury.<\/li>\n<\/ul>\n<\/td>\n<\/tr>\n<tr>\n<td style=\"text-align: center; vertical-align: middle;\"><a href=\"http:\/\/www.rops-bialystok.pl\/andrzej3\/wp-content\/uploads\/2018\/02\/sekalik.png\"><img loading=\"lazy\" decoding=\"async\" class=\"wp-image-8181 size-thumbnail alignleft\" src=\"http:\/\/www.rops-bialystok.pl\/andrzej3\/wp-content\/uploads\/2018\/02\/sekalik-150x150.png\" alt=\"Logo - S\u0119kalik\" width=\"150\" height=\"150\"><\/a><\/td>\n<td><strong>Stowarzyszenie &#8222;S\u0119kalik&#8221;<\/strong><\/p>\n<ul>\n<li>Us\u0142ugi turystyczne \u2013 wynajem Quad\u00f3w, pole kamperowe, pole namiotowe, wynajem domk\u00f3w letniskowych<\/li>\n<\/ul>\n<\/td>\n<\/tr>\n<tr>\n<td style=\"text-align: center; vertical-align: middle;\"><a href=\"http:\/\/www.rops-bialystok.pl\/andrzej3\/wp-content\/uploads\/2018\/02\/stowarzyszenie-pocztowka-logo.png\"><img loading=\"lazy\" decoding=\"async\" class=\"size-full wp-image-9003 alignleft\" src=\"http:\/\/www.rops-bialystok.pl\/andrzej3\/wp-content\/uploads\/2018\/02\/stowarzyszenie-pocztowka-logo.png\" alt=\"Logo Stowarzyszenia Kulturalnego \u201ePoczt\u00f3wka\u201d\" width=\"320\" height=\"201\"><\/a><\/td>\n<td><strong>Stowarzyszenie Kulturalne &#8222;Poczt\u00f3wka&#8221;<\/strong><\/p>\n<ul>\n<li>Organizacja Mi\u0119dzynarodowego Festiwalu Teatralnego<\/li>\n<li>Dzia\u0142alno\u015b\u0107 Hajn\u00f3wka Centralna \u2013 Stacja Kultury<\/li>\n<li>Dzia\u0142alno\u015b\u0107 artystyczna i edukacyjna<\/li>\n<li>Dzia\u0142alno\u015b\u0107 hostelowa<\/li>\n<\/ul>\n<\/td>\n<\/tr>\n<tr>\n<td style=\"text-align: center; vertical-align: middle;\"><a href=\"https:\/\/www.rops-bialystok.pl\/andrzej3\/wp-content\/uploads\/2023\/08\/logo_kostroma_pelne_v12.png\"><img loading=\"lazy\" decoding=\"async\" class=\"size-medium wp-image-9475 alignleft\" src=\"https:\/\/www.rops-bialystok.pl\/andrzej3\/wp-content\/uploads\/2023\/08\/logo_kostroma_pelne_v12-300x212.png\" alt=\"Logo Kostroma.\" width=\"300\" height=\"212\"><\/a><a href=\"https:\/\/www.rops-bialystok.pl\/andrzej3\/wp-content\/uploads\/2023\/08\/logo_sk_kostroma_v12.png\"><img loading=\"lazy\" decoding=\"async\" class=\"size-medium wp-image-9476 alignleft\" src=\"https:\/\/www.rops-bialystok.pl\/andrzej3\/wp-content\/uploads\/2023\/08\/logo_sk_kostroma_v12-300x100.png\" alt=\"Logo Stowarzyszenie Kulturalne Kostroma.\" width=\"300\" height=\"100\"><\/a><\/td>\n<td><strong>Stowarzyszenie Kulturalne KOSTROMA<\/strong><\/p>\n<ul>\n<li>Dzia\u0142alno\u015b\u0107 Centrum Informacji Turystycznej w Suwa\u0142kach wraz ze sklepem z pami\u0105tkami regionalnymi<\/li>\n<li>Dzia\u0142alno\u015b\u0107 wydawnicza w postaci ksi\u0105\u017cek, przewodnik\u00f3w i poczt\u00f3wek<\/li>\n<\/ul>\n<\/td>\n<\/tr>\n<tr>\n<td style=\"text-align: center; vertical-align: middle;\"><img loading=\"lazy\" decoding=\"async\" class=\"wp-image-24253 size-thumbnail alignleft\" src=\"https:\/\/rops-bialystok.pl\/fers\/wp-content\/uploads\/2024\/10\/logo-dialog-150x150.jpg\" alt=\"Logo - Zak\u0142ad Aktywno\u015bci Zawodowej DIALOG.\" width=\"150\" height=\"150\">&nbsp;<\/td>\n<td><strong>Zak\u0142ad Aktywno\u015bci Zawodowej DIALOG<\/strong><\/p>\n<ul>\n<li>ozdobne poduszki, w tym poduszki \u201eBOGUSZE\u201d<\/li>\n<li>indywidualnie wykonywane kosmetyczki<\/li>\n<li>personalizowane ozdoby ze sklejki<\/li>\n<li>animacje i warsztaty dla dzieci i doros\u0142ych<\/li>\n<li>czyszczenie i&nbsp;dba\u0142o\u015b\u0107 o nagrobki (wraz z indywidualnie wykonanymi wie\u0144cami)<\/li>\n<li>wykonywanie zdj\u0119\u0107 do oficjalnych dokument\u00f3w w centrum \u0141om\u017cy<\/li>\n<\/ul>\n<\/td>\n<\/tr>\n<\/tbody>\n<\/table>\n<p style=\"text-align: left;\">Link:<br \/>\n<a href=\"http:\/\/www.zakupprospoleczny.pl\/podmioty\/podlaskie\/10\/57\">http:\/\/www.zakupprospoleczny.pl\/podmioty\/podlaskie\/10\/57<\/a><\/p>\n<p>&nbsp;<\/p>\n<p><strong>Materia\u0142y do pobrania:<\/strong><\/p>\n<ul>\n<li><a href=\"https:\/\/rops-bialystok.pl\/fers\/wp-content\/uploads\/2024\/07\/Zasady-przyznawania-certyfikatu.pdf\">Zasady przyznawania certyfikatu (PDF)<\/a><\/li>\n<li><a href=\"https:\/\/rops-bialystok.pl\/fers\/wp-content\/uploads\/2024\/07\/Zalacznik-nr-1.-Regulamin-Prac-Kapituly.pdf\">Za\u0142\u0105cznik nr 1. Regulamin Prac Kapitu\u0142y (PDF)<\/a><\/li>\n<li><a href=\"https:\/\/rops-bialystok.pl\/fers\/wp-content\/uploads\/2024\/07\/Zalacznik-nr-2.-Wniosek-o-certyfikacje.pdf\">Za\u0142\u0105cznik nr 2. Wniosek o certyfikacj\u0119 (PDF)<\/a><\/li>\n<li><a href=\"https:\/\/rops-bialystok.pl\/fers\/wp-content\/uploads\/2024\/07\/Zalacznik-nr-3.-Ankieta.pdf\">Za\u0142\u0105cznik nr 3. Ankieta (PDF)<\/a><\/li>\n<li><a href=\"https:\/\/rops-bialystok.pl\/fers\/wp-content\/uploads\/2024\/07\/Zalacznik-nr-3.-Ankieta.docx\">Za\u0142\u0105cznik nr 3. Ankieta (DOCX)<\/a><\/li>\n<li><a href=\"https:\/\/rops-bialystok.pl\/fers\/wp-content\/uploads\/2024\/07\/Wniosek-o-przedluzenie-certyfikacji.pdf\">Wniosek o przed\u0142u\u017cenie certyfikacji (PDF)<\/a><\/li>\n<\/ul>\n","protected":false},"excerpt":{"rendered":"<p>Posiadanie Znaku Promocyjnego Ekonomii Spo\u0142ecznej \u201eZakup Prospo\u0142eczny\u201d wyr\u00f3\u017cnia jednostki spo\u015br\u00f3d podmiot\u00f3w ekonomii spo\u0142ecznej dzia\u0142aj\u0105cych na terenie wojew\u00f3dztwa podlaskiego, kt\u00f3re wyj\u0105tkowo dbaj\u0105 o jako\u015b\u0107 swoich produkt\u00f3w i us\u0142ug. Przyznanie znaku ma na celu sta\u0142e umocnienie rangi i wizerunku podmiot\u00f3w ekonomii spo\u0142ecznej jako symbolu us\u0142ug i produkt\u00f3w o najwy\u017cszej jako\u015bci, wykonanych w po\u0142\u0105czeniu z wyj\u0105tkow\u0105 dba\u0142o\u015bci\u0105 o &hellip; <a href=\"https:\/\/rops-bialystok.pl\/fers\/zakup-prospoleczny\/\" class=\"more-link\">Continue reading<span class=\"screen-reader-text\"> &#8222;Zakup Prospo\u0142eczny&#8221;<\/span><\/a><\/p>\n","protected":false},"author":1,"featured_media":0,"parent":0,"menu_order":0,"comment_status":"closed","ping_status":"closed","template":"","meta":{"footnotes":""},"class_list":["post-22143","page","type-page","status-publish","hentry"],"_links":{"self":[{"href":"https:\/\/rops-bialystok.pl\/fers\/wp-json\/wp\/v2\/pages\/22143","targetHints":{"allow":["GET"]}}],"collection":[{"href":"https:\/\/rops-bialystok.pl\/fers\/wp-json\/wp\/v2\/pages"}],"about":[{"href":"https:\/\/rops-bialystok.pl\/fers\/wp-json\/wp\/v2\/types\/page"}],"author":[{"embeddable":true,"href":"https:\/\/rops-bialystok.pl\/fers\/wp-json\/wp\/v2\/users\/1"}],"replies":[{"embeddable":true,"href":"https:\/\/rops-bialystok.pl\/fers\/wp-json\/wp\/v2\/comments?post=22143"}],"version-history":[{"count":9,"href":"https:\/\/rops-bialystok.pl\/fers\/wp-json\/wp\/v2\/pages\/22143\/revisions"}],"predecessor-version":[{"id":24255,"href":"https:\/\/rops-bialystok.pl\/fers\/wp-json\/wp\/v2\/pages\/22143\/revisions\/24255"}],"wp:attachment":[{"href":"https:\/\/rops-bialystok.pl\/fers\/wp-json\/wp\/v2\/media?parent=22143"}],"curies":[{"name":"wp","href":"https:\/\/api.w.org\/{rel}","templated":true}]}}