{"id":22604,"date":"2024-07-03T12:53:40","date_gmt":"2024-07-03T10:53:40","guid":{"rendered":"https:\/\/rops-bialystok.pl\/rops\/?page_id=22604"},"modified":"2026-02-11T12:45:32","modified_gmt":"2026-02-11T11:45:32","slug":"regionalny-komitet-rozwoju-ekonomii-spolecznej","status":"publish","type":"page","link":"https:\/\/rops-bialystok.pl\/fers\/regionalny-komitet-rozwoju-ekonomii-spolecznej\/","title":{"rendered":"Regionalny Komitet Rozwoju Ekonomii Spo\u0142ecznej"},"content":{"rendered":"<p>Sp\u00f3jny i efektywny system wsparcia ekonomii spo\u0142ecznej nie jest mo\u017cliwy bez wsp\u00f3\u0142pracy przedstawicieli r\u00f3\u017cnych szczebli. Dlatego te\u017c wa\u017cne jest stwarzanie mo\u017cliwo\u015bci wymiany do\u015bwiadcze\u0144 poprzez dzia\u0142anie Regionalnego Komitetu Rozwoju Ekonomii Spo\u0142ecznej (RKRES).<\/p>\n<p>Wej\u015bcie w \u017cycie ustawy z dnia 5 sierpnia 2022 r. o ekonomii spo\u0142ecznej na\u0142o\u017cy\u0142o na samorz\u0105dy wojew\u00f3dztw obowi\u0105zek utworzenia na nowo Regionalnych Komitet\u00f3w Rozwoju Ekonomii Spo\u0142ecznej. W zwi\u0105zku z powy\u017cszym, w dniu 2 marca 2023 r. Zarz\u0105d Wojew\u00f3dztwa Podlaskiego uchwa\u0142\u0105 Nr 325\/6082\/2023 utworzy\u0142 Regionalny Komitet Rozwoju Ekonomii Spo\u0142ecznej w Wojew\u00f3dztwie Podlaskim oraz przyj\u0105\u0142 Regulamin Regionalnego Komitetu Rozwoju Ekonomii Spo\u0142ecznej w Wojew\u00f3dztwie Podlaskim.<\/p>\n<p>Nowo powo\u0142any Regionalny Komitet Rozwoju Ekonomii Spo\u0142ecznej (Zarz\u0105dzenie nr 84\/2023 Marsza\u0142ka Wojew\u00f3dztwa Podlaskiego z dnia 25 maja 2023 r.) to gremium sk\u0142adaj\u0105ce si\u0119 z przedstawicieli: samorz\u0105du wojew\u00f3dztwa, samorz\u0105d\u00f3w lokalnych, podmiot\u00f3w dzia\u0142aj\u0105cych w sektorze ekonomii spo\u0142ecznej, \u015brodowisk naukowych oraz biznesu. Zgodnie z art.55 ustawy o ekonomii spo\u0142ecznej do zada\u0144 RKRES nale\u017cy przedstawianie opinii o regionalnym programie rozwoju na rzecz ekonomii spo\u0142ecznej i projektach uchwa\u0142 organ\u00f3w samorz\u0105du wojew\u00f3dztwa dotycz\u0105cych funkcjonowania podmiot\u00f3w ekonomii spo\u0142ecznej, a tak\u017ce zapoznawanie si\u0119 z efektami realizacji regionalnego programu rozwoju na rzecz ekonomii spo\u0142ecznej oraz przedstawianie opinii w tym zakresie.<\/p>\n<p>Sekretariat RKRES prowadzi Regionalny O\u015brodek Polityki Spo\u0142ecznej w Bia\u0142ymstoku.<\/p>\n<p><img loading=\"lazy\" decoding=\"async\" class=\"aligncenter wp-image-24432 size-full\" src=\"https:\/\/rops-bialystok.pl\/fers\/wp-content\/uploads\/2024\/12\/579A0268-1024x683-1.jpg\" alt=\"Spotkanie Regionalnego Komitetu Rozwoju Ekonomii Spo\u0142ecznej. Grupowe zdj\u0119cie uczestnik\u00f3w spotkania kt\u00f3rzy trzymaj\u0105 dyplomy.\" width=\"1024\" height=\"683\" srcset=\"https:\/\/rops-bialystok.pl\/fers\/wp-content\/uploads\/2024\/12\/579A0268-1024x683-1.jpg 1024w, https:\/\/rops-bialystok.pl\/fers\/wp-content\/uploads\/2024\/12\/579A0268-1024x683-1-300x200.jpg 300w, https:\/\/rops-bialystok.pl\/fers\/wp-content\/uploads\/2024\/12\/579A0268-1024x683-1-768x512.jpg 768w\" sizes=\"auto, (max-width: 709px) 85vw, (max-width: 909px) 67vw, (max-width: 1362px) 62vw, 840px\" \/><\/p>\n<p><strong>Sk\u0142ad Regionalnego Komitetu Rozwoju Ekonomii Spo\u0142ecznej w Wojew\u00f3dztwie Podlaskim \u2013 kadencja 2023-2025:<\/strong><\/p>\n<ol>\n<li>El\u017cbieta Rajewska-Nikonowicz \u2013 przedstawicielka Regionalnego O\u015brodka Polityki Spo\u0142ecznej w Bia\u0142ymstoku, <strong>Przewodnicz\u0105ca RKRES<\/strong><\/li>\n<li>Bo\u017cena Tomaszewska \u2013 przedstawicielka Regionalnego O\u015brodka Polityki Spo\u0142ecznej w Bia\u0142ymstoku, <strong>Zast\u0119pca Przewodnicz\u0105cego RKRES<\/strong><\/li>\n<li>Ma\u0142gorzata Janczuk\u2013 przedstawicielka Regionalnego O\u015brodka Polityki Spo\u0142ecznej w Bia\u0142ymstoku<\/li>\n<li>Karolina Perkowska \u2013 przedstawicielka Urz\u0119du Marsza\u0142kowskiego Wojew\u00f3dztwa Podlaskiego<\/li>\n<li>Agnieszka Maria Dudzi\u0144ska \u2013 przedstawicielka Urz\u0119du Marsza\u0142kowskiego Wojew\u00f3dztwa Podlaskiego<\/li>\n<li>Agata Micha\u0142owska\u2013 przedstawicielka Urz\u0119du Marsza\u0142kowskiego Wojew\u00f3dztwa Podlaskiego<\/li>\n<li>Edyta D\u0105browska \u2013 przedstawicielka Urz\u0119du Marsza\u0142kowskiego Wojew\u00f3dztwa Podlaskiego<\/li>\n<li>Urszula Jab\u0142o\u0144ska\u2013 przedstawicielka Wojew\u00f3dzkiego Urz\u0119du Pracy w Bia\u0142ymstoku<\/li>\n<li>Jolanta Den \u2013 przedstawicielka Podlaskiego Urz\u0119du Wojew\u00f3dzkiego<\/li>\n<li>Marcin Czerwi\u0144ski\u2013 przedstawiciel Urz\u0119du Gminy Mielnik<\/li>\n<li>Katarzyna \u017bukowska-Koc \u2013 przedstawicielka Centrum Us\u0142ug Spo\u0142ecznych w \u0141apach<\/li>\n<li>Karolina Rojecka \u2013 przedstawicielka Urz\u0119du Miejskiego w Tykocinie<\/li>\n<li>Krzysztof Ryszard Kozicki \u2013 przedstawiciel Powiatowego Centrum Pomocy Rodzinie w \u0141om\u017cy<\/li>\n<li>El\u017cbieta \u017bukowska-Bubienko \u2013 przedstawicielka Stowarzyszenia \u201eKu dobrej Nadziei\u201d<\/li>\n<li>Anna Tomulewicz \u2013 przedstawicielka Stowarzyszenia Pomocy Rodzinie Droga<\/li>\n<li>Rafa\u0142 \u015aredzi\u0144ski \u2013 przedstawiciel Stowarzyszenia \u201eMy Dla Innych\u201d<\/li>\n<li>Andrzej Kamli\u0144ski\u2013 przedstawiciel Warsztatu Terapii Zaj\u0119ciowej Rado\u015b\u0107 \u017bycia w D\u0105browie Bia\u0142ostockiej<\/li>\n<li>S\u0142awomir Sidoruk \u2013 przedstawiciel Sp\u00f3\u0142dzielni Socjalnej \u201eIntegracja\u201d<\/li>\n<li>Joanna Szymanowska \u2013 przedstawicielka Uniwersytetu w Bia\u0142ymstoku<\/li>\n<li>Eugeniusz Muszyc \u2013 przedstawiciel Forum Zwi\u0105zk\u00f3w Zawodowych Wojew\u00f3dztwa Podlaskiego<\/li>\n<li>Anna Moskwa \u2013 przedstawicielka Podlaskiego Zwi\u0105zku Pracodawc\u00f3w<\/li>\n<\/ol>\n<p>&nbsp;<\/p>\n<p><strong>Za\u0142\u0105czniki:<\/strong><\/p>\n<ul>\n<li><a href=\"https:\/\/rops-bialystok.pl\/fers\/wp-content\/uploads\/2024\/12\/Uchwala-w-sprawie-utworzenia-RKRES.pdf\">Uchwa\u0142a w sprawie utworzenia Regionalnego Komitetu Rozwoju Ekonomii Spo\u0142ecznej<\/a><\/li>\n<li><a href=\"https:\/\/rops-bialystok.pl\/fers\/wp-content\/uploads\/2024\/12\/zalacznik_nr_1_do_uchwaly.-Regulamin.pdf\">za\u0142\u0105cznik nr 1 do uchwa\u0142y &#8211; Regulamin<\/a><\/li>\n<li><a href=\"https:\/\/rops-bialystok.pl\/fers\/wp-content\/uploads\/2024\/12\/Zarzadzenie-Nr-113_2023-ws.-odwolania-i-powolania-czlonka-RKRES.pdf\">Zarz\u0105dzenie Nr 113_2023 ws. odwo\u0142ania i powo\u0142ania cz\u0142onka Regionalnego Komitetu Rozwoju Ekonomii Spo\u0142ecznej<\/a><\/li>\n<li><a href=\"https:\/\/rops-bialystok.pl\/fers\/wp-content\/uploads\/2024\/12\/Zarzadzenie-Nr-84_2023-ws.-powolania-skladu-RKRES.pdf\">Zarz\u0105dzenie Nr 84_2023 ws. powo\u0142ania skladu Regionalnego Komitetu Rozwoju Ekonomii Spo\u0142ecznej<\/a><\/li>\n<li><a href=\"https:\/\/rops-bialystok.pl\/fers\/wp-content\/uploads\/2026\/02\/zarzadzenie-nr-22-2025-ws-odwolania-i-powolania-czlonka-Regionalnego-Komit.ecznej.pdf\">Zarz\u0105dzenie Nr 22\/2025 ws. odwo\u0142ania oraz powo\u0142ania cz\u0142onka Regionalnego Komitetu Rozwoju Ekonomii Spo\u0142ecznej w Wojew\u00f3dztwie Podlaskim<\/a><\/li>\n<\/ul>\n","protected":false},"excerpt":{"rendered":"<p>Sp\u00f3jny i efektywny system wsparcia ekonomii spo\u0142ecznej nie jest mo\u017cliwy bez wsp\u00f3\u0142pracy przedstawicieli r\u00f3\u017cnych szczebli. Dlatego te\u017c wa\u017cne jest stwarzanie mo\u017cliwo\u015bci wymiany do\u015bwiadcze\u0144 poprzez dzia\u0142anie Regionalnego Komitetu Rozwoju Ekonomii Spo\u0142ecznej (RKRES). Wej\u015bcie w \u017cycie ustawy z dnia 5 sierpnia 2022 r. o ekonomii spo\u0142ecznej na\u0142o\u017cy\u0142o na samorz\u0105dy wojew\u00f3dztw obowi\u0105zek utworzenia na nowo Regionalnych Komitet\u00f3w Rozwoju &hellip; <a href=\"https:\/\/rops-bialystok.pl\/fers\/regionalny-komitet-rozwoju-ekonomii-spolecznej\/\" class=\"more-link\">Continue reading<span class=\"screen-reader-text\"> &#8222;Regionalny Komitet Rozwoju Ekonomii Spo\u0142ecznej&#8221;<\/span><\/a><\/p>\n","protected":false},"author":1,"featured_media":0,"parent":0,"menu_order":0,"comment_status":"closed","ping_status":"closed","template":"","meta":{"footnotes":""},"class_list":["post-22604","page","type-page","status-publish","hentry"],"_links":{"self":[{"href":"https:\/\/rops-bialystok.pl\/fers\/wp-json\/wp\/v2\/pages\/22604","targetHints":{"allow":["GET"]}}],"collection":[{"href":"https:\/\/rops-bialystok.pl\/fers\/wp-json\/wp\/v2\/pages"}],"about":[{"href":"https:\/\/rops-bialystok.pl\/fers\/wp-json\/wp\/v2\/types\/page"}],"author":[{"embeddable":true,"href":"https:\/\/rops-bialystok.pl\/fers\/wp-json\/wp\/v2\/users\/1"}],"replies":[{"embeddable":true,"href":"https:\/\/rops-bialystok.pl\/fers\/wp-json\/wp\/v2\/comments?post=22604"}],"version-history":[{"count":7,"href":"https:\/\/rops-bialystok.pl\/fers\/wp-json\/wp\/v2\/pages\/22604\/revisions"}],"predecessor-version":[{"id":26698,"href":"https:\/\/rops-bialystok.pl\/fers\/wp-json\/wp\/v2\/pages\/22604\/revisions\/26698"}],"wp:attachment":[{"href":"https:\/\/rops-bialystok.pl\/fers\/wp-json\/wp\/v2\/media?parent=22604"}],"curies":[{"name":"wp","href":"https:\/\/api.w.org\/{rel}","templated":true}]}}