{"id":25485,"date":"2025-07-28T11:03:42","date_gmt":"2025-07-28T09:03:42","guid":{"rendered":"https:\/\/rops-bialystok.pl\/fers\/?page_id=25485"},"modified":"2025-10-29T14:44:10","modified_gmt":"2025-10-29T13:44:10","slug":"opieka-wytchnieniowa","status":"publish","type":"page","link":"https:\/\/rops-bialystok.pl\/fers\/opieka-wytchnieniowa\/","title":{"rendered":"Opieka wytchnieniowa"},"content":{"rendered":"<p>To\u00a0forma wsparcia dla opiekun\u00f3w os\u00f3b z niepe\u0142nosprawno\u015bciami lub niesamodzielnych, polegaj\u0105ca na czasowym przej\u0119ciu opieki nad podopiecznym, daj\u0105c opiekunowi mo\u017cliwo\u015b\u0107 odpoczynku i za\u0142atwienia spraw osobistych.\u00a0Celem opieki wytchnieniowej jest odci\u0105\u017cenie opiekun\u00f3w, umo\u017cliwienie im regeneracji oraz zapewnienie, \u017ce osoba niesamodzielna ma zapewnion\u0105 odpowiedni\u0105 opiek\u0119 w czasie ich nieobecno\u015bci.<\/p>\n<figure id=\"attachment_26136\" aria-describedby=\"caption-attachment-26136\" style=\"width: 1124px\" class=\"wp-caption aligncenter\"><a href=\"https:\/\/rops-bialystok.pl\/fers\/wp-content\/uploads\/2025\/10\/opieka-wytchnieniowa.png\"><img loading=\"lazy\" decoding=\"async\" class=\"wp-image-26136 size-full\" src=\"https:\/\/rops-bialystok.pl\/fers\/wp-content\/uploads\/2025\/10\/opieka-wytchnieniowa.png\" alt=\"Mapa - opieka wytchnieniowa w wojew\u00f3dztwie podlaskim.\" width=\"1124\" height=\"795\" srcset=\"https:\/\/rops-bialystok.pl\/fers\/wp-content\/uploads\/2025\/10\/opieka-wytchnieniowa.png 1124w, https:\/\/rops-bialystok.pl\/fers\/wp-content\/uploads\/2025\/10\/opieka-wytchnieniowa-300x212.png 300w, https:\/\/rops-bialystok.pl\/fers\/wp-content\/uploads\/2025\/10\/opieka-wytchnieniowa-1024x724.png 1024w, https:\/\/rops-bialystok.pl\/fers\/wp-content\/uploads\/2025\/10\/opieka-wytchnieniowa-768x543.png 768w\" sizes=\"auto, (max-width: 709px) 85vw, (max-width: 909px) 67vw, (max-width: 1362px) 62vw, 840px\" \/><\/a><figcaption id=\"caption-attachment-26136\" class=\"wp-caption-text\">Liczba gmin\/ powiat\u00f3w realizuj\u0105ca Program \u201eOpieka Wytchnieniowa\u201d w latach 2021- 2025<\/figcaption><\/figure>\n<p>&nbsp;<\/p>\n<p><strong>Za\u0142\u0105czniki:<\/strong><\/p>\n<ul>\n<li><a href=\"https:\/\/rops-bialystok.pl\/fers\/wp-content\/uploads\/2025\/10\/Wyniki_POW_2025.pdf\">Wyniki POW 2025 [.PDF]<\/a><\/li>\n<\/ul>\n<p>&nbsp;<\/p>\n","protected":false},"excerpt":{"rendered":"<p>To\u00a0forma wsparcia dla opiekun\u00f3w os\u00f3b z niepe\u0142nosprawno\u015bciami lub niesamodzielnych, polegaj\u0105ca na czasowym przej\u0119ciu opieki nad podopiecznym, daj\u0105c opiekunowi mo\u017cliwo\u015b\u0107 odpoczynku i za\u0142atwienia spraw osobistych.\u00a0Celem opieki wytchnieniowej jest odci\u0105\u017cenie opiekun\u00f3w, umo\u017cliwienie im regeneracji oraz zapewnienie, \u017ce osoba niesamodzielna ma zapewnion\u0105 odpowiedni\u0105 opiek\u0119 w czasie ich nieobecno\u015bci. &nbsp; Za\u0142\u0105czniki: Wyniki POW 2025 [.PDF] &nbsp;<\/p>\n","protected":false},"author":2,"featured_media":0,"parent":0,"menu_order":0,"comment_status":"closed","ping_status":"closed","template":"","meta":{"footnotes":""},"class_list":["post-25485","page","type-page","status-publish","hentry"],"_links":{"self":[{"href":"https:\/\/rops-bialystok.pl\/fers\/wp-json\/wp\/v2\/pages\/25485","targetHints":{"allow":["GET"]}}],"collection":[{"href":"https:\/\/rops-bialystok.pl\/fers\/wp-json\/wp\/v2\/pages"}],"about":[{"href":"https:\/\/rops-bialystok.pl\/fers\/wp-json\/wp\/v2\/types\/page"}],"author":[{"embeddable":true,"href":"https:\/\/rops-bialystok.pl\/fers\/wp-json\/wp\/v2\/users\/2"}],"replies":[{"embeddable":true,"href":"https:\/\/rops-bialystok.pl\/fers\/wp-json\/wp\/v2\/comments?post=25485"}],"version-history":[{"count":6,"href":"https:\/\/rops-bialystok.pl\/fers\/wp-json\/wp\/v2\/pages\/25485\/revisions"}],"predecessor-version":[{"id":26248,"href":"https:\/\/rops-bialystok.pl\/fers\/wp-json\/wp\/v2\/pages\/25485\/revisions\/26248"}],"wp:attachment":[{"href":"https:\/\/rops-bialystok.pl\/fers\/wp-json\/wp\/v2\/media?parent=25485"}],"curies":[{"name":"wp","href":"https:\/\/api.w.org\/{rel}","templated":true}]}}