{"id":25489,"date":"2025-07-28T11:04:41","date_gmt":"2025-07-28T09:04:41","guid":{"rendered":"https:\/\/rops-bialystok.pl\/fers\/?page_id=25489"},"modified":"2025-10-23T13:40:55","modified_gmt":"2025-10-23T11:40:55","slug":"centra-opiekunczo-mieszkalne","status":"publish","type":"page","link":"https:\/\/rops-bialystok.pl\/fers\/centra-opiekunczo-mieszkalne\/","title":{"rendered":"Centra opieku\u0144czo-mieszkalne"},"content":{"rendered":"<p>To\u00a0plac\u00f3wki wsparcia dziennego lub ca\u0142odobowego, kt\u00f3re oferuj\u0105 pomoc doros\u0142ym osobom z niepe\u0142nosprawno\u015bciami, g\u0142\u00f3wnie ze znacznym lub umiarkowanym stopniem niepe\u0142nosprawno\u015bci.\u00a0G\u0142\u00f3wnym celem tych centr\u00f3w jest zapewnienie osobom niepe\u0142nosprawnym warunk\u00f3w do samodzielnego i godnego funkcjonowania, uwzgl\u0119dniaj\u0105c ich indywidualne potrzeby, w tym potrzeby zdrowotne, piel\u0119gnacyjne, rehabilitacyjne i spo\u0142eczne.<\/p>\n<figure id=\"attachment_26142\" aria-describedby=\"caption-attachment-26142\" style=\"width: 696px\" class=\"wp-caption aligncenter\"><a href=\"https:\/\/rops-bialystok.pl\/fers\/wp-content\/uploads\/2025\/10\/centra-opiekunczo-mieszkalne.png\"><img loading=\"lazy\" decoding=\"async\" class=\"wp-image-26142 size-full\" src=\"https:\/\/rops-bialystok.pl\/fers\/wp-content\/uploads\/2025\/10\/centra-opiekunczo-mieszkalne.png\" alt=\"Mapa - centra opieku\u0144czo-meszkalne w wojew\u00f3dztwie podlaskim.\" width=\"696\" height=\"777\" srcset=\"https:\/\/rops-bialystok.pl\/fers\/wp-content\/uploads\/2025\/10\/centra-opiekunczo-mieszkalne.png 696w, https:\/\/rops-bialystok.pl\/fers\/wp-content\/uploads\/2025\/10\/centra-opiekunczo-mieszkalne-269x300.png 269w\" sizes=\"auto, (max-width: 696px) 85vw, 696px\" \/><\/a><figcaption id=\"caption-attachment-26142\" class=\"wp-caption-text\">Centra opieku\u0144czo &#8211; mieszkalne funkcjonuj\u0105ce w wojew\u00f3dztwie podlaskim w 2024 roku.<\/figcaption><\/figure>\n<p><strong>Za\u0142\u0105czniki:<\/strong><\/p>\n<ul>\n<li><a href=\"https:\/\/rops-bialystok.pl\/fers\/wp-content\/uploads\/2025\/10\/Rejestr_centrow_opiekunczo_mieszkalnych_stan_na_dzien_18_11_2024.pdf\">Rejestr centr\u00f3w opieku\u0144czo mieszkalnych stan na dzie\u0144 18_11_2024 [.PDF]<\/a><\/li>\n<\/ul>\n","protected":false},"excerpt":{"rendered":"<p>To\u00a0plac\u00f3wki wsparcia dziennego lub ca\u0142odobowego, kt\u00f3re oferuj\u0105 pomoc doros\u0142ym osobom z niepe\u0142nosprawno\u015bciami, g\u0142\u00f3wnie ze znacznym lub umiarkowanym stopniem niepe\u0142nosprawno\u015bci.\u00a0G\u0142\u00f3wnym celem tych centr\u00f3w jest zapewnienie osobom niepe\u0142nosprawnym warunk\u00f3w do samodzielnego i godnego funkcjonowania, uwzgl\u0119dniaj\u0105c ich indywidualne potrzeby, w tym potrzeby zdrowotne, piel\u0119gnacyjne, rehabilitacyjne i spo\u0142eczne. Za\u0142\u0105czniki: Rejestr centr\u00f3w opieku\u0144czo mieszkalnych stan na dzie\u0144 18_11_2024 [.PDF]<\/p>\n","protected":false},"author":2,"featured_media":0,"parent":0,"menu_order":0,"comment_status":"closed","ping_status":"closed","template":"","meta":{"footnotes":""},"class_list":["post-25489","page","type-page","status-publish","hentry"],"_links":{"self":[{"href":"https:\/\/rops-bialystok.pl\/fers\/wp-json\/wp\/v2\/pages\/25489","targetHints":{"allow":["GET"]}}],"collection":[{"href":"https:\/\/rops-bialystok.pl\/fers\/wp-json\/wp\/v2\/pages"}],"about":[{"href":"https:\/\/rops-bialystok.pl\/fers\/wp-json\/wp\/v2\/types\/page"}],"author":[{"embeddable":true,"href":"https:\/\/rops-bialystok.pl\/fers\/wp-json\/wp\/v2\/users\/2"}],"replies":[{"embeddable":true,"href":"https:\/\/rops-bialystok.pl\/fers\/wp-json\/wp\/v2\/comments?post=25489"}],"version-history":[{"count":4,"href":"https:\/\/rops-bialystok.pl\/fers\/wp-json\/wp\/v2\/pages\/25489\/revisions"}],"predecessor-version":[{"id":26156,"href":"https:\/\/rops-bialystok.pl\/fers\/wp-json\/wp\/v2\/pages\/25489\/revisions\/26156"}],"wp:attachment":[{"href":"https:\/\/rops-bialystok.pl\/fers\/wp-json\/wp\/v2\/media?parent=25489"}],"curies":[{"name":"wp","href":"https:\/\/api.w.org\/{rel}","templated":true}]}}