{"id":26357,"date":"2025-11-20T14:21:12","date_gmt":"2025-11-20T13:21:12","guid":{"rendered":"https:\/\/rops-bialystok.pl\/fers\/?page_id=26357"},"modified":"2025-11-20T14:21:12","modified_gmt":"2025-11-20T13:21:12","slug":"podlaska-sieci-wspolpracy-cis-i-kis","status":"publish","type":"page","link":"https:\/\/rops-bialystok.pl\/fers\/podlaska-sieci-wspolpracy-cis-i-kis\/","title":{"rendered":"Podlaska Sieci Wsp\u00f3\u0142pracy CIS i KIS"},"content":{"rendered":"<p>Regionalny O\u015brodek Polityki Spo\u0142ecznej w Bia\u0142ymstoku informuje o powo\u0142aniu <strong>Podlaskiej Sieci Wsp\u00f3\u0142pracy Centr\u00f3w Integracji Spo\u0142ecznej (CIS) i Klub\u00f3w Integracji Spo\u0142ecznej (KIS)<\/strong> \u2013 platformy wsp\u00f3\u0142pracy podmiot\u00f3w realizuj\u0105cych dzia\u0142ania w zakresie reintegracji spo\u0142ecznej i zawodowej os\u00f3b zagro\u017conych wykluczeniem spo\u0142ecznym.<\/p>\n<p>Sie\u0107 zosta\u0142a utworzona w ramach projektu <strong>\u201eKoordynacja dzia\u0142a\u0144 w zakresie polityki spo\u0142ecznej w wojew\u00f3dztwie podlaskim\u201d<\/strong>, wsp\u00f3\u0142finansowanego z Europejskiego Funduszu Spo\u0142ecznego Plus w ramach Programu Fundusze Europejskie dla Rozwoju Spo\u0142ecznego 2021\u20132027. Liderem inicjatywy jest Regionalny O\u015brodek Polityki Spo\u0142ecznej w Bia\u0142ymstoku.<\/p>\n<p>Podlaska Sie\u0107 Wsp\u00f3\u0142pracy CIS i KIS ma na celu m.in.:<\/p>\n<ul>\n<li>wzajemne wsparcie merytoryczne i wymian\u0119 do\u015bwiadcze\u0144 pomi\u0119dzy podmiotami pracuj\u0105cymi z osobami zagro\u017conymi wykluczeniem spo\u0142ecznym,<\/li>\n<li>udzia\u0142 w spotkaniach sieciuj\u0105cych, wizytach studyjnych oraz dzia\u0142aniach po\u015bwi\u0119conych prezentacji dobrych praktyk i wypracowanych rozwi\u0105za\u0144,<\/li>\n<li>podejmowanie wsp\u00f3lnych inicjatyw i projekt\u00f3w,<\/li>\n<li>integrowanie \u015brodowiska CIS i KIS na poziomie lokalnym, ponadlokalnym i wojew\u00f3dzkim,<\/li>\n<li>omawianie potrzeb i sytuacji klient\u00f3w obj\u0119tych wsparciem,<\/li>\n<li>wymian\u0119 informacji o projektach i dzia\u0142aniach realizowanych na poziomie regionalnym.<\/li>\n<\/ul>\n<p><strong>Zasady funkcjonowania i cz\u0142onkostwo<\/strong><\/p>\n<p>Sie\u0107 ma charakter <strong>otwarty i dobrowolny<\/strong>. Do\u0142\u0105czenie do niej wymaga z\u0142o\u017cenia deklaracji przyst\u0105pienia oraz pozytywnej weryfikacji przez Lidera Sieci. Cz\u0142onkami mog\u0105 zosta\u0107 CIS, KIS oraz inne podmioty dzia\u0142aj\u0105ce na rzecz reintegracji spo\u0142ecznej i zawodowej. Spotkania robocze organizowane s\u0105 przez ROPS w Bia\u0142ymstoku i odbywaj\u0105 si\u0119 zgodnie ze zg\u0142aszanymi potrzebami cz\u0142onk\u00f3w. W zale\u017cno\u015bci od tematyki, w pracach Sieci mog\u0105 uczestniczy\u0107 r\u00f3wnie\u017c eksperci, przedstawiciele instytucji wsp\u00f3\u0142pracuj\u0105cych, \u015brodowiska naukowego oraz cz\u0142onkowie Regionalnego Komitetu Rozwoju Ekonomii Spo\u0142ecznej. Porozumienie nie tworzy stosunku podleg\u0142o\u015bci mi\u0119dzy stronami, nie nak\u0142ada te\u017c \u017cadnych koszt\u00f3w ani zobowi\u0105za\u0144 finansowych dla cz\u0142onk\u00f3w Sieci. Ka\u017cdy z podmiot\u00f3w mo\u017ce w dowolnym momencie zrezygnowa\u0107 z uczestnictwa, sk\u0142adaj\u0105c stosowne o\u015bwiadczenie.<\/p>\n<p>Sie\u0107 zosta\u0142a utworzona w ramach projektu <strong>\u201eKoordynacja dzia\u0142a\u0144 w zakresie polityki spo\u0142ecznej w wojew\u00f3dztwie podlaskim\u201d<\/strong>, wsp\u00f3\u0142finansowanego z Europejskiego Funduszu Spo\u0142ecznego Plus w ramach Programu Fundusze Europejskie dla Rozwoju Spo\u0142ecznego 2021\u20132027. Liderem inicjatywy jest Regionalny O\u015brodek Polityki Spo\u0142ecznej w Bia\u0142ymstoku.<\/p>\n<p>&nbsp;<\/p>\n<p><strong>Za\u0142\u0105czniki:<\/strong><\/p>\n<ol>\n<li><a href=\"https:\/\/rops-bialystok.pl\/fers\/wp-content\/uploads\/2025\/11\/porozumienie-CIS-i-KIS.docx\">Porozumienie o wsp\u00f3\u0142pracy w ramach Podlaskiej Sieci Wsp\u00f3\u0142pracy Centr\u00f3w Integracji Spo\u0142ecznej (CIS) i Klub\u00f3w Integracji Spo\u0142ecznej (KIS) [.DOCX]<\/a><\/li>\n<li><a href=\"https:\/\/rops-bialystok.pl\/fers\/wp-content\/uploads\/2025\/11\/deklaracja-przystapienia-do-sieci-CIS-i-KIS.docx\">Deklaracja zg\u0142oszeniowa przyst\u0105pienia do sieci [.DOCX]<\/a><\/li>\n<\/ol>\n","protected":false},"excerpt":{"rendered":"<p>Regionalny O\u015brodek Polityki Spo\u0142ecznej w Bia\u0142ymstoku informuje o powo\u0142aniu Podlaskiej Sieci Wsp\u00f3\u0142pracy Centr\u00f3w Integracji Spo\u0142ecznej (CIS) i Klub\u00f3w Integracji Spo\u0142ecznej (KIS) \u2013 platformy wsp\u00f3\u0142pracy podmiot\u00f3w realizuj\u0105cych dzia\u0142ania w zakresie reintegracji spo\u0142ecznej i zawodowej os\u00f3b zagro\u017conych wykluczeniem spo\u0142ecznym. Sie\u0107 zosta\u0142a utworzona w ramach projektu \u201eKoordynacja dzia\u0142a\u0144 w zakresie polityki spo\u0142ecznej w wojew\u00f3dztwie podlaskim\u201d, wsp\u00f3\u0142finansowanego z Europejskiego &hellip; <a href=\"https:\/\/rops-bialystok.pl\/fers\/podlaska-sieci-wspolpracy-cis-i-kis\/\" class=\"more-link\">Continue reading<span class=\"screen-reader-text\"> &#8222;Podlaska Sieci Wsp\u00f3\u0142pracy CIS i KIS&#8221;<\/span><\/a><\/p>\n","protected":false},"author":2,"featured_media":0,"parent":0,"menu_order":0,"comment_status":"closed","ping_status":"closed","template":"","meta":{"footnotes":""},"class_list":["post-26357","page","type-page","status-publish","hentry"],"_links":{"self":[{"href":"https:\/\/rops-bialystok.pl\/fers\/wp-json\/wp\/v2\/pages\/26357","targetHints":{"allow":["GET"]}}],"collection":[{"href":"https:\/\/rops-bialystok.pl\/fers\/wp-json\/wp\/v2\/pages"}],"about":[{"href":"https:\/\/rops-bialystok.pl\/fers\/wp-json\/wp\/v2\/types\/page"}],"author":[{"embeddable":true,"href":"https:\/\/rops-bialystok.pl\/fers\/wp-json\/wp\/v2\/users\/2"}],"replies":[{"embeddable":true,"href":"https:\/\/rops-bialystok.pl\/fers\/wp-json\/wp\/v2\/comments?post=26357"}],"version-history":[{"count":1,"href":"https:\/\/rops-bialystok.pl\/fers\/wp-json\/wp\/v2\/pages\/26357\/revisions"}],"predecessor-version":[{"id":26360,"href":"https:\/\/rops-bialystok.pl\/fers\/wp-json\/wp\/v2\/pages\/26357\/revisions\/26360"}],"wp:attachment":[{"href":"https:\/\/rops-bialystok.pl\/fers\/wp-json\/wp\/v2\/media?parent=26357"}],"curies":[{"name":"wp","href":"https:\/\/api.w.org\/{rel}","templated":true}]}}