{"id":26909,"date":"2026-03-31T14:54:30","date_gmt":"2026-03-31T12:54:30","guid":{"rendered":"https:\/\/rops-bialystok.pl\/fers\/?page_id=26909"},"modified":"2026-04-01T09:33:48","modified_gmt":"2026-04-01T07:33:48","slug":"produkty-projektu","status":"publish","type":"page","link":"https:\/\/rops-bialystok.pl\/fers\/produkty-projektu\/","title":{"rendered":"Produkty Projektu"},"content":{"rendered":"<p>Utwory opracowane w wyniku realizacji projektu \u201eKoordynacja dzia\u0142a\u0144 w zakresie polityki spo\u0142ecznej w wojew\u00f3dztwie podlaskim\u201d<\/p>\n<p>Poni\u017csze produkty s\u0105 udost\u0119pnione w ramach licencji otwartej Creative Commons (<a href=\"https:\/\/creativecommons.org\/licenses\/by\/4.0\/deed.pl\">CC BY 4.0<\/a>).<\/p>\n<ol>\n<li>Diagnozy potrzeb szkoleniowo &#8211; doradczych:\n<ul>\n<li><a href=\"https:\/\/rops-bialystok.pl\/fers\/wp-content\/uploads\/2026\/03\/Diagnoza-potrzeb-szkoleniowo-doradczych-2024-2025.pdf\">Diagnoza potrzeb szkoleniowo \u2013 doradczych na lata 2024-2025<\/a><\/li>\n<\/ul>\n<\/li>\n<li>Monitoring \u201eWieloletniego Programu Rozwoju Ekonomii Spo\u0142ecznej w wojew\u00f3dztwie podlaskim do roku 2027. Ekonomia Solidarno\u015bci spo\u0142ecznej\u201d:\n<ul>\n<li><a href=\"https:\/\/rops-bialystok.pl\/fers\/wp-content\/uploads\/2026\/03\/Monitoring-WPRES-2023.pdf\">Monitoring za rok 2023<\/a><\/li>\n<li><a href=\"https:\/\/rops-bialystok.pl\/fers\/wp-content\/uploads\/2026\/03\/Monitoring-WPRES-2024.pdf\">Monitoring za rok 2024<\/a><\/li>\n<\/ul>\n<\/li>\n<li><a href=\"https:\/\/rops-bialystok.pl\/fers\/wp-content\/uploads\/2026\/03\/Monitoring-RPDI-2023-2025-1.pdf\">Monitoring Regionalnego Planu Rozwoju Us\u0142ug Spo\u0142ecznych i Deinstytucjonalizacji w Wojew\u00f3dztwie Podlaskim na lata 2023-2025 (RPDI)<\/a><\/li>\n<li><a href=\"https:\/\/rops-bialystok.pl\/fers\/wp-content\/uploads\/2026\/03\/RPDI-Diagnoza-obszarow.pdf\">Diagnoza obszar\u00f3w obj\u0119tych Regionalnym Planem Rozwoju Us\u0142ug Spo\u0142ecznych i Deinstytucjonalizacji dla wojew\u00f3dztwa podlaskiego<\/a><\/li>\n<li>Badanie \u201eMapowanie potrzeb w zakresie opieki d\u0142ugoterminowej w systemie pomocy spo\u0142ecznej w wojew\u00f3dztwie podlaskim\u201d:\n<ul>\n<li><a href=\"https:\/\/rops-bialystok.pl\/fers\/wp-content\/uploads\/2026\/03\/Badanie-Raport-koncowy.pdf\">Raport ko\u0144cowy<\/a><\/li>\n<li><a href=\"https:\/\/rops-bialystok.pl\/fers\/wp-content\/uploads\/2026\/03\/Badanie-Prezentacja.pptx\">Prezentacja<\/a><\/li>\n<\/ul>\n<\/li>\n<li><a href=\"https:\/\/www.youtube.com\/watch?v=_kiJKBQmU5k\">Film \u201eForum Inicjatyw Lokalnych 2025\u201d<\/a><\/li>\n<\/ol>\n<p>&nbsp;<\/p>\n","protected":false},"excerpt":{"rendered":"<p>Utwory opracowane w wyniku realizacji projektu \u201eKoordynacja dzia\u0142a\u0144 w zakresie polityki spo\u0142ecznej w wojew\u00f3dztwie podlaskim\u201d Poni\u017csze produkty s\u0105 udost\u0119pnione w ramach licencji otwartej Creative Commons (CC BY 4.0). Diagnozy potrzeb szkoleniowo &#8211; doradczych: Diagnoza potrzeb szkoleniowo \u2013 doradczych na lata 2024-2025 Monitoring \u201eWieloletniego Programu Rozwoju Ekonomii Spo\u0142ecznej w wojew\u00f3dztwie podlaskim do roku 2027. Ekonomia Solidarno\u015bci &hellip; <a href=\"https:\/\/rops-bialystok.pl\/fers\/produkty-projektu\/\" class=\"more-link\">Continue reading<span class=\"screen-reader-text\"> &#8222;Produkty Projektu&#8221;<\/span><\/a><\/p>\n","protected":false},"author":2,"featured_media":0,"parent":0,"menu_order":0,"comment_status":"closed","ping_status":"closed","template":"","meta":{"footnotes":""},"class_list":["post-26909","page","type-page","status-publish","hentry"],"_links":{"self":[{"href":"https:\/\/rops-bialystok.pl\/fers\/wp-json\/wp\/v2\/pages\/26909","targetHints":{"allow":["GET"]}}],"collection":[{"href":"https:\/\/rops-bialystok.pl\/fers\/wp-json\/wp\/v2\/pages"}],"about":[{"href":"https:\/\/rops-bialystok.pl\/fers\/wp-json\/wp\/v2\/types\/page"}],"author":[{"embeddable":true,"href":"https:\/\/rops-bialystok.pl\/fers\/wp-json\/wp\/v2\/users\/2"}],"replies":[{"embeddable":true,"href":"https:\/\/rops-bialystok.pl\/fers\/wp-json\/wp\/v2\/comments?post=26909"}],"version-history":[{"count":3,"href":"https:\/\/rops-bialystok.pl\/fers\/wp-json\/wp\/v2\/pages\/26909\/revisions"}],"predecessor-version":[{"id":26950,"href":"https:\/\/rops-bialystok.pl\/fers\/wp-json\/wp\/v2\/pages\/26909\/revisions\/26950"}],"wp:attachment":[{"href":"https:\/\/rops-bialystok.pl\/fers\/wp-json\/wp\/v2\/media?parent=26909"}],"curies":[{"name":"wp","href":"https:\/\/api.w.org\/{rel}","templated":true}]}}