{"id":27,"date":"2012-07-20T21:49:49","date_gmt":"2012-07-20T19:49:49","guid":{"rendered":"http:\/\/www.rops-bialystok.pl\/ppwr\/?page_id=27"},"modified":"2023-07-07T14:05:01","modified_gmt":"2023-07-07T12:05:01","slug":"lokalne-zespoly-interdyscyplinarne","status":"publish","type":"page","link":"https:\/\/rops-bialystok.pl\/ppwr\/?page_id=27","title":{"rendered":"Zespo\u0142y interdyscyplinarne"},"content":{"rendered":"<p style=\"text-align: left;\"><span style=\"font-family: arial, helvetica, sans-serif; font-size: 14px;\">Utworzenie Zespo\u0142u Interdyscyplinarnego ds. przeciwdzia\u0142ania przemocy w rodzinie jest efektem wej\u015bcia w \u017cycie nowych przepis\u00f3w ustawy o przeciwdzia\u0142aniu przemocy w rodzinie oraz towarzysz\u0105cych jej regulacji prawa miejscowego. Celem dzia\u0142ania Zespo\u0142u jest koordynowanie systemu przeciwdzia\u0142ania przemocy domowej na najni\u017cszym szczeblu samorz\u0105du terytorialnego \u2013 w obszarze gminy. Zesp\u00f3\u0142 \u00a0to grupa ludzi, specjalist\u00f3w z r\u00f3\u017cnych dziedzin, zajmuj\u0105ca si\u0119 rozwi\u0105zaniem konkretnego problemu przy wykorzystaniu zasob\u00f3w b\u0119d\u0105cych w dyspozycji ka\u017cdego z cz\u0142onk\u00f3w takiego Zespo\u0142u. Jego funkcjonowanie okre\u015blone jest w drodze porozumie\u0144 zawartych mi\u0119dzy gmin\u0105 a podmiotami nios\u0105cymi pomoc osobom doznaj\u0105cym przemocy w rodzinie.<\/span><\/p>\n<p style=\"text-align: left;\"><span style=\"font-family: arial, helvetica, sans-serif;\"><strong><span style=\"font-size: 14px;\">\u00a0SK\u0141AD ZESPO\u0141U TO PRZEDSTAWICIELE:<\/span><\/strong><\/span><\/p>\n<ul style=\"text-align: left;\">\n<li><span style=\"font-family: arial, helvetica, sans-serif;\">jednostek organizacyjnych pomocy spo\u0142ecznej,<\/span><\/li>\n<li><span style=\"font-family: arial, helvetica, sans-serif;\">gminnych komisji rozwi\u0105zywania problem\u00f3w alkoholowych,<\/span><\/li>\n<li><span style=\"font-family: arial, helvetica, sans-serif;\">Policji,<\/span><\/li>\n<li><span style=\"font-family: arial, helvetica, sans-serif;\">o\u015bwiaty,<\/span><\/li>\n<li><span style=\"font-family: arial, helvetica, sans-serif;\">ochrony zdrowia,<\/span><\/li>\n<li><span style=\"font-family: arial, helvetica, sans-serif;\">organizacji pozarz\u0105dowych,<\/span><\/li>\n<li><span style=\"font-family: arial, helvetica, sans-serif;\">kurator\u00f3w s\u0105dowych.<\/span><\/li>\n<\/ul>\n<p style=\"text-align: left;\"><span style=\"font-family: arial, helvetica, sans-serif;\">czasami\u00a0r\u00f3wnie\u017c:<\/span><\/p>\n<ul style=\"text-align: left;\">\n<li><span style=\"font-family: arial, helvetica, sans-serif;\">prokurator\u00f3w,<\/span><\/li>\n<li><span style=\"font-family: arial, helvetica, sans-serif;\">przedstawicieli podmiot\u00f3w dzia\u0142aj\u0105cych na rzecz przeciwdzia\u0142ania przemocy w\u00a0 rodzinie.<\/span><\/li>\n<\/ul>\n<p style=\"text-align: left;\"><span style=\"font-family: arial, helvetica, sans-serif;\"><strong>ZADANIA ZESPO\u0141U INTERDYSCYPLINARNEGO:<\/strong><\/span><\/p>\n<ul style=\"list-style-type: disc; text-align: left;\">\n<li><span style=\"font-family: arial, helvetica, sans-serif;\">integrowanie i koordynowanie dzia\u0142a\u0144 w\/w podmiot\u00f3w,<\/span><\/li>\n<li><span style=\"font-family: arial, helvetica, sans-serif;\">diagnozowanie problemu przemocy w rodzinie,<\/span><\/li>\n<li><span style=\"font-family: arial, helvetica, sans-serif;\">podejmowanie dzia\u0142a\u0144 w \u015brodowisku zagro\u017conym przemoc\u0105 w rodzinie maj\u0105cych na celu przeciwdzia\u0142anie temu zjawisku,<\/span><\/li>\n<li><span style=\"font-family: arial, helvetica, sans-serif;\">inicjowanie interwencji w \u015brodowisku dotkni\u0119tym przemoc\u0105 w rodzinie,<\/span><\/li>\n<li><span style=\"font-family: arial, helvetica, sans-serif;\">rozpowszechnianie informacji o instytucjach, osobach i mo\u017cliwo\u015bciach udzielania pomocy w \u015brodowisku lokalnym,<\/span><\/li>\n<li><span style=\"font-family: arial, helvetica, sans-serif;\">inicjowanie dzia\u0142a\u0144 w stosunku do os\u00f3b stosuj\u0105cych przemoc w rodzinie.<\/span><\/li>\n<\/ul>\n<p style=\"text-align: left;\"><span style=\"font-family: arial, helvetica, sans-serif;\">W celu rozwi\u0105zywania problem\u00f3w zwi\u0105zanych z wyst\u0105pieniem przemocy w rodzinie Zesp\u00f3\u0142 mo\u017ce tworzy\u0107 <strong>grupy robocze. <\/strong>Sk\u0142ad grupy roboczej nie r\u00f3\u017cni znacz\u0105co od sk\u0142adu Zespo\u0142u. S\u0105 to przedstawiciele: jednostek organizacyjnych pomocy spo\u0142ecznej, gminnych komisji rozwi\u0105zywania problem\u00f3w alkoholowych, policji, o\u015bwiaty, ochrony zdrowia, jak r\u00f3wnie\u017c kuratorzy s\u0105dowi, przedstawiciele innych podmiot\u00f3w, specjali\u015bci w dziedzinie przeciwdzia\u0142ania przemocy w rodzinie<\/span><\/p>\n<p style=\"text-align: left;\"><span style=\"font-family: arial, helvetica, sans-serif;\"><strong>ZADANIA GRUPY ROBOCZEJ:<\/strong><\/span><\/p>\n<ul style=\"list-style-type: disc; text-align: left;\">\n<li><span style=\"font-family: arial, helvetica, sans-serif;\">opracowanie i realizacja planu pomocy w indywidualnych przypadkach wyst\u0105pienia przemocy w rodzinie<\/span><\/li>\n<li><span style=\"font-family: arial, helvetica, sans-serif;\">monitorowanie sytuacji rodzin, w kt\u00f3rych dochodzi do przemocy oraz rodzin zagro\u017conych wyst\u0105pieniem przemocy,<\/span><\/li>\n<li><span style=\"font-family: arial, helvetica, sans-serif;\">dokumentowanie dzia\u0142a\u0144 podejmowanych wobec rodzin, w kt\u00f3rych dochodzi do przemocy oraz efekt\u00f3w tych dzia\u0142a\u0144.<\/span><\/li>\n<\/ul>\n<p style=\"text-align: left;\">\n<p style=\"text-align: left;\"><span style=\"font-family: arial, helvetica, sans-serif; font-size: 16px;\"><b>REALIZACJA PROCEDURY \u201eNIEBIESKIE KARTY\u201d WYKONYWANA PRZEZ ZESP\u00d3\u0141 INTERDYSCYPLINARNY\/GRUP\u0118 ROBOCZ\u0104<\/b><\/span><\/p>\n<p style=\"text-align: left;\"><span style=\"font-family: arial, helvetica, sans-serif; font-size: 14px;\"><strong>ZADANIA CZ\u0141OK\u00d3W ZESPO\u0141U\/GRUPY ROBOCZEJ W RAMACH PROCEDURY:<\/strong><\/span><\/p>\n<ol>\n<li style=\"text-align: left;\"><span style=\"font-family: arial, helvetica, sans-serif;\">udzielaj\u0105 pomocy osobie, co do kt\u00f3rej istnieje podejrzenie, \u017ce jest dotkni\u0119ta przemoc\u0105 w rodzinie;<\/span><\/li>\n<li style=\"text-align: left;\"><span style=\"font-family: arial, helvetica, sans-serif;\">podejmuj\u0105 dzia\u0142ania w stosunku do osoby, wobec kt\u00f3rej istnieje podejrzenie, \u017ce stosuje przemoc w rodzinie, w celu zaprzestania stosowania tego rodzaju zahowa\u0144;<\/span><\/li>\n<li style=\"text-align: left;\"><span style=\"font-family: arial, helvetica, sans-serif;\">zapraszaj\u0105 osob\u0119, co do kt\u00f3rej istnieje podejrzenie, \u017ce jest dotkni\u0119ta przemoc\u0105 w rodzinie, na spotkanie zespo\u0142u interdyscyplinarnego lub grupy roboczej;<\/span><\/li>\n<li style=\"text-align: left;\"><span style=\"font-family: arial, helvetica, sans-serif;\">opracowuj\u0105 indywidualny plan pomocy dla osoby, co do kt\u00f3rej istnieje podejrzenie, \u017ce jest dotkni\u0119ta przemoc\u0105 w rodzinie i jej rodziny, kt\u00f3ry zawiera propozycje dzia\u0142a\u0144 pomocowych;<\/span><\/li>\n<li style=\"text-align: left;\"><span style=\"font-family: arial, helvetica, sans-serif;\">rozstrzygaj\u0105 o braku zasadno\u015bci podejmowania dzia\u0142a\u0144.<\/span><\/li>\n<\/ol>\n<p style=\"text-align: left;\"><span style=\"font-family: arial, helvetica, sans-serif; font-size: 14px;\"><b>CZYNNO\u015aCI WYKONYWANE PRZEZ ZESP\u00d3\u0141 GRUP\u0118 ROBOCZ\u0104 W RAMACH PROCEDURY:<\/b><\/span><\/p>\n<ul style=\"text-align: left;\">\n<li style=\"text-align: justify;\"><span style=\"font-family: arial, helvetica, sans-serif;\">na posiedzenie zespo\u0142u interdyscyplinarnego lub grupy roboczej <strong>zaprasza si\u0119 osob\u0119, co do kt\u00f3rej istnieje podejrzenie, \u017ce jest dotkni\u0119ta przemoc\u0105 w rodzinie, <span style=\"text-decoration: underline;\">przy czym nale\u017cy podkre\u015bli\u0107, i\u017c nie dotyczy to dzieci,<\/span><\/strong><\/span><\/li>\n<li style=\"text-align: justify;\"><span style=\"font-family: arial, helvetica, sans-serif;\">niestawiennictwo osoby, co do kt\u00f3rej istnieje podejrzenie, \u017ce jest dotkni\u0119ta przemoc\u0105 w rodzinie, nie wstrzymuje prac zespo\u0142u interdyscyplinarnego lub grupy roboczej,<\/span><\/li>\n<li style=\"text-align: justify;\"><span style=\"font-family: arial, helvetica, sans-serif;\">cz\u0142onkowie zespo\u0142u interdyscyplinarnego lub grupy roboczej, w obecno\u015bci osoby, wobec kt\u00f3rej istnieje podejrzenie, \u017ce jest dotkni\u0119ta przemoc\u0105 w rodzinie, dokonuj\u0105 pog\u0142\u0119bionej analizy sytuacji rodziny, ustalaj\u0105 indywidualny plan pomocy dla osoby, co do kt\u00f3rej istnieje podejrzenie, \u017ce jest dotkni\u0119ta przemoc\u0105 w rodzinie w zakresie dzia\u0142ania wszystkich podmiot\u00f3w, realizuj\u0105cych procedur\u0119 \u201eNiebieskie Karty\u201d i wype\u0142niaj\u0105 formularz <strong>\u201eNiebieska Karta &#8211; C\u201d,<\/strong> kt\u00f3ry stanowi za\u0142\u0105cznik nr 3 do rozporz\u0105dzenia,<\/span><\/li>\n<li style=\"text-align: justify;\"><span style=\"font-family: arial, helvetica, sans-serif;\">indywidualny plan pomocy obejmuje og\u00f3\u0142 dzia\u0142a\u0144 podejmowanych przez osob\u0119, co do kt\u00f3rej istnieje podejrzenie, \u017ce jest dotkni\u0119ta przemoc\u0105 w rodzinie, oraz podmioty realizuj\u0105ce procedur\u0119 \u201eNiebieskie Karty\u201d, w celu poprawy sytuacji \u017cyciowej tej osoby oraz jej rodziny, mo\u017ce\u00a0 on ulec zmianie w zale\u017cno\u015bci od potrzeb i sytuacji osoby, co do kt\u00f3rej istnieje podejrzenie, \u017ce jest dotkni\u0119ta przemoc\u0105 w rodzinie, w szczeg\u00f3lno\u015bci w sytuacji stwierdzenia nowego zdarzenia stosowania przemocy w rodzinie w trakcie dzia\u0142a\u0144 dokonywanych przez zesp\u00f3\u0142 interdyscyplinarny lub grup\u0119 robocz\u0105,<\/span><\/li>\n<li style=\"text-align: justify;\"><span style=\"font-family: arial, helvetica, sans-serif;\">przewodnicz\u0105cy zespo\u0142u interdyscyplinarnego <strong>wzywa osob\u0119, wobec kt\u00f3rej istnieje podejrzenie, \u017ce stosuje przemoc w rodzinie<\/strong>, na spotkanie zespo\u0142u interdyscyplinarnego lub grupy roboczej,<\/span><\/li>\n<li style=\"text-align: justify;\"><span style=\"font-family: arial, helvetica, sans-serif;\">cz\u0142onkowie zespo\u0142u interdyscyplinarnego lub grupy roboczej w obecno\u015bci osoby, wobec kt\u00f3rej istnieje podejrzenie, \u017ce stosuje przemoc w rodzinie, wype\u0142niaj\u0105 formularz <strong>\u201eNiebieska Karta &#8211; D\u201d<\/strong>, kt\u00f3ry stanowi za\u0142\u0105cznik nr 4 do rozporz\u0105dzenia,<\/span><\/li>\n<li style=\"text-align: justify;\"><span style=\"font-family: arial, helvetica, sans-serif;\">formularze \u201eNiebieska Karta \u2013 C\u201d i \u201eNiebieska Karta &#8211; D\u201d podpisuje przewodnicz\u0105cy zespo\u0142u interdyscyplinarnego,<\/span><\/li>\n<li style=\"text-align: justify;\"><span style=\"font-family: arial, helvetica, sans-serif;\">zesp\u00f3\u0142 interdyscyplinarny lub grupa robocza podejmuj\u0105 decyzj\u0119, jak b\u0119d\u0105 sk\u0142adane systematyczne wizyty funkcjonariusza Policji, sprawdzaj\u0105ce stan bezpiecze\u0144stwa osoby, co do kt\u00f3rej istnieje podejrzenie, \u017ce jest dotkni\u0119ta przemoc\u0105 w rodzinie,<\/span><\/li>\n<li style=\"text-align: justify;\"><span style=\"font-family: arial, helvetica, sans-serif;\">wszystkie dzia\u0142ania, podejmowane w zwi\u0105zku z realizacj\u0105 procedury \u201eNiebieskie Karty\u201d s\u0105 dokumentowane. W przypadku podejrzenia pope\u0142nienia przest\u0119pstwa dokumenty s\u0105 przekazywane organom w\u0142a\u015bciwym do prowadzenia post\u0119powania przygotowawczego.<\/span><\/li>\n<\/ul>\n<p style=\"text-align: left;\"><span style=\"font-family: arial, helvetica, sans-serif;\"><strong>WSKAZ\u00d3WKI:<\/strong><\/span><\/p>\n<ol>\n<li style=\"text-align: left;\"><span style=\"font-family: arial, helvetica, sans-serif; font-size: 12px;\"><b>JE\u017bELI OSOBA, WOBEC KT\u00d3REJ ISTNIEJE PODEJRZENIE, \u017bE <span style=\"text-decoration: underline;\">STOSUJE PRZEMOC W RODZINIE NADU\u017bYWA ALKOHOLU<\/span>, CZ\u0141ONKOWIE ZESPO\u0141U INTERDYSCYPLINARNEGO LUB GRUPY ROBOCZEJ KIERUJ\u0104 J\u0104 DO GMINNEJ KOMISJI ROZWI\u0104ZYWANIA PROBLEM\u00d3W ALKOHOLOWYCH<\/b><\/span><\/li>\n<li style=\"text-align: left;\"><span style=\"font-family: arial, helvetica, sans-serif; font-size: 12px;\"><b>JE\u017bELI ZACHODZI PODEJRZENIE, \u017bE OSOBA WOBEC KT\u00d3REJ ISTNIEJE PODEJRZENIE, \u017bE STOSUJE PRZEMOC W RODZINIE DOPU\u015aCI\u0141A SI\u0118 PO RAZ KOLEJNY STOSOWANIA PRZEMOCY W TRAKCIE DZIA\u0141A\u0143 DOKONYWANYCH PRZEZ ZESP\u00d3\u0141 INTERDYSCYPLINARNY LUB GRUP\u0118 ROBOCZ\u0104, WYPE\u0141NIA SI\u0118 FORMULARZ <span style=\"text-decoration: underline;\">\u201eNIEBIESKA KARTA \u2013 C\u201d<\/span> W ZAKRESIE NIEZB\u0118DNYM DO UDOKUMENTOWANIA NOWEGO ZDARZENIA<\/b><\/span><\/li>\n<\/ol>\n","protected":false},"excerpt":{"rendered":"<p>Utworzenie Zespo\u0142u Interdyscyplinarnego ds. przeciwdzia\u0142ania przemocy w rodzinie jest efektem wej\u015bcia w \u017cycie nowych przepis\u00f3w ustawy o przeciwdzia\u0142aniu przemocy w rodzinie oraz towarzysz\u0105cych jej regulacji prawa miejscowego. Celem dzia\u0142ania Zespo\u0142u jest koordynowanie systemu przeciwdzia\u0142ania przemocy domowej na najni\u017cszym szczeblu samorz\u0105du terytorialnego \u2013 w obszarze gminy. Zesp\u00f3\u0142 \u00a0to grupa ludzi, specjalist\u00f3w z r\u00f3\u017cnych dziedzin, zajmuj\u0105ca si\u0119 [&hellip;]<\/p>\n","protected":false},"author":6,"featured_media":0,"parent":0,"menu_order":3,"comment_status":"closed","ping_status":"closed","template":"","meta":{"footnotes":""},"class_list":["post-27","page","type-page","status-publish","hentry"],"_links":{"self":[{"href":"https:\/\/rops-bialystok.pl\/ppwr\/index.php?rest_route=\/wp\/v2\/pages\/27","targetHints":{"allow":["GET"]}}],"collection":[{"href":"https:\/\/rops-bialystok.pl\/ppwr\/index.php?rest_route=\/wp\/v2\/pages"}],"about":[{"href":"https:\/\/rops-bialystok.pl\/ppwr\/index.php?rest_route=\/wp\/v2\/types\/page"}],"author":[{"embeddable":true,"href":"https:\/\/rops-bialystok.pl\/ppwr\/index.php?rest_route=\/wp\/v2\/users\/6"}],"replies":[{"embeddable":true,"href":"https:\/\/rops-bialystok.pl\/ppwr\/index.php?rest_route=%2Fwp%2Fv2%2Fcomments&post=27"}],"version-history":[{"count":14,"href":"https:\/\/rops-bialystok.pl\/ppwr\/index.php?rest_route=\/wp\/v2\/pages\/27\/revisions"}],"predecessor-version":[{"id":1200,"href":"https:\/\/rops-bialystok.pl\/ppwr\/index.php?rest_route=\/wp\/v2\/pages\/27\/revisions\/1200"}],"wp:attachment":[{"href":"https:\/\/rops-bialystok.pl\/ppwr\/index.php?rest_route=%2Fwp%2Fv2%2Fmedia&parent=27"}],"curies":[{"name":"wp","href":"https:\/\/api.w.org\/{rel}","templated":true}]}}