{"id":13073,"date":"2017-12-21T09:05:26","date_gmt":"2017-12-21T08:05:26","guid":{"rendered":"http:\/\/www.rops-bialystok.pl\/rops\/?page_id=13073"},"modified":"2018-02-08T10:36:34","modified_gmt":"2018-02-08T09:36:34","slug":"rada-seniorow-przy-marszalku-wojewodztwa-podlaskiego","status":"publish","type":"page","link":"https:\/\/rops-bialystok.pl\/rops\/?page_id=13073","title":{"rendered":"Rada Senior\u00f3w przy Marsza\u0142ku Wojew\u00f3dztwa Podlaskiego"},"content":{"rendered":"<p style=\"text-align: justify;\">Rada Senior\u00f3w przy Marsza\u0142ku Wojew\u00f3dztwa Podlaskiego jest cia\u0142em opiniuj\u0105co \u2013 doradczym oraz konsultacyjnym, powo\u0142anym celem reprezentowania \u015brodowiska senior\u00f3w w Samorz\u0105dzie Wojew\u00f3dztwa Podlaskiego, dzia\u0142aj\u0105cym na rzecz wzmocnienia i rozwoju regionalnej polityki senioralnej.<\/p>\n<p style=\"text-align: justify;\">Kadencja Rady trwa 4 lata. Rada liczy maksymalnie 15 cz\u0142onk\u00f3w, powo\u0142ywanych spo\u015br\u00f3d przedstawicieli reprezentuj\u0105cych osoby starsze oraz reprezentant\u00f3w podmiot\u00f3w zawodowo lub spo\u0142ecznie zajmuj\u0105cych si\u0119 problematyk\u0105 senioraln\u0105.<\/p>\n<p><strong>Zadania <\/strong><strong>Rady Senior\u00f3w przy Marsza\u0142ku Wojew\u00f3dztwa Podlaskiego:<\/strong><\/p>\n<ul>\n<li>wsp\u00f3\u0142tworzenie kierunk\u00f3w regionalnej polityki senioralnej w wojew\u00f3dztwie podlaskim, z uwzgl\u0119dnieniem dokument\u00f3w o charakterze strategicznym i wdro\u017ceniowym,<\/li>\n<li>proponowanie nowych rozwi\u0105za\u0144 i inicjowanie zmian w obszarze opieki zdrowotnej, pomocy spo\u0142ecznej, dzia\u0142alno\u015bci o\u015bwiatowej, kulturalnej i turystycznej, komunikacji publicznej i mi\u0119dzypokoleniowej, z uwzgl\u0119dnieniem potrzeb i oczekiwa\u0144 os\u00f3b starszych,<\/li>\n<li>opiniowanie projekt\u00f3w kluczowych dokument\u00f3w i propozycji rozwi\u0105za\u0144 regionalnych skierowanych do os\u00f3b starszych,<\/li>\n<li>wspieranie rozwoju i dzia\u0142a\u0144 organizacji pozarz\u0105dowych, klub\u00f3w seniora, uniwersytet\u00f3w trzeciego wieku i innych podmiot\u00f3w dzia\u0142aj\u0105cych na rzecz os\u00f3b starszych z terenu wojew\u00f3dztwa podlaskiego,<\/li>\n<li>w\u0142\u0105czanie si\u0119 w charakterze partnera w realizacj\u0119 inicjatyw na rzecz os\u00f3b starszych.<\/li>\n<\/ul>\n<p style=\"text-align: justify;\"><strong>15 grudnia 2017 roku<\/strong>., podczas wojew\u00f3dzkiej konferencji zorganizowanej przez Regionalny O\u015brodek Polityki Spo\u0142ecznej w Bia\u0142ymstoku w ramach Podlaskich Dni Seniora, Marsza\u0142ek Wojew\u00f3dztwa Podlaskiego \u2013 Jerzy Leszczy\u0144ski wr\u0119czy\u0142 nominacje cz\u0142onkom Rady Senior\u00f3w przy Marsza\u0142ku Wojew\u00f3dztwa Podlaskiego powo\u0142anym Zarz\u0105dzeniem Nr 135\/2017 Marsza\u0142ka Wojew\u00f3dztwa Podlaskiego z dnia 11 grudnia 2017 roku.&nbsp;<\/p>\n<p><strong>Sk\u0142ad osobowy Rady Senior\u00f3w przy Marsza\u0142ku Wojew\u00f3dztwa Podlaskiego I kadencji:<\/strong><\/p>\n<ul>\n<li><strong>El\u017cbieta Rajewska-Nikonowicz<\/strong> \u2013 Dyrektor Regionalnego O\u015brodka Polityki Spo\u0142ecznej w Bia\u0142ymstoku,<\/li>\n<li><strong>Eliza Szadkowska<\/strong> \u2013 Pe\u0142nomocnik Zarz\u0105du Wojew\u00f3dztwa Podlaskiego ds. wsp\u00f3\u0142pracy z organizacjami pozarz\u0105dowymi, przedstawiciel Urz\u0119du Marsza\u0142kowskiego Wojew\u00f3dztwa Podlaskiego,<\/li>\n<li><strong>Alina Py\u0142kowska<\/strong> \u2013 Przedstawiciel Departamentu Zdrowia Urz\u0119du Marsza\u0142kowskiego Wojew\u00f3dztwa Podlaskiego,<\/li>\n<li><strong>Jolanta Wo\u0142\u0105giewicz<\/strong> \u2013 specjalista ds. edukacji i aktywizacji os\u00f3b starszych w Stowarzyszeniu Szukamy Polski, przedstawiciel organizacji pozarz\u0105dowej dzia\u0142aj\u0105cej aktywnie na rzecz os\u00f3b starszych,<\/li>\n<li><strong>Krystyna Cylwik<\/strong> \u2013 Federacja Organizacji Pozarz\u0105dowych Miasta Bia\u0142ystok, przedstawiciel organizacji pozarz\u0105dowej dzia\u0142aj\u0105cej aktywnie na rzecz os\u00f3b starszych,<\/li>\n<li><strong>Jan Kalinowski<\/strong> \u2013 Przewodnicz\u0105cy Zarz\u0105du Okr\u0119gowego Polskiego Zwi\u0105zku Emeryt\u00f3w, Rencist\u00f3w i Inwalid\u00f3w w Bia\u0142ymstoku,<\/li>\n<li><strong>Maria Jolanta Lauryn<\/strong> \u2013 Przewodnicz\u0105ca Suwalskiej Rady Senior\u00f3w,<\/li>\n<li><strong>Gra\u017cyna Czajkowska<\/strong> \u2013 Przewodnicz\u0105ca \u0141om\u017cy\u0144skiej Spo\u0142ecznej Rady Senior\u00f3w,<\/li>\n<li><strong>Stanis\u0142aw Danilewicz<\/strong> \u2013 Przewodnicz\u0105cy Rady Senior\u00f3w w D\u0105browie Bia\u0142ostockiej,<\/li>\n<li><strong>Jerzy Andrzej Nazaruk<\/strong> \u2013 Przedstawiciel Uniwersytetu Trzeciego Wieku w Sejnach z Fili\u0105 w Pu\u0144sku,<\/li>\n<li><strong>Teresa So\u0142owiej<\/strong> \u2013 Przedstawiciel Uniwersytetu Trzeciego Wieku w Sok\u00f3\u0142ce,<\/li>\n<li><strong>Miko\u0142aj \u017babi\u0144ski<\/strong> \u2013 Przedstawiciel Uniwersytetu Trzeciego Wieku przy Siemiatyckim O\u015brodku Kultury,<\/li>\n<li><strong>Zdzis\u0142awa Sawicka<\/strong> \u2013 Dyrektor Miejskiego O\u015brodka Pomocy Rodzinie w Bia\u0142ymstoku, przedstawiciel podmiotu dzia\u0142aj\u0105cego w obszarze us\u0142ugowo-opieku\u0144czym na rzecz os\u00f3b starszych,<\/li>\n<li><strong>Irena Czerwionka<\/strong> \u2013 Przedstawiciel Klubu Seniora \u201eStokrotka\u201d przy O\u015brodku Pomocy Spo\u0142ecznej w Rajgrodzie,<\/li>\n<li><strong> dr hab. med. Barbara Ma\u0142gorzata Bie\u0144<\/strong> \u2013 Kierownik Kliniki Geriatrii Uniwersytetu Medycznego w Bia\u0142ymstoku, przedstawiciel \u015brodowiska naukowego i medycznego znaj\u0105cy problematyk\u0119 os\u00f3b starszych.<\/li>\n<\/ul>\n<p><strong>15 grudnia 2017 roku<\/strong> odby\u0142o si\u0119 I posiedzenie Rady Senior\u00f3w przy Marsza\u0142ku Wojew\u00f3dztwa Podlaskiego, podczas kt\u00f3rego wybrano prezydium Rady.<\/p>\n<p><strong>Prezydium Rady stanowi\u0105:<\/strong><\/p>\n<ol>\n<li>Przewodnicz\u0105ca Rady \u2013 <strong>Pani Jolanta Wo\u0142\u0105giewicz<\/strong>,<\/li>\n<li>Wiceprzewodnicz\u0105ca Rady \u2013 <strong>Pani Gra\u017cyna Czajkowska<\/strong>,<\/li>\n<li>Sekretarz Rady \u2013 <strong>Pani Maria Jolanta Lauryn<\/strong>.<\/li>\n<\/ol>\n<p><strong>Dokumenty reguluj\u0105ce sk\u0142ad i prac\u0119 Rady:<\/strong><\/p>\n<p><a href=\"http:\/\/bip.rops.wrotapodlasia.pl\/uchwaly_zarzadu\/uchwala-nr-24933822017-zarzadu-wojewodztwa-podlaskiego-z-dnia-17-pazdziernika-2017-roku.html\"><u>Uchwa\u0142a Nr 249\/3382\/2017 Zarz\u0105du Wojew\u00f3dztwa Podlaskiego z dnia 17 pa\u017adziernika 2017 roku w sprawie przyj\u0119cia statutu Rady Senior\u00f3w przy Marsza\u0142ku Wojew\u00f3dztwa Podlaskiego<\/u><\/a><\/p>\n<p><a href=\"http:\/\/www.rops-bialystok.pl\/rops\/wp-content\/uploads\/2018\/01\/Zarz\u0105dzenie-Nr-135-2017-Marsza\u0142ka-Woje\u00f3dztwa-Podlaskiego-z-dn.-11-grudnia-2017.pdf\">Zarz\u0105dzenie Nr 135\/2017 Marsza\u0142ka Wojew\u00f3dztwa Podlaskiego z dnia 11 grudnia 2017 roku w sprawie powo\u0142ania sk\u0142adu Rady Senior\u00f3w przy Marsza\u0142ku Wojew\u00f3dztwa Podlaskiego<\/a><\/p>\n<p><strong>Protoko\u0142y z&nbsp;posiedze\u0144 Rady:<\/strong><\/p>\n<p><a href=\"http:\/\/www.rops-bialystok.pl\/rops\/wp-content\/uploads\/2018\/01\/Protok\u00f3\u0142-z-posiedzenia-Rady-15.12.2017.pdf\">Protok\u00f3\u0142 z I posiedzenia Rady (15.12.2017 r.)<\/a><\/p>\n<p style=\"text-align: justify;\">Z cz\u0142onkami Rady Senior\u00f3w przy Marsza\u0142ku Wojew\u00f3dztwa Podlaskiego mo\u017cna kontaktowa\u0107 si\u0119 za po\u015brednictwem Regionalnego O\u015brodka Polityki Spo\u0142ecznej, pod numerem telefonu: <strong>85&nbsp;744 72 72 wew. 209&nbsp;<\/strong>lub za po\u015brednictwem poczty elektronicznej<strong>: <\/strong><a href=\"mailto:rops@rops-bialystok.pl\">rops@rops-bialystok.pl<\/a><\/p>\n<div class='pfpItem entry-content'><h2 class='entry-title'><a href='https:\/\/rops-bialystok.pl\/rops\/?p=13982'>III posiedzenie Rady Senior\u00f3w przy Marsza\u0142ku Wojew\u00f3dztwa Podlaskiego \u2013 10.04.2018 r.<\/a><\/h2><div class='entry-meta'>Opublikowane 15 maja, 2018 r. <\/div>W dniu 10 kwietnia 2018 r., Urz\u0119dzie Marsza\u0142kowskim Wojew\u00f3dztwa Podlaskiego, Rada Senior\u00f3w przy Marsza\u0142ku Wojew\u00f3dztwa Podlaskiego obradowa\u0142a po raz trzeci w tej kadencji. Spotkanie by\u0142o po\u015bwi\u0119cone przede wszystkim dyskusji na temat stanu, mo\u017cliwo\u015bci oraz rozwoju opieki geriatrycznej w wojew\u00f3dztwie podlaskim. Posiedzenie Rady Senior\u00f3w w gronie ekspert\u00f3w i organizator\u00f3w podlaskiej s\u0142u\u017cby...<a href='https:\/\/rops-bialystok.pl\/rops\/?p=13982' class='pfpReadMore'><br \/>\nPrzeczytaj ca\u0142o\u015b\u0107 \u00bb<\/a><div class='clear'><\/div><hr><\/div>\n","protected":false},"excerpt":{"rendered":"<p>Rada Senior\u00f3w przy Marsza\u0142ku Wojew\u00f3dztwa Podlaskiego jest cia\u0142em opiniuj\u0105co \u2013 doradczym oraz konsultacyjnym, powo\u0142anym celem reprezentowania \u015brodowiska senior\u00f3w w Samorz\u0105dzie Wojew\u00f3dztwa Podlaskiego, dzia\u0142aj\u0105cym na rzecz wzmocnienia i rozwoju regionalnej polityki senioralnej. Kadencja Rady trwa 4 lata. Rada liczy maksymalnie 15 cz\u0142onk\u00f3w, powo\u0142ywanych spo\u015br\u00f3d przedstawicieli reprezentuj\u0105cych osoby starsze oraz reprezentant\u00f3w podmiot\u00f3w zawodowo lub spo\u0142ecznie zajmuj\u0105cych si\u0119 [&hellip;]<\/p>\n","protected":false},"author":12,"featured_media":0,"parent":0,"menu_order":0,"comment_status":"closed","ping_status":"closed","template":"","meta":{"ngg_post_thumbnail":0,"footnotes":""},"class_list":["post-13073","page","type-page","status-publish","hentry"],"_links":{"self":[{"href":"https:\/\/rops-bialystok.pl\/rops\/index.php?rest_route=\/wp\/v2\/pages\/13073","targetHints":{"allow":["GET"]}}],"collection":[{"href":"https:\/\/rops-bialystok.pl\/rops\/index.php?rest_route=\/wp\/v2\/pages"}],"about":[{"href":"https:\/\/rops-bialystok.pl\/rops\/index.php?rest_route=\/wp\/v2\/types\/page"}],"author":[{"embeddable":true,"href":"https:\/\/rops-bialystok.pl\/rops\/index.php?rest_route=\/wp\/v2\/users\/12"}],"replies":[{"embeddable":true,"href":"https:\/\/rops-bialystok.pl\/rops\/index.php?rest_route=%2Fwp%2Fv2%2Fcomments&post=13073"}],"version-history":[{"count":9,"href":"https:\/\/rops-bialystok.pl\/rops\/index.php?rest_route=\/wp\/v2\/pages\/13073\/revisions"}],"predecessor-version":[{"id":13329,"href":"https:\/\/rops-bialystok.pl\/rops\/index.php?rest_route=\/wp\/v2\/pages\/13073\/revisions\/13329"}],"wp:attachment":[{"href":"https:\/\/rops-bialystok.pl\/rops\/index.php?rest_route=%2Fwp%2Fv2%2Fmedia&parent=13073"}],"curies":[{"name":"wp","href":"https:\/\/api.w.org\/{rel}","templated":true}]}}

Rada Seniorów przy Marszałku Województwa Podlaskiego

<p style="text-align: justify;">Rada Seniorów przy Marszałku Województwa Podlaskiego jest ciałem opiniująco – doradczym oraz konsultacyjnym, powołanym celem reprezentowania środowiska seniorów w Samorządzie Województwa Podlaskiego, działającym na rzecz wzmocnienia i rozwoju regionalnej polityki senioralnej.</p>
<p style="text-align: justify;">Kadencja Rady trwa 4 lata. Rada liczy maksymalnie 15 członków, powoływanych spośród przedstawicieli reprezentujących osoby starsze oraz reprezentantów podmiotów zawodowo lub społecznie zajmujących się problematyką senioralną.</p>
<p><strong>Zadania </strong><strong>Rady Seniorów przy Marszałku Województwa Podlaskiego:</strong></p>
<ul>
<li>współtworzenie kierunków regionalnej polityki senioralnej w województwie podlaskim, z uwzględnieniem dokumentów o charakterze strategicznym i wdrożeniowym,</li>
<li>proponowanie nowych rozwiązań i inicjowanie zmian w obszarze opieki zdrowotnej, pomocy społecznej, działalności oświatowej, kulturalnej i turystycznej, komunikacji publicznej i międzypokoleniowej, z uwzględnieniem potrzeb i oczekiwań osób starszych,</li>
<li>opiniowanie projektów kluczowych dokumentów i propozycji rozwiązań regionalnych skierowanych do osób starszych,</li>
<li>wspieranie rozwoju i działań organizacji pozarządowych, klubów seniora, uniwersytetów trzeciego wieku i innych podmiotów działających na rzecz osób starszych z terenu województwa podlaskiego,</li>
<li>włączanie się w charakterze partnera w realizację inicjatyw na rzecz osób starszych.</li>
</ul>
<p style="text-align: justify;"><strong>15 grudnia 2017 roku</strong>., podczas wojewódzkiej konferencji zorganizowanej przez Regionalny Ośrodek Polityki Społecznej w Białymstoku w ramach Podlaskich Dni Seniora, Marszałek Województwa Podlaskiego – Jerzy Leszczyński wręczył nominacje członkom Rady Seniorów przy Marszałku Województwa Podlaskiego powołanym Zarządzeniem Nr 135/2017 Marszałka Województwa Podlaskiego z dnia 11 grudnia 2017 roku.&nbsp;</p>
<p><strong>Skład osobowy Rady Seniorów przy Marszałku Województwa Podlaskiego I kadencji:</strong></p>
<ul>
<li><strong>Elżbieta Rajewska-Nikonowicz</strong> – Dyrektor Regionalnego Ośrodka Polityki Społecznej w Białymstoku,</li>
<li><strong>Eliza Szadkowska</strong> – Pełnomocnik Zarządu Województwa Podlaskiego ds. współpracy z organizacjami pozarządowymi, przedstawiciel Urzędu Marszałkowskiego Województwa Podlaskiego,</li>
<li><strong>Alina Pyłkowska</strong> – Przedstawiciel Departamentu Zdrowia Urzędu Marszałkowskiego Województwa Podlaskiego,</li>
<li><strong>Jolanta Wołągiewicz</strong> – specjalista ds. edukacji i aktywizacji osób starszych w Stowarzyszeniu Szukamy Polski, przedstawiciel organizacji pozarządowej działającej aktywnie na rzecz osób starszych,</li>
<li><strong>Krystyna Cylwik</strong> – Federacja Organizacji Pozarządowych Miasta Białystok, przedstawiciel organizacji pozarządowej działającej aktywnie na rzecz osób starszych,</li>
<li><strong>Jan Kalinowski</strong> – Przewodniczący Zarządu Okręgowego Polskiego Związku Emerytów, Rencistów i Inwalidów w Białymstoku,</li>
<li><strong>Maria Jolanta Lauryn</strong> – Przewodnicząca Suwalskiej Rady Seniorów,</li>
<li><strong>Grażyna Czajkowska</strong> – Przewodnicząca Łomżyńskiej Społecznej Rady Seniorów,</li>
<li><strong>Stanisław Danilewicz</strong> – Przewodniczący Rady Seniorów w Dąbrowie Białostockiej,</li>
<li><strong>Jerzy Andrzej Nazaruk</strong> – Przedstawiciel Uniwersytetu Trzeciego Wieku w Sejnach z Filią w Puńsku,</li>
<li><strong>Teresa Sołowiej</strong> – Przedstawiciel Uniwersytetu Trzeciego Wieku w Sokółce,</li>
<li><strong>Mikołaj Żabiński</strong> – Przedstawiciel Uniwersytetu Trzeciego Wieku przy Siemiatyckim Ośrodku Kultury,</li>
<li><strong>Zdzisława Sawicka</strong> – Dyrektor Miejskiego Ośrodka Pomocy Rodzinie w Białymstoku, przedstawiciel podmiotu działającego w obszarze usługowo-opiekuńczym na rzecz osób starszych,</li>
<li><strong>Irena Czerwionka</strong> – Przedstawiciel Klubu Seniora „Stokrotka” przy Ośrodku Pomocy Społecznej w Rajgrodzie,</li>
<li><strong> dr hab. med. Barbara Małgorzata Bień</strong> – Kierownik Kliniki Geriatrii Uniwersytetu Medycznego w Białymstoku, przedstawiciel środowiska naukowego i medycznego znający problematykę osób starszych.</li>
</ul>
<p><strong>15 grudnia 2017 roku</strong> odbyło się I posiedzenie Rady Seniorów przy Marszałku Województwa Podlaskiego, podczas którego wybrano prezydium Rady.</p>
<p><strong>Prezydium Rady stanowią:</strong></p>
<ol>
<li>Przewodnicząca Rady – <strong>Pani Jolanta Wołągiewicz</strong>,</li>
<li>Wiceprzewodnicząca Rady – <strong>Pani Grażyna Czajkowska</strong>,</li>
<li>Sekretarz Rady – <strong>Pani Maria Jolanta Lauryn</strong>.</li>
</ol>
<p><strong>Dokumenty regulujące skład i pracę Rady:</strong></p>
<p><a href="http://bip.rops.wrotapodlasia.pl/uchwaly_zarzadu/uchwala-nr-24933822017-zarzadu-wojewodztwa-podlaskiego-z-dnia-17-pazdziernika-2017-roku.html"><u>Uchwała Nr 249/3382/2017 Zarządu Województwa Podlaskiego z dnia 17 października 2017 roku w sprawie przyjęcia statutu Rady Seniorów przy Marszałku Województwa Podlaskiego</u></a></p>
<p><a href="http://www.rops-bialystok.pl/rops/wp-content/uploads/2018/01/Zarządzenie-Nr-135-2017-Marszałka-Wojeództwa-Podlaskiego-z-dn.-11-grudnia-2017.pdf">Zarządzenie Nr 135/2017 Marszałka Województwa Podlaskiego z dnia 11 grudnia 2017 roku w sprawie powołania składu Rady Seniorów przy Marszałku Województwa Podlaskiego</a></p>
<p><strong>Protokoły z&nbsp;posiedzeń Rady:</strong></p>
<p><a href="http://www.rops-bialystok.pl/rops/wp-content/uploads/2018/01/Protokół-z-posiedzenia-Rady-15.12.2017.pdf">Protokół z I posiedzenia Rady (15.12.2017 r.)</a></p>
<p style="text-align: justify;">Z członkami Rady Seniorów przy Marszałku Województwa Podlaskiego można kontaktować się za pośrednictwem Regionalnego Ośrodka Polityki Społecznej, pod numerem telefonu: <strong>85&nbsp;744 72 72 wew. 209&nbsp;</strong>lub za pośrednictwem poczty elektronicznej<strong>: </strong><a href="mailto:rops@rops-bialystok.pl">rops@rops-bialystok.pl</a></p>
<div class='pfpItem entry-content'><h2 class='entry-title'><a href='https://rops-bialystok.pl/rops/?p=13982'>III posiedzenie Rady Seniorów przy Marszałku Województwa Podlaskiego – 10.04.2018 r.</a></h2><div class='entry-meta'>Opublikowane 15 maja, 2018 r. </div>W dniu 10 kwietnia 2018 r., Urzędzie Marszałkowskim Województwa Podlaskiego, Rada Seniorów przy Marszałku Województwa Podlaskiego obradowała po raz trzeci w tej kadencji. Spotkanie było poświęcone przede wszystkim dyskusji na temat stanu, możliwości oraz rozwoju opieki geriatrycznej w województwie podlaskim. Posiedzenie Rady Seniorów w gronie ekspertów i organizatorów podlaskiej służby...<a href='https://rops-bialystok.pl/rops/?p=13982' class='pfpReadMore'><br />
Przeczytaj całość »</a><div class='clear'></div><hr></div>

<p>Rada Seniorów przy Marszałku Województwa Podlaskiego jest ciałem opiniująco – doradczym oraz konsultacyjnym, powołanym celem reprezentowania środowiska seniorów w Samorządzie Województwa Podlaskiego, działającym na rzecz wzmocnienia i rozwoju regionalnej polityki senioralnej. Kadencja Rady trwa 4 lata. Rada liczy maksymalnie 15 członków, powoływanych spośród przedstawicieli reprezentujących osoby starsze oraz reprezentantów podmiotów zawodowo lub społecznie zajmujących się [&hellip;]</p>
