{"id":13444,"date":"2018-03-14T14:43:41","date_gmt":"2018-03-14T13:43:41","guid":{"rendered":"http:\/\/www.rops-bialystok.pl\/rops\/?page_id=13444"},"modified":"2018-03-14T14:43:41","modified_gmt":"2018-03-14T13:43:41","slug":"podlaskie-dni-rodziny-2017","status":"publish","type":"page","link":"https:\/\/rops-bialystok.pl\/rops\/?page_id=13444","title":{"rendered":"Podlaskie Dni Rodziny 2017"},"content":{"rendered":"<div class='pfpItem entry-content'><h2 class='entry-title'><a href='https:\/\/rops-bialystok.pl\/rops\/?p=12560'>Przekazanie wyprawek szkolnych podopiecznym Stowarzyszenia Pomocy Rodzinie \u201eDroga\u201d<\/a><\/h2><div class='entry-meta'>Opublikowane 6 wrze\u015bnia, 2017 r. <\/div>W dniu 31 sierpnia 2017 r. ok. 270 podopiecznych Stowarzyszenia Pomocy Rodzinie \u201eDroga\u201d w Bia\u0142ymstoku otrzyma\u0142o wyprawki szkolne, kt\u00f3re zosta\u0142y zakupione mi\u0119dzy innymi przez Regionalny O\u015brodek Polityki Spo\u0142ecznej w Bia\u0142ymstoku. Dzia\u0142anie zosta\u0142o zrealizowane w ramach XV Podlaskich Dni Rodziny. Plecaki wraz z przyborami i artyku\u0142ami szkolnymi zosta\u0142y rozdysponowane w\u015br\u00f3d dzieci z rodzin potrzebuj\u0105cych wsparcia z [&hellip;]<a href='https:\/\/rops-bialystok.pl\/rops\/?p=12560' class='pfpReadMore'><br \/>\nPrzeczytaj ca\u0142o\u015b\u0107 \u00bb<\/a><div class='clear'><\/div><hr><\/div><div class='pfpItem entry-content'><h2 class='entry-title'><a href='https:\/\/rops-bialystok.pl\/rops\/?p=12400'>Piknik Integracyjny dla Os\u00f3b Niepe\u0142nosprawnych - 26 sierpnia 2017 rok<\/a><\/h2><div class='entry-meta'>Opublikowane 1 wrze\u015bnia, 2017 r. <\/div>Regionalny O\u015brodek Polityki Spo\u0142ecznej w Bia\u0142ymstoku wsp\u00f3lnie z Fundacj\u0105 Aktywnej Rehabilitacji \u201eFAR\u201d Oddzia\u0142 Podlaski, zorganizowa\u0142 kolejny raz \u201ePiknik Integracyjny dla Os\u00f3b Niepe\u0142nosprawnych i ich rodzin\u201d. Piknik odby\u0142 si\u0119 26 sierpnia 2017 roku w Podlaskim Muzeum Kultury Ludowej&nbsp; w Wasilkowie i by\u0142 zorganizowany w ramach XV Podlaskich Dni Rodziny. Uczestnikami pikniku by\u0142y rodziny z wojew\u00f3dztwa podlaskiego, [&hellip;]<a href='https:\/\/rops-bialystok.pl\/rops\/?p=12400' class='pfpReadMore'><br \/>\nPrzeczytaj ca\u0142o\u015b\u0107 \u00bb<\/a><div class='clear'><\/div><hr><\/div><div class='pfpItem entry-content'><h2 class='entry-title'><a href='https:\/\/rops-bialystok.pl\/rops\/?p=12239'>Podlaski Piknik Zawodowy - 3 czerwca 2017 r.<\/a><\/h2><div class='entry-meta'>Opublikowane 4 lipca, 2017 r. <\/div><img loading=\"lazy\" decoding=\"async\" class=\"wp-image-12233 size-thumbnail alignleft\" src=\"http:\/\/www.rops-bialystok.pl\/rops\/wp-content\/uploads\/ngg_featured\/czo\u0142\u00f3wka-150x150.jpg\" alt=\"\" width=\"150\" height=\"150\"\/>W sobot\u0119, 3 czerwca b.r. w ramach XV Podlaskich Dni Rodziny, w Podlaskim Muzeum Kultury Ludowej w Wasilkowie odby\u0142 si\u0119 pierwszy w Polsce Podlaski Piknik Zawodowy skierowany do wychowank\u00f3w pieczy zast\u0119pczej z terenu wojew\u00f3dztwa podlaskiego. Przedsi\u0119wzi\u0119cie zorganizowa\u0142 Regionalny O\u015brodek Polityki Spo\u0142ecznej w Bia\u0142ymstoku w porozumieniu z Fundacj\u0105 Program Pomocy Pierwsza Praca z Warszawy oraz we [&hellip;]<a href='https:\/\/rops-bialystok.pl\/rops\/?p=12239' class='pfpReadMore'><br \/>\nPrzeczytaj ca\u0142o\u015b\u0107 \u00bb<\/a><div class='clear'><\/div><hr><\/div><div class='pfpItem entry-content'><h2 class='entry-title'><a href='https:\/\/rops-bialystok.pl\/rops\/?p=11851'>Zapraszamy do zapoznania si\u0119 z kalendarium przedsi\u0119wzi\u0119\u0107 organizowanych w ramach XV Podlaskich Dni Rodziny!<\/a><\/h2><div class='entry-meta'>Opublikowane 4 maja, 2017 r. <\/div><img decoding=\"async\" src=\"https:\/\/rops-bialystok.pl\/rops\/wp-content\/uploads\/2017\/05\/Marsza\u0142ek-wojew\u00f3dztwa-podlaskiego-150x150.jpg\" \/>\u201eRodzina \u0142\u0105czy pokolenia\u201d \u2013 tegoroczne has\u0142o ma na celu promowanie wi\u0119zi rodzinnych poprzez budowanie i zacie\u015bnianie pozytywnych relacji mi\u0119dzypokoleniowych. Rodzina wielopokoleniowa to warto\u015b\u0107 ponadczasowa. Obecno\u015b\u0107 babci i dziadka wzbogaca \u017cycie rodzinne oraz sprawia, \u017ce rodzina staje si\u0119 pe\u0142niejsza. Dziadkowie s\u0105 \u017ar\u00f3d\u0142em bezwarunkowej akceptacji, wsparcia i poczucia bezpiecze\u0144stwa. Bliskie relacje w rodzinie pokoleniowej w\u0142\u0105czaj\u0105 elementy tradycji [&hellip;]<a href='https:\/\/rops-bialystok.pl\/rops\/?p=11851' class='pfpReadMore'><br \/>\nPrzeczytaj ca\u0142o\u015b\u0107 \u00bb<\/a><div class='clear'><\/div><hr><\/div><div class='pfpItem entry-content'><h2 class='entry-title'><a href='https:\/\/rops-bialystok.pl\/rops\/?p=11537'>Zaproszenie do w\u0142\u0105czenia si\u0119 w XV Podlaskie Dni Rodziny<\/a><\/h2><div class='entry-meta'>Opublikowane 22 marca, 2017 r. <\/div>Regionalny O\u015brodek Polityki Spo\u0142ecznej w Bia\u0142ymstoku zaprasza samorz\u0105dy lokalne, instytucje administracji rz\u0105dowej wojew\u00f3dztwa, organizacje pozarz\u0105dowe oraz szko\u0142y do aktywnego w\u0142\u0105czenia si\u0119 w realizacj\u0119 idei i misji XV Podlaskich Dni Rodziny pod has\u0142em \u201eRodzina \u0142\u0105czy pokolenia\u201d. Liczne przedsi\u0119wzi\u0119cia, organizowane w ramach XV Podlaskich Dni Rodziny w okresie od 1 maja do 31 sierpnia br., maj\u0105 na [&hellip;]<a href='https:\/\/rops-bialystok.pl\/rops\/?p=11537' class='pfpReadMore'><br \/>\nPrzeczytaj ca\u0142o\u015b\u0107 \u00bb<\/a><div class='clear'><\/div><hr><\/div>\n","protected":false},"excerpt":{"rendered":"","protected":false},"author":12,"featured_media":0,"parent":0,"menu_order":0,"comment_status":"closed","ping_status":"closed","template":"","meta":{"ngg_post_thumbnail":0,"footnotes":""},"class_list":["post-13444","page","type-page","status-publish","hentry"],"_links":{"self":[{"href":"https:\/\/rops-bialystok.pl\/rops\/index.php?rest_route=\/wp\/v2\/pages\/13444","targetHints":{"allow":["GET"]}}],"collection":[{"href":"https:\/\/rops-bialystok.pl\/rops\/index.php?rest_route=\/wp\/v2\/pages"}],"about":[{"href":"https:\/\/rops-bialystok.pl\/rops\/index.php?rest_route=\/wp\/v2\/types\/page"}],"author":[{"embeddable":true,"href":"https:\/\/rops-bialystok.pl\/rops\/index.php?rest_route=\/wp\/v2\/users\/12"}],"replies":[{"embeddable":true,"href":"https:\/\/rops-bialystok.pl\/rops\/index.php?rest_route=%2Fwp%2Fv2%2Fcomments&post=13444"}],"version-history":[{"count":2,"href":"https:\/\/rops-bialystok.pl\/rops\/index.php?rest_route=\/wp\/v2\/pages\/13444\/revisions"}],"predecessor-version":[{"id":15313,"href":"https:\/\/rops-bialystok.pl\/rops\/index.php?rest_route=\/wp\/v2\/pages\/13444\/revisions\/15313"}],"wp:attachment":[{"href":"https:\/\/rops-bialystok.pl\/rops\/index.php?rest_route=%2Fwp%2Fv2%2Fmedia&parent=13444"}],"curies":[{"name":"wp","href":"https:\/\/api.w.org\/{rel}","templated":true}]}}