{"id":16868,"date":"2020-07-07T14:29:54","date_gmt":"2020-07-07T12:29:54","guid":{"rendered":"http:\/\/www.rops-bialystok.pl\/rops\/?page_id=16868"},"modified":"2023-03-21T18:29:44","modified_gmt":"2023-03-21T17:29:44","slug":"o-projekcie-bezpieczna-przyszlosc-wsparcie-dla-dps-z-terenu-wojewodztwa-podlaskiego","status":"publish","type":"page","link":"https:\/\/rops-bialystok.pl\/rops\/?page_id=16868","title":{"rendered":"O projekcie \u201eBezpieczna przysz\u0142o\u015b\u0107 \u2013 wsparcie dla DPS z terenu wojew\u00f3dztwa podlaskiego\u201d"},"content":{"rendered":"<p style=\"text-align: center;\"><img loading=\"lazy\" decoding=\"async\" class=\"aligncenter\" src=\"http:\/\/www.rops-bialystok.pl\/rops\/wp-content\/uploads\/2019\/02\/Log\u00f3wki-zestaw-w-kolorze-2-1.png\" alt=\"Stopka z logami Funduszu Europejskiego, Rzeczpospolitej polski, Unii Europejskiej.\" width=\"890\" height=\"114\"\/><span style=\"font-size: 13pt; font-family: georgia, palatino, serif;\">Projekt \u201eBezpieczna przysz\u0142o\u015b\u0107 \u2013 wsparcie dla DPS z terenu wojew\u00f3dztwa podlaskiego\u201d<\/span><br \/>\n<span style=\"font-size: 13pt; font-family: georgia, palatino, serif;\">realizowany w ramach Programu Operacyjnego Wiedza Edukacja Rozw\u00f3j na lata 2014-2020 wsp\u00f3\u0142finansowanego ze \u015brodk\u00f3w Europejskiego Funduszu Spo\u0142ecznego<\/span><\/p>\n<p>&nbsp;<\/p>\n<p><strong>Informacja o projekcie:<\/strong><\/p>\n<p>Wojew\u00f3dztwo Podlaskie \u2013 Regionalny O\u015brodek Polityki Spo\u0142ecznej w Bia\u0142ymstoku realizuje projekt pn. \u201eBezpieczna przysz\u0142o\u015b\u0107 \u2013 wsparcie dla DPS z terenu wojew\u00f3dztwa podlaskiego\u201d. Projekt jest wsp\u00f3\u0142finansowany ze \u015brodk\u00f3w Europejskiego Funduszu Spo\u0142ecznego, w ramach Programu Operacyjnego Wiedza Edukacja Rozw\u00f3j na lata 2014-2020, w Dzia\u0142aniu 2.8 Rozw\u00f3j us\u0142ug spo\u0142ecznych \u015bwiadczonych w \u015brodowisku lokalnym, Priorytet Inwestycyjny PI 9iv: U\u0142atwianie dost\u0119pu do przyst\u0119pnych cenowo, trwa\u0142ych oraz wysokiej jako\u015bci us\u0142ug, w tym opieki zdrowotnej i us\u0142ug socjalnych \u015bwiadczonych w interesie og\u00f3lnym<\/p>\n<p><strong>Cel projektu:<\/strong><\/p>\n<p>Celem projektu jest \u0142agodzenie skutk\u00f3w pandemii COVID-19 oraz przeciwdzia\u0142anie jej negatywnym konsekwencjom, w szczeg\u00f3lno\u015bci dla os\u00f3b znajduj\u0105cych si\u0119 w grupie ryzyka, poprzez zapewnienie w\u0142a\u015bciwej opieki nad osobami przebywaj\u0105cymi w DPS. Zaplanowane wsparcie ma na celu ochron\u0119 \u017cycia i zdrowia personelu zapewniaj\u0105cego us\u0142ugi bytowe, opieku\u0144cze, personelu gospodarczego i obs\u0142ugi, pracuj\u0105cego w Domach Pomocy Spo\u0142ecznej oraz pensjonariuszy Dom\u00f3w Pomocy Spo\u0142ecznej z terenu wojew\u00f3dztwa podlaskiego<\/p>\n<p><strong>Efekty projektu:<\/strong><\/p>\n<p>Projekt przyczyni si\u0119 do ograniczenia skutk\u00f3w pandemii COVID-19 poprzez wsparcie personelu i pensjonariuszy <strong>22 zarejestrowanych<\/strong> na terenie wojew\u00f3dztwa podlaskiego Dom\u00f3w Pomocy Spo\u0142ecznej (1 dom o zasi\u0119gu regionalnym, 1 dom o zasi\u0119gu gminnym i 20 dom\u00f3w o zasi\u0119gu powiatowym, w tym 15 dom\u00f3w prowadzonych przez jednostki samorz\u0105du terytorialnego, a 7 dom\u00f3w na zlecenie jednostek samorz\u0105du terytorialnego &#8211; przez podmioty niepubliczne)<\/p>\n<p><strong>Grupa docelowa:<\/strong><\/p>\n<p>Domy Pomocy Spo\u0142ecznej zlokalizowane na terenie wojew\u00f3dztwa podlaskiego, znajduj\u0105ce si\u0119 w rejestrze Dom\u00f3w Pomocy Spo\u0142ecznej, prowadzonym przez Wojewod\u0119 Podlaskiego, w szczeg\u00f3lno\u015bci osoby znajduj\u0105ce si\u0119 w grupie ryzyka, tj. personel zapewniaj\u0105cy us\u0142ugi bytowe, opieku\u0144cze oraz personel gospodarczy i obs\u0142ugi DPS oraz pensjonariusze DPS<\/p>\n<p><strong>Formy wsparcia:<\/strong><\/p>\n<p>W ramach projektu przewidziane jest wsparcie, poprzez:<\/p>\n<ul>\n<li>Dodatki do wynagrodze\u0144 dla pracownik\u00f3w DPS, z wy\u0142\u0105czeniem kadry medycznej (obejmuj\u0105ce okres trzech miesi\u0119cy: od lipca 2020 r. \u2013 do wrze\u015bnia 2020 r.). Przewidywane wsparcie dla 907 pracownik\u00f3w.<\/li>\n<li>Koszty zwi\u0105zane z zapewnieniem nocleg\u00f3w dla pracownik\u00f3w DPS poza miejscem zamieszkania (obejmuj\u0105ce okres trzech miesi\u0119cy: od lipca 2020 r. \u2013 do wrze\u015bnia 2020 r.).<\/li>\n<li>Koszty zwi\u0105zane z zapewnieniem tymczasowych miejsc na kwarantann\u0119 dla pensjonariuszy i pracownik\u00f3w DPS (obejmuj\u0105ce okres trzech miesi\u0119cy od lipca 2020 r. \u2013 do wrze\u015bnia 2020 r.). W ramach koszt\u00f3w zwi\u0105zanych z zapewnieniem miejsc na kwarantann\u0119 dla pensjonariuszy i pracownik\u00f3w DPS, mo\u017cliwe jest sfinansowanie m.in. koszt\u00f3w zwi\u0105zanych z noclegiem (najem pomieszcze\u0144 lub doposa\u017cenie pomieszcze\u0144 w DPS w\u0142a\u015bciwych dla zapewnienia miejsc na kwarantann\u0119 maj\u0105c na uwadze konieczno\u015b\u0107 zapewnienia ci\u0105g\u00f3w komunikacyjnych czy te\u017c pomieszcze\u0144 sanitarnych odseparowanych od pozosta\u0142ych pomieszcze\u0144 DPS), wy\u017cywieniem i opiek\u0105 nad osobami, kt\u00f3re b\u0119d\u0105 znajdowa\u0107 si\u0119 w kwarantannie przed wej\u015bciem do DPS lub po powrocie ze szpitali.<\/li>\n<\/ul>\n<p><strong>Warto\u015b\u0107 projektu og\u00f3\u0142em<\/strong>&nbsp;wynosi 5 610 450,00 PLN<\/p>\n<p><strong>Dofinansowanie ze \u015brodk\u00f3w europejskich <\/strong>wynosi 4 728 487,26 PLN<\/p>\n<p><strong>Dofinansowanie ze \u015brodk\u00f3w bud\u017cetu pa\u0144stwa <\/strong>wynosi 881&nbsp;962,74 PLN<\/p>\n<p>&nbsp;<\/p>\n<p><strong>Przewidywana liczba grant\u00f3w: 22. <\/strong><\/p>\n<p><strong>Kwota grantu uzale\u017cniona jest od liczby pracownik\u00f3w i pensjonariuszy poszczeg\u00f3lnych Dom\u00f3w Pomocy Spo\u0142ecznej. Maksymalna kwota grantu w zale\u017cno\u015bci od wielko\u015bci DPS wynosi 600&nbsp;000 z\u0142., natomiast \u015brednia wysoko\u015b\u0107 grantu dla DPS wynosi 255&nbsp;020,45 z\u0142<\/strong><\/p>\n<p><strong>Jak ubiega\u0107 si\u0119 o \u015brodki?<\/strong><\/p>\n<p>Za organizacj\u0119 naboru Wniosk\u00f3w o udzielenie grantu odpowiada Regionalny O\u015brodek Polityki Spo\u0142ecznej w Bia\u0142ymstoku. Nab\u00f3r wniosk\u00f3w jest naborem otwartym, prowadzonym w trybie ci\u0105g\u0142ym. Granty udzielane b\u0119d\u0105 do wyczerpania \u015brodk\u00f3w przeznaczonych na wsparcie Grantobiorc\u00f3w w walce z epidemi\u0105 Covid-19. Okres naboru ci\u0105g\u0142ego zako\u0144czy si\u0119 najp\u00f3\u017aniej dnia 31 sierpnia 2020 r.<\/p>\n<p><strong>Termin realizacji Projektu:<\/strong>&nbsp;od 1 czerwca 2020 roku \u2013 do 31 pa\u017adziernika 2020 roku<\/p>\n","protected":false},"excerpt":{"rendered":"<p>Projekt \u201eBezpieczna przysz\u0142o\u015b\u0107 \u2013 wsparcie dla DPS z terenu wojew\u00f3dztwa podlaskiego\u201d realizowany w ramach Programu Operacyjnego Wiedza Edukacja Rozw\u00f3j na lata 2014-2020 wsp\u00f3\u0142finansowanego ze \u015brodk\u00f3w Europejskiego Funduszu Spo\u0142ecznego &nbsp; Informacja o projekcie: Wojew\u00f3dztwo Podlaskie \u2013 Regionalny O\u015brodek Polityki Spo\u0142ecznej w Bia\u0142ymstoku realizuje projekt pn. \u201eBezpieczna przysz\u0142o\u015b\u0107 \u2013 wsparcie dla DPS z terenu wojew\u00f3dztwa podlaskiego\u201d. Projekt [&hellip;]<\/p>\n","protected":false},"author":15,"featured_media":0,"parent":0,"menu_order":0,"comment_status":"closed","ping_status":"closed","template":"","meta":{"ngg_post_thumbnail":0,"footnotes":""},"class_list":["post-16868","page","type-page","status-publish","hentry"],"_links":{"self":[{"href":"https:\/\/rops-bialystok.pl\/rops\/index.php?rest_route=\/wp\/v2\/pages\/16868","targetHints":{"allow":["GET"]}}],"collection":[{"href":"https:\/\/rops-bialystok.pl\/rops\/index.php?rest_route=\/wp\/v2\/pages"}],"about":[{"href":"https:\/\/rops-bialystok.pl\/rops\/index.php?rest_route=\/wp\/v2\/types\/page"}],"author":[{"embeddable":true,"href":"https:\/\/rops-bialystok.pl\/rops\/index.php?rest_route=\/wp\/v2\/users\/15"}],"replies":[{"embeddable":true,"href":"https:\/\/rops-bialystok.pl\/rops\/index.php?rest_route=%2Fwp%2Fv2%2Fcomments&post=16868"}],"version-history":[{"count":8,"href":"https:\/\/rops-bialystok.pl\/rops\/index.php?rest_route=\/wp\/v2\/pages\/16868\/revisions"}],"predecessor-version":[{"id":20917,"href":"https:\/\/rops-bialystok.pl\/rops\/index.php?rest_route=\/wp\/v2\/pages\/16868\/revisions\/20917"}],"wp:attachment":[{"href":"https:\/\/rops-bialystok.pl\/rops\/index.php?rest_route=%2Fwp%2Fv2%2Fmedia&parent=16868"}],"curies":[{"name":"wp","href":"https:\/\/api.w.org\/{rel}","templated":true}]}}