{"id":17181,"date":"2020-09-03T10:26:05","date_gmt":"2020-09-03T08:26:05","guid":{"rendered":"http:\/\/www.rops-bialystok.pl\/rops\/?page_id=17181"},"modified":"2020-09-03T11:51:58","modified_gmt":"2020-09-03T09:51:58","slug":"zasady-udzialu-w-szkoleniach-projekt-akademia-pomocy-spolecznej","status":"publish","type":"page","link":"https:\/\/rops-bialystok.pl\/rops\/?page_id=17181","title":{"rendered":"Zasady udzia\u0142u w szkoleniach Projekt Akademia Pomocy Spo\u0142ecznej"},"content":{"rendered":"<div class='pfpItem entry-content'><h2 class='entry-title'><a href='https:\/\/rops-bialystok.pl\/rops\/?p=17186'>Zasady udzia\u0142u w wydarzeniach (szkoleniach)  organizowanych przez Regionalny O\u015brodek Polityki Spo\u0142ecznej  w Bia\u0142ymstoku w ramach projektu partnerskiego pn. \u201eAkademia Pomocy Spo\u0142ecznej\u201d realizowanego w ramach Programu Operacyjnego Wiedza Edukacja Rozw\u00f3j na lata 2014-2020 wsp\u00f3\u0142finansowanego ze \u015brodk\u00f3w Europejskiego Funduszu Spo\u0142ecznego w trakcie epidemii Koronawirusa SARS-CoV-2<\/a><\/h2><div class='entry-meta'>Opublikowane 3 wrze\u015bnia, 2020 r. <\/div><img loading=\"lazy\" decoding=\"async\" class=\"alignleft wp-image-16714\" src=\"http:\/\/www.rops-bialystok.pl\/rops\/wp-content\/uploads\/2020\/04\/apsloo.png\" alt=\"Logo Akademii Pomocy Spo\u0142ecznej\" width=\"126\" height=\"95\"\/>&nbsp; Poni\u017cszy zbi\u00f3r zasad zosta\u0142 opracowany w celu zapewnienia jak najwy\u017cszych standard\u00f3w bezpiecze\u0144stwa w zwi\u0105zku z organizowaniem wydarze\u0144 kulturalnych (szkole\u0144). Jego przestrzeganie jest obowi\u0105zkiem ka\u017cdej osoby zaanga\u017cowanej w organizacj\u0119 wydarzenia (szkolenia) i bior\u0105cej w nim udzia\u0142 \u2013 jest to bezwzgl\u0119dnie wa\u017cne ze wzgl\u0119du na ochron\u0119 zdrowia personelu i go\u015bci. Zasady og\u00f3lne Fizyczny udzia\u0142 w przygotowaniach [&hellip;]<a href='https:\/\/rops-bialystok.pl\/rops\/?p=17186' class='pfpReadMore'>Przeczytaj ca\u0142o\u015b\u0107 \u00bb<\/a><div class='clear'><\/div><hr><\/div>\n","protected":false},"excerpt":{"rendered":"","protected":false},"author":15,"featured_media":0,"parent":0,"menu_order":0,"comment_status":"closed","ping_status":"closed","template":"","meta":{"ngg_post_thumbnail":0,"footnotes":""},"class_list":["post-17181","page","type-page","status-publish","hentry"],"_links":{"self":[{"href":"https:\/\/rops-bialystok.pl\/rops\/index.php?rest_route=\/wp\/v2\/pages\/17181","targetHints":{"allow":["GET"]}}],"collection":[{"href":"https:\/\/rops-bialystok.pl\/rops\/index.php?rest_route=\/wp\/v2\/pages"}],"about":[{"href":"https:\/\/rops-bialystok.pl\/rops\/index.php?rest_route=\/wp\/v2\/types\/page"}],"author":[{"embeddable":true,"href":"https:\/\/rops-bialystok.pl\/rops\/index.php?rest_route=\/wp\/v2\/users\/15"}],"replies":[{"embeddable":true,"href":"https:\/\/rops-bialystok.pl\/rops\/index.php?rest_route=%2Fwp%2Fv2%2Fcomments&post=17181"}],"version-history":[{"count":2,"href":"https:\/\/rops-bialystok.pl\/rops\/index.php?rest_route=\/wp\/v2\/pages\/17181\/revisions"}],"predecessor-version":[{"id":17216,"href":"https:\/\/rops-bialystok.pl\/rops\/index.php?rest_route=\/wp\/v2\/pages\/17181\/revisions\/17216"}],"wp:attachment":[{"href":"https:\/\/rops-bialystok.pl\/rops\/index.php?rest_route=%2Fwp%2Fv2%2Fmedia&parent=17181"}],"curies":[{"name":"wp","href":"https:\/\/api.w.org\/{rel}","templated":true}]}}