{"id":1922,"date":"2013-02-26T20:33:23","date_gmt":"2013-02-26T19:33:23","guid":{"rendered":"http:\/\/www.rops-bialystok.pl\/rops\/?page_id=1922"},"modified":"2024-10-24T09:37:59","modified_gmt":"2024-10-24T07:37:59","slug":"wojewodzka-spoleczna-rada-ds-niepelnosprawnych","status":"publish","type":"page","link":"https:\/\/rops-bialystok.pl\/rops\/?page_id=1922","title":{"rendered":"Wojew\u00f3dzka Spo\u0142eczna Rada do spraw os\u00f3b niepe\u0142nosprawnych"},"content":{"rendered":"<div class='pfpItem entry-content'><h2 class='entry-title'><a href='https:\/\/rops-bialystok.pl\/rops\/?p=25155'>Spotkanie Wojew\u00f3dzkiej Spo\u0142ecznej Rady ds. Os\u00f3b Niepe\u0142nosprawnych<\/a><\/h2><div class='entry-meta'>Opublikowane 20 marca, 2026 r. <\/div><img decoding=\"async\" src=\"https:\/\/rops-bialystok.pl\/rops\/wp-content\/uploads\/2026\/03\/Spotkanie-Wojewodzkiej-Spolecznej-Rady-Osob-Niepelnosprawnych-150x150.png\" \/>W dniu 18 marca 2026 r. odby\u0142o si\u0119 posiedzenie Wojew\u00f3dzkiej Spo\u0142ecznej Rady do Spraw Os\u00f3b Niepe\u0142nosprawnych. G\u0142\u00f3wnym celem spotkania by\u0142 wyb\u00f3r nowego przewodnicz\u0105cego Rady oraz zaopiniowanie projektu uchwa\u0142y Sejmiku Wojew\u00f3dztwa Podlaskiego w sprawie okre\u015blenia zada\u0144 Samorz\u0105du Wojew\u00f3dztwa Podlaskiego realizowanych ze \u015brodk\u00f3w Pa\u0144stwowego Funduszu Rehabilitacji Os\u00f3b Niepe\u0142nosprawnych i przekazanie na nie \u015brodk\u00f3w w 2026 roku.&nbsp; Posiedzenie [&hellip;]<a href='https:\/\/rops-bialystok.pl\/rops\/?p=25155' class='pfpReadMore'><br \/>\nPrzeczytaj ca\u0142o\u015b\u0107 \u00bb<\/a><div class='clear'><\/div><hr><\/div><div class='pfpItem entry-content'><h2 class='entry-title'><a href='https:\/\/rops-bialystok.pl\/rops\/?p=24982'>Spotkanie Wojew\u00f3dzkiej Spo\u0142ecznej Rady do Spraw Os\u00f3b Niepe\u0142nosprawnych<\/a><\/h2><div class='entry-meta'>Opublikowane 13 lutego, 2026 r. <\/div>W dniu 16 stycznia 2026 r. odby\u0142o si\u0119 posiedzenie Wojew\u00f3dzkiej Spo\u0142ecznej Rady do Spraw Os\u00f3b Niepe\u0142nosprawnych. G\u0142\u00f3wnym celem spotkania by\u0142o podsumowanie dzia\u0142alno\u015bci Rady w 2025 r. oraz przedstawienie plan\u00f3w i cel\u00f3w na rok 2026. Posiedzenie otworzy\u0142 Przewodnicz\u0105cy Pan Rafa\u0142 \u015aredzi\u0144ski, kt\u00f3ry przywita\u0142 zgromadzonych cz\u0142onk\u00f3w Rady i zaproszonych go\u015bci. Nast\u0119pnie g\u0142os zabra\u0142a Wicemarsza\u0142ek Wojew\u00f3dztwa Podlaskiego Pani [&hellip;]<a href='https:\/\/rops-bialystok.pl\/rops\/?p=24982' class='pfpReadMore'><br \/>\nPrzeczytaj ca\u0142o\u015b\u0107 \u00bb<\/a><div class='clear'><\/div><hr><\/div><div class='pfpItem entry-content'><h2 class='entry-title'><a href='https:\/\/rops-bialystok.pl\/rops\/?p=23790'><a href=\"https:\/\/bip-rops.podlaskie.eu\/zarzadzenia-marszalka-dotyczace-rops\/zarzadzenie-nr-892025-marszalka-wojewodztwa-podlaskiego-z-dnia-2-czerwca-2025-r.html\">Powo\u0142anie Cz\u0142onka Wojew\u00f3dzkiej Spo\u0142ecznej Rady do Spraw Os\u00f3b Niepe\u0142nosprawnych<\/a><\/a><\/h2><div class='entry-meta'>Opublikowane 4 czerwca, 2025 r. <\/div>Link: Zarz\u0105dzenie Nr 89\/2025 Marsza\u0142ka Wojew\u00f3dztwa Podlaskiego z dnia 2 czerwca 2025 r. (bip-rops.podlaskie.eu)<a href='https:\/\/rops-bialystok.pl\/rops\/?p=23790' class='pfpReadMore'><br \/>\nPrzeczytaj ca\u0142o\u015b\u0107 \u00bb<\/a><div class='clear'><\/div><hr><\/div><div class='pfpItem entry-content'><h2 class='entry-title'><a href='https:\/\/rops-bialystok.pl\/rops\/?p=23494'>Posiedzenie Wojew\u00f3dzkiej Spo\u0142ecznej Rady do Spraw Os\u00f3b Niepe\u0142nosprawnych - 19.03.2025 r.<\/a><\/h2><div class='entry-meta'>Opublikowane 25 marca, 2025 r. <\/div><img decoding=\"async\" src=\"https:\/\/rops-bialystok.pl\/rops\/wp-content\/uploads\/2025\/03\/20250319_101535-150x150.jpg\" \/>Wojew\u00f3dzka Spo\u0142eczna Rada do Spraw Os\u00f3b Niepe\u0142nosprawnych w Bia\u0142ymstoku, w dniu 19 marca 2025 r. zapozna\u0142a si\u0119 z projektem uchwa\u0142y Sejmiku Wojew\u00f3dztwa Podlaskiego w sprawie okre\u015blenia zada\u0144 Samorz\u0105du Wojew\u00f3dztwa Podlaskiego w sprawie okre\u015blenia zada\u0144 Samorz\u0105du Wojew\u00f3dztwa Podlaskiego realizowanych ze \u015brodk\u00f3w Pa\u0144stwowego Funduszu Rehabilitacji Os\u00f3b Niepe\u0142nosprawnych i przeznaczenia na nie \u015brodk\u00f3w w 2025 r. Wed\u0142ug Rady [&hellip;]<a href='https:\/\/rops-bialystok.pl\/rops\/?p=23494' class='pfpReadMore'><br \/>\nPrzeczytaj ca\u0142o\u015b\u0107 \u00bb<\/a><div class='clear'><\/div><hr><\/div><div class='pfpItem entry-content'><h2 class='entry-title'><a href='https:\/\/rops-bialystok.pl\/rops\/?p=23286'>Posiedzenie Wojew\u00f3dzkiej Spo\u0142ecznej Rady do Spraw Os\u00f3b Niepe\u0142nosprawnych 13.12.2024 rok.<\/a><\/h2><div class='entry-meta'>Opublikowane 20 grudnia, 2024 r. <\/div><img decoding=\"async\" width=&quot;160&quot; height=&quot;120&quot; style=\"width:160px; height:120px; border-width: 10px; border-color:#f1f1f1;border: 10px solid #f1f1f1\" alt=\"9 os\u00f3b siedzi przy niedu\u017cym pod\u0142u\u017cnym stole. W tle baner Podlaskie z logiem kolorowego \u017cubra. Jedna z os\u00f3b siedzi na w\u00f3zku inwalidzkim.\" title=\"\" src=\"https:\/\/rops-bialystok.pl\/rops\/wp-content\/uploads\/2024\/09\/DSC_0151-160x120.jpg\" rel=\"https:\/\/rops-bialystok.pl\/rops\/wp-content\/uploads\/2024\/09\/DSC_0151-scaled.jpg\" \/>W dniu 13 grudnia 2024 roku przy ul. Kili\u0144skiego 16 w Bia\u0142ymstoku odby\u0142o si\u0119 Posiedzenie Wojew\u00f3dzkiej Spo\u0142ecznej Rady do Spraw Os\u00f3b Niepe\u0142nosprawnych. Przedmiotem spotkania by\u0142o om\u00f3wienie dzia\u0142a\u0144 na rzecz os\u00f3b z niepe\u0142nosprawno\u015bci\u0105 w wojew\u00f3dztwie podlaskim. Ponadto zebrani przedstawili wyzwania i cele w obszarze tworzenia sp\u00f3jnej polityki spo\u0142ecznej na przysz\u0142y rok. W spotkaniu uczestniczyli cz\u0142onkowie Rady, [&hellip;]<a href='https:\/\/rops-bialystok.pl\/rops\/?p=23286' class='pfpReadMore'><br \/>\nPrzeczytaj ca\u0142o\u015b\u0107 \u00bb<\/a><div class='clear'><\/div><hr><\/div><div class='pfpItem entry-content'><h2 class='entry-title'><a href='https:\/\/rops-bialystok.pl\/rops\/?p=22799'>Posiedzenie Wojew\u00f3dzkiej Spo\u0142ecznej Rady do Spraw Os\u00f3b Niepe\u0142nosprawnych 16.09.2024 r.<\/a><\/h2><div class='entry-meta'>Opublikowane 18 wrze\u015bnia, 2024 r. <\/div><img decoding=\"async\" src=\"https:\/\/rops-bialystok.pl\/rops\/wp-content\/uploads\/2024\/09\/DSC_0143-150x150.jpg\" \/>W dniu 16 wrze\u015bnia 2024 roku w Urz\u0119dzie Marsza\u0142kowskim Wojew\u00f3dztwa Podlaskiego przy ul. M. Curie \u2013 Sk\u0142odowskiej 14 w Bia\u0142ymstoku odby\u0142o si\u0119 posiedzenie Wojew\u00f3dzkiej Spo\u0142ecznej Rady do Spraw Os\u00f3b Niepe\u0142nosprawnych. Cz\u0142onkowie Wojew\u00f3dzkiej Rady zapoznali si\u0119 z projektem uchwa\u0142y zmieniaj\u0105cej uchwa\u0142\u0119 Sejmiku Wojew\u00f3dztwa Podlaskiego w sprawie okre\u015blenia zada\u0144 Samorz\u0105du Wojew\u00f3dztwa Podlaskiego realizowanych ze \u015brodk\u00f3w Pa\u0144stwowego Funduszu [&hellip;]<a href='https:\/\/rops-bialystok.pl\/rops\/?p=22799' class='pfpReadMore'><br \/>\nPrzeczytaj ca\u0142o\u015b\u0107 \u00bb<\/a><div class='clear'><\/div><hr><\/div><div class='pfpItem entry-content'><h2 class='entry-title'><a href='https:\/\/rops-bialystok.pl\/rops\/?p=21995'>Powo\u0142anie Wojew\u00f3dzkiej Spo\u0142ecznej Rady do Spraw Os\u00f3b Niepe\u0142nosprawnych na lata 2024 - 2028<\/a><\/h2><div class='entry-meta'>Opublikowane 5 marca, 2024 r. <\/div><img decoding=\"async\" src=\"https:\/\/rops-bialystok.pl\/rops\/wp-content\/uploads\/2024\/03\/2048x94800-150x150.jpg\" \/>W dniu 4 marca 2024 roku Marsza\u0142ek Wojew\u00f3dztwa Podlaskiego \u2013 Artur Kosicki, wr\u0119czy\u0142 powo\u0142ania dla cz\u0142onk\u00f3w Wojew\u00f3dzkiej Spo\u0142ecznej Rady do Spraw Os\u00f3b Niepe\u0142nosprawnych. Zgodnie z Zarz\u0105dzeniem Nr 44\/2024 Marsza\u0142ka Wojew\u00f3dztwa Podlaskiego z dnia 16 lutego 2024 roku w sk\u0142ad Rady wchodz\u0105: Rafa\u0142 Gawkowski &#8211; Prezes Zarz\u0105du Okr\u0119gu Podlaskiego Polskiego Zwi\u0105zku Niewidomych; Mariusz Zbigniew Gorski &#8211; [&hellip;]<a href='https:\/\/rops-bialystok.pl\/rops\/?p=21995' class='pfpReadMore'><br \/>\nPrzeczytaj ca\u0142o\u015b\u0107 \u00bb<\/a><div class='clear'><\/div><hr><\/div><div class='pfpItem entry-content'><h2 class='entry-title'><a href='https:\/\/rops-bialystok.pl\/rops\/?p=21824'>Posiedzenie Wojew\u00f3dzkiej Spo\u0142ecznej Rady do Spraw Os\u00f3b Niepe\u0142nosprawnych 15 grudzie\u0144 2023 r.<\/a><\/h2><div class='entry-meta'>Opublikowane 18 grudnia, 2023 r. <\/div><img decoding=\"async\" width=&quot;160&quot; height=&quot;120&quot; style=\"width:160px; height:120px; border-width: 10px; border-color:#f1f1f1;border: 10px solid #f1f1f1\" alt=\"Posiedzenie Rady do Spraw Os\u00f3b Niepe\u0142nosprawnych. Grupowe zdj\u0119cie na tle logotypu Wojew\u00f3dztwa Podlaskiego. Pi\u0119\u0107 os\u00f3b trzyma podzi\u0119kowania oprawione w ramk\u0119.\" title=\"\" src=\"https:\/\/rops-bialystok.pl\/rops\/wp-content\/uploads\/2023\/12\/0-160x120.jpg\" rel=\"https:\/\/rops-bialystok.pl\/rops\/wp-content\/uploads\/2023\/12\/0-scaled.jpg\" \/>W dniu 15 grudnia 2023 roku odby\u0142o si\u0119 ostatnie Posiedzenie Wojew\u00f3dzkiej Spo\u0142ecznej Rady do Spraw Os\u00f3b Niepe\u0142nosprawnych w nast\u0119puj\u0105cym sk\u0142adzie: \u015awiderska Jolanta El\u017cbieta\u2013 Przedstawiciel Fundacji \u201eOswoi\u0107 \u015awiat\u201d; Kujawa El\u017cbieta Katarzyna\u2013 Pe\u0142nomocnik Regionalny Fundacji Aktywnej Rehabilitacji FAR na wojew\u00f3dztwo podlaskie; \u015aredzi\u0144ski Rafa\u0142\u2013 Prezes Stowarzyszenia \u201eMY DLA INNYCH\u201d; Czerniawska Ma\u0142gorzata Beata\u2013 Przedstawiciel Wojewody, starszy inspektor wojew\u00f3dzki w [&hellip;]<a href='https:\/\/rops-bialystok.pl\/rops\/?p=21824' class='pfpReadMore'><br \/>\nPrzeczytaj ca\u0142o\u015b\u0107 \u00bb<\/a><div class='clear'><\/div><hr><\/div><div class='pfpItem entry-content'><h2 class='entry-title'><a href='https:\/\/rops-bialystok.pl\/rops\/?p=21636'>Posiedzenie Wojew\u00f3dzkiej Spo\u0142ecznej Rady do Spraw Os\u00f3b Niepe\u0142nosprawnych<\/a><\/h2><div class='entry-meta'>Opublikowane 25 wrze\u015bnia, 2023 r. <\/div><img decoding=\"async\" width=&quot;160&quot; height=&quot;120&quot; style=\"width:160px; height:120px; border-width: 10px; border-color:#f1f1f1;border: 10px solid #f1f1f1\" alt=\"Posiedzenie Wojew\u00f3dzkiej Spo\u0142ecznej Rady do Spraw Os\u00f3b Niepe\u0142nosprawnych\" title=\"\" src=\"https:\/\/rops-bialystok.pl\/rops\/wp-content\/uploads\/2023\/09\/DSC_0704-160x120.jpg\" rel=\"https:\/\/rops-bialystok.pl\/rops\/wp-content\/uploads\/2023\/09\/DSC_0704-scaled.jpg\" \/>W dniu 21 wrze\u015bnia 2023 roku odby\u0142o si\u0119 posiedzenie&nbsp; Wojew\u00f3dzkiej Spo\u0142ecznej Rady do Spraw Os\u00f3b Niepe\u0142nosprawnych. Podczas posiedzenia cz\u0142onkowie Rady jako organ opiniodawczo \u2013 doradczy Marsza\u0142ka Wojew\u00f3dztwa, zaopiniowa\u0142 projekt uchwa\u0142y zmieniaj\u0105cej uchwa\u0142\u0119 Sejmiku Wojew\u00f3dztwa Podlaskiego w sprawie okre\u015blenia zada\u0144 Samorz\u0105du Wojew\u00f3dztwa Podlaskiego realizowanych ze \u015brodk\u00f3w Pa\u0144stwowego Funduszu Rehabilitacji os\u00f3b Niepe\u0142nosprawnych i przeznaczenia na nie \u015brodk\u00f3w [&hellip;]<a href='https:\/\/rops-bialystok.pl\/rops\/?p=21636' class='pfpReadMore'><br \/>\nPrzeczytaj ca\u0142o\u015b\u0107 \u00bb<\/a><div class='clear'><\/div><hr><\/div><div class='pfpItem entry-content'><h2 class='entry-title'><a href='https:\/\/rops-bialystok.pl\/rops\/?p=20835'>Posiedzenie Wojew\u00f3dzkiej Spo\u0142ecznej Rady do Spraw Os\u00f3b Niepe\u0142nosprawnych 28.02.2023 r.<\/a><\/h2><div class='entry-meta'>Opublikowane 3 marca, 2023 r. <\/div>W dniu 28 lutego 2023 roku odby\u0142o si\u0119 posiedzenie Wojew\u00f3dzkiej Spo\u0142ecznej Rady do Spraw Os\u00f3b Niepe\u0142nosprawnych. Pani Jolanta \u015awiderska \u2013 Przewodnicz\u0105ca Rady, przywita\u0142a zgromadzonych nast\u0119pnie przedstawi\u0142a porz\u0105dek spotkania: Wyb\u00f3r nowego prezydium Wojew\u00f3dzkiej Spo\u0142ecznej Rady do Spraw Os\u00f3b Niepe\u0142nosprawnych. Sprawy r\u00f3\u017cne. Zgodnie z rozporz\u0105dzeniem MGP i PS z dnia 23 marca 2003 r. w sprawach organizacji [&hellip;]<a href='https:\/\/rops-bialystok.pl\/rops\/?p=20835' class='pfpReadMore'><br \/>\nPrzeczytaj ca\u0142o\u015b\u0107 \u00bb<\/a><div class='clear'><\/div><hr><\/div><div class='pfpItem entry-content'><h2 class='entry-title'><a href='https:\/\/rops-bialystok.pl\/rops\/?p=19926'>Posiedzenie Wojew\u00f3dzkiej Spo\u0142ecznej Rady do Spraw Os\u00f3b Niepe\u0142nosprawnych.<\/a><\/h2><div class='entry-meta'>Opublikowane 2 czerwca, 2022 r. <\/div><img decoding=\"async\" width=&quot;160&quot; height=&quot;120&quot; style=\"width:160px; height:120px; border-width: 10px; border-color:#f1f1f1;border: 10px solid #f1f1f1\" alt=\"Sze\u015b\u0107 kobiet siedzi podczas spotkania przy stole na kt\u00f3rym le\u017c\u0105 dokumenty i pocz\u0119stunek. Przy \u015bcianie stoj\u0105 p\u00f3\u0142ki z ksi\u0105\u017ckami.\" title=\"\" src=\"https:\/\/rops-bialystok.pl\/rops\/wp-content\/uploads\/2022\/06\/IMG_1975-160x120.jpg\" rel=\"https:\/\/rops-bialystok.pl\/rops\/wp-content\/uploads\/2022\/06\/IMG_1975-scaled.jpg\" \/>W dniu 26 maja 2022 roku odby\u0142o si\u0119 posiedzenie Wojew\u00f3dzkiej Spo\u0142ecznej Rady do Spraw Os\u00f3b Niepe\u0142nosprawnych. G\u0142\u00f3wnym celem posiedzenia by\u0142 wyb\u00f3r prezydium. W g\u0142osowaniu bra\u0142o udzia\u0142 sze\u015b\u0107 os\u00f3b. Wszyscy jednog\u0142o\u015bnie zag\u0142osowali na Pani\u0105 Jolant\u0119 \u015awidersk\u0105, aby ponownie pe\u0142ni\u0142a funkcj\u0119 Przewodnicz\u0105cej Rady. Nast\u0119pnie pi\u0119\u0107 os\u00f3b zag\u0142osowa\u0142o na El\u017cbiet\u0119 Kujaw\u0119 i Rafa\u0142a \u015aredzi\u0144skiego. Jedna osoba wstrzyma\u0142a si\u0119 [&hellip;]<a href='https:\/\/rops-bialystok.pl\/rops\/?p=19926' class='pfpReadMore'><br \/>\nPrzeczytaj ca\u0142o\u015b\u0107 \u00bb<\/a><div class='clear'><\/div><hr><\/div>\n<p>&nbsp;<\/p>\n<div class=\"wpi_text\"><a href='https:\/\/rops-bialystok.pl\/rops\/?page_id=22991' onclick='' class='wpi_designer_button   wpi_shadow wpi_shadow_1px wpi_text_shadow_no wpi_texture_no wpi_border_all wpi_padding_10px wpi_5px wpi_designer_button_11174 wpi_icon wpi_icon_no wpi_icon_left  ' target='' rel=''><i class=''><\/i><span class='wpi_text'>Archiwum<\/span><\/a><\/div>\n","protected":false},"excerpt":{"rendered":"<p>&nbsp;<\/p>\n","protected":false},"author":12,"featured_media":0,"parent":0,"menu_order":0,"comment_status":"closed","ping_status":"closed","template":"","meta":{"ngg_post_thumbnail":0,"footnotes":""},"class_list":["post-1922","page","type-page","status-publish","hentry"],"_links":{"self":[{"href":"https:\/\/rops-bialystok.pl\/rops\/index.php?rest_route=\/wp\/v2\/pages\/1922","targetHints":{"allow":["GET"]}}],"collection":[{"href":"https:\/\/rops-bialystok.pl\/rops\/index.php?rest_route=\/wp\/v2\/pages"}],"about":[{"href":"https:\/\/rops-bialystok.pl\/rops\/index.php?rest_route=\/wp\/v2\/types\/page"}],"author":[{"embeddable":true,"href":"https:\/\/rops-bialystok.pl\/rops\/index.php?rest_route=\/wp\/v2\/users\/12"}],"replies":[{"embeddable":true,"href":"https:\/\/rops-bialystok.pl\/rops\/index.php?rest_route=%2Fwp%2Fv2%2Fcomments&post=1922"}],"version-history":[{"count":11,"href":"https:\/\/rops-bialystok.pl\/rops\/index.php?rest_route=\/wp\/v2\/pages\/1922\/revisions"}],"predecessor-version":[{"id":22994,"href":"https:\/\/rops-bialystok.pl\/rops\/index.php?rest_route=\/wp\/v2\/pages\/1922\/revisions\/22994"}],"wp:attachment":[{"href":"https:\/\/rops-bialystok.pl\/rops\/index.php?rest_route=%2Fwp%2Fv2%2Fmedia&parent=1922"}],"curies":[{"name":"wp","href":"https:\/\/api.w.org\/{rel}","templated":true}]}}