{"id":2059,"date":"2013-03-11T12:24:09","date_gmt":"2013-03-11T11:24:09","guid":{"rendered":"http:\/\/www.rops-bialystok.pl\/rops\/?page_id=2059"},"modified":"2024-07-11T12:47:15","modified_gmt":"2024-07-11T10:47:15","slug":"bank-rekomendowanych-programow","status":"publish","type":"page","link":"https:\/\/rops-bialystok.pl\/rops\/?page_id=2059","title":{"rendered":"Bank rekomendowanych program\u00f3w profilaktycznych"},"content":{"rendered":"<p style=\"text-align: left;\"><strong>Szanowni Pa\u0144stwo, Realizatorzy, Przedstawiciele instytucji finansuj\u0105cych przedsi\u0119wzi\u0119cia profilaktyczne!<\/strong><\/p>\n<p style=\"text-align: left;\"><strong>Maj\u0105c na wzgl\u0119dzie istot\u0119 jako\u015bci realizowanych program\u00f3w profilaktycznych, zach\u0119cam Pa\u0144stwa do korzystania i wspierania program\u00f3w rekomendowanych \u2013 posiadaj\u0105cych wieloletni\u0105 praktyk\u0119 oraz procedur\u0119 ewaluacji.<\/strong><\/p>\n<p style=\"text-align: left;\">pod adresem: <a href=\"https:\/\/programyrekomendowane.pl\/\"><strong>Programy rekomendowane (www.programyrekomendowane.pl)<\/strong><\/a><\/p>\n<p style=\"text-align: left;\">Krajowe Centrum Przeciwdzia\u0142ania Uzale\u017cnieniom umie\u015bci\u0142o baz\u0119 program\u00f3w rekomendowanych skupiaj\u0105c\u0105 <strong>programy promocji zdrowia psychicznego i profilaktyki zachowa\u0144 ryzykownych dzieci i m\u0142odzie\u017cy<\/strong>.<\/p>\n<p style=\"text-align: left;\">Oceny jako\u015bci udost\u0119pnionych program\u00f3w dokona\u0142 mi\u0119dzyinstytucjonalny Zesp\u00f3\u0142 do spraw oceny i rekomendacji program\u00f3w, w sk\u0142ad kt\u00f3rego wchodz\u0105 przedstawiciele nast\u0119puj\u0105cych instytucji publicznych: <strong>Krajowego Centrum Przeciwdzia\u0142ania Uzale\u017cnieniom<\/strong> (powsta\u0142ego z po\u0142\u0105czenia <strong>Krajowego Biura ds. Przeciwdzia\u0142ania Narkomanii z Pa\u0144stwow\u0105 Agencj\u0105 Rozwi\u0105zywania Problem\u00f3w Alkoholowych)<\/strong>, <strong>O\u015brodka Rozwoju Edukacji<\/strong> oraz <strong>Instytutu Psychiatrii i Neurologii<\/strong>.<\/p>\n","protected":false},"excerpt":{"rendered":"<p>Szanowni Pa\u0144stwo, Realizatorzy, Przedstawiciele instytucji finansuj\u0105cych przedsi\u0119wzi\u0119cia profilaktyczne! Maj\u0105c na wzgl\u0119dzie istot\u0119 jako\u015bci realizowanych program\u00f3w profilaktycznych, zach\u0119cam Pa\u0144stwa do korzystania i wspierania program\u00f3w rekomendowanych \u2013 posiadaj\u0105cych wieloletni\u0105 praktyk\u0119 oraz procedur\u0119 ewaluacji. pod adresem: Programy rekomendowane (www.programyrekomendowane.pl) Krajowe Centrum Przeciwdzia\u0142ania Uzale\u017cnieniom umie\u015bci\u0142o baz\u0119 program\u00f3w rekomendowanych skupiaj\u0105c\u0105 programy promocji zdrowia psychicznego i profilaktyki zachowa\u0144 ryzykownych dzieci i [&hellip;]<\/p>\n","protected":false},"author":12,"featured_media":0,"parent":0,"menu_order":0,"comment_status":"closed","ping_status":"closed","template":"","meta":{"ngg_post_thumbnail":0,"footnotes":""},"class_list":["post-2059","page","type-page","status-publish","hentry"],"_links":{"self":[{"href":"https:\/\/rops-bialystok.pl\/rops\/index.php?rest_route=\/wp\/v2\/pages\/2059","targetHints":{"allow":["GET"]}}],"collection":[{"href":"https:\/\/rops-bialystok.pl\/rops\/index.php?rest_route=\/wp\/v2\/pages"}],"about":[{"href":"https:\/\/rops-bialystok.pl\/rops\/index.php?rest_route=\/wp\/v2\/types\/page"}],"author":[{"embeddable":true,"href":"https:\/\/rops-bialystok.pl\/rops\/index.php?rest_route=\/wp\/v2\/users\/12"}],"replies":[{"embeddable":true,"href":"https:\/\/rops-bialystok.pl\/rops\/index.php?rest_route=%2Fwp%2Fv2%2Fcomments&post=2059"}],"version-history":[{"count":12,"href":"https:\/\/rops-bialystok.pl\/rops\/index.php?rest_route=\/wp\/v2\/pages\/2059\/revisions"}],"predecessor-version":[{"id":22664,"href":"https:\/\/rops-bialystok.pl\/rops\/index.php?rest_route=\/wp\/v2\/pages\/2059\/revisions\/22664"}],"wp:attachment":[{"href":"https:\/\/rops-bialystok.pl\/rops\/index.php?rest_route=%2Fwp%2Fv2%2Fmedia&parent=2059"}],"curies":[{"name":"wp","href":"https:\/\/api.w.org\/{rel}","templated":true}]}}