{"id":20790,"date":"2023-02-13T10:46:41","date_gmt":"2023-02-13T09:46:41","guid":{"rendered":"http:\/\/www.rops-bialystok.pl\/rops\/?page_id=20790"},"modified":"2023-06-27T13:24:59","modified_gmt":"2023-06-27T11:24:59","slug":"konkursy-2023-rok","status":"publish","type":"page","link":"https:\/\/rops-bialystok.pl\/rops\/?page_id=20790","title":{"rendered":"Konkursy 2023 rok"},"content":{"rendered":"<div id=\"wpi_shortcode\" class=\"wpi_icon wpi_icon_star\">\n<div class=\"wpi_text\" style=\"text-align: center;\"><a href='https:\/\/www.rops-bialystok.pl\/rops\/?page_id=20787' onclick='' class='wpi_designer_button   wpi_shadow wpi_shadow_1px wpi_text_shadow_no wpi_texture_no wpi_border_bottom wpi_padding_10px wpi_5px wpi_designer_button_9204 wpi_icon wpi_icon_no wpi_icon_left  ' target='' rel=''><i class=''><\/i><span class='wpi_text'>Konkursy w sferze przeciwdzia\u0142ania uzale\u017cnieniom i patologiom spo\u0142ecznym<\/span><\/a><\/div>\n<div>\n<div class=\"wpi_text\" style=\"text-align: center;\"><a href='https:\/\/www.rops-bialystok.pl\/rops\/?p=21197' onclick='' class='wpi_designer_button   wpi_shadow wpi_shadow_1px wpi_text_shadow_no wpi_texture_no wpi_border_bottom wpi_padding_10px wpi_5px wpi_designer_button_9203 wpi_icon wpi_icon_no wpi_icon_left  ' target='' rel=''><i class=''><\/i><span class='wpi_text'>Konkursy w sferze dzia\u0142a\u0144 na rzecz os\u00f3b niepe\u0142nosprawnych<\/span><\/a><\/div>\n<div style=\"text-align: center;\"><a href='https:\/\/www.rops-bialystok.pl\/rops\/?page_id=21323' onclick='' class='wpi_designer_button   wpi_shadow wpi_shadow_1px wpi_text_shadow_no wpi_texture_no wpi_border_bottom wpi_padding_10px wpi_5px wpi_designer_button_9205 wpi_icon wpi_icon_no wpi_icon_left  ' target='' rel=''><i class=''><\/i><span class='wpi_text'>Konkursy w sferze w sferze wspierania rodziny i systemu pieczy zast\u0119pczej<\/span><\/a><\/div>\n<div><a href='https:\/\/www.rops-bialystok.pl\/rops\/?page_id=21315' onclick='' class='wpi_designer_button   wpi_shadow wpi_shadow_ wpi_designer_button_preset_243 wpi_icon wpi_icon_no wpi_icon_left  ' target='' rel=''><i class=''><\/i><span class='wpi_text'>Konkursy w sferze w sferze pomocy spo\u0142ecznej, w tym pomocy rodzinom i osobom w trudnej sytuacji \u017cyciowej oraz wyr\u00f3wnywania szans tych rodzin i os\u00f3b<\/span><\/a><\/div>\n<\/div>\n<\/div>\n","protected":false},"excerpt":{"rendered":"","protected":false},"author":16,"featured_media":0,"parent":0,"menu_order":0,"comment_status":"closed","ping_status":"closed","template":"","meta":{"ngg_post_thumbnail":0,"footnotes":""},"class_list":["post-20790","page","type-page","status-publish","hentry"],"_links":{"self":[{"href":"https:\/\/rops-bialystok.pl\/rops\/index.php?rest_route=\/wp\/v2\/pages\/20790","targetHints":{"allow":["GET"]}}],"collection":[{"href":"https:\/\/rops-bialystok.pl\/rops\/index.php?rest_route=\/wp\/v2\/pages"}],"about":[{"href":"https:\/\/rops-bialystok.pl\/rops\/index.php?rest_route=\/wp\/v2\/types\/page"}],"author":[{"embeddable":true,"href":"https:\/\/rops-bialystok.pl\/rops\/index.php?rest_route=\/wp\/v2\/users\/16"}],"replies":[{"embeddable":true,"href":"https:\/\/rops-bialystok.pl\/rops\/index.php?rest_route=%2Fwp%2Fv2%2Fcomments&post=20790"}],"version-history":[{"count":5,"href":"https:\/\/rops-bialystok.pl\/rops\/index.php?rest_route=\/wp\/v2\/pages\/20790\/revisions"}],"predecessor-version":[{"id":21319,"href":"https:\/\/rops-bialystok.pl\/rops\/index.php?rest_route=\/wp\/v2\/pages\/20790\/revisions\/21319"}],"wp:attachment":[{"href":"https:\/\/rops-bialystok.pl\/rops\/index.php?rest_route=%2Fwp%2Fv2%2Fmedia&parent=20790"}],"curies":[{"name":"wp","href":"https:\/\/api.w.org\/{rel}","templated":true}]}}