{"id":22172,"date":"2024-04-02T11:31:50","date_gmt":"2024-04-02T09:31:50","guid":{"rendered":"https:\/\/rops-bialystok.pl\/rops\/?page_id=22172"},"modified":"2024-04-02T11:31:50","modified_gmt":"2024-04-02T09:31:50","slug":"projekt-pn-podlaskie-dla-ukrainy-o-projekcie","status":"publish","type":"page","link":"https:\/\/rops-bialystok.pl\/rops\/?page_id=22172","title":{"rendered":"Projekt pn. \u201ePodlaskie dla Ukrainy\u201d &#8211; O projekcie"},"content":{"rendered":"<p><img loading=\"lazy\" decoding=\"async\" class=\"wp-image-22170 size-full\" src=\"https:\/\/rops-bialystok.pl\/rops\/wp-content\/uploads\/2024\/04\/6_b_logotypy_EFRR_kolor_07_08_2018-scaled.jpg\" alt=\"Pasek z czterema logotypami, Fundusze Europejskie, Rzeczpospolita Polska, Podlaskie oraz Unia Europejska.\" width=\"2560\" height=\"222\" srcset=\"https:\/\/rops-bialystok.pl\/rops\/wp-content\/uploads\/2024\/04\/6_b_logotypy_EFRR_kolor_07_08_2018-scaled.jpg 2560w, https:\/\/rops-bialystok.pl\/rops\/wp-content\/uploads\/2024\/04\/6_b_logotypy_EFRR_kolor_07_08_2018-300x26.jpg 300w, https:\/\/rops-bialystok.pl\/rops\/wp-content\/uploads\/2024\/04\/6_b_logotypy_EFRR_kolor_07_08_2018-1024x89.jpg 1024w, https:\/\/rops-bialystok.pl\/rops\/wp-content\/uploads\/2024\/04\/6_b_logotypy_EFRR_kolor_07_08_2018-768x67.jpg 768w, https:\/\/rops-bialystok.pl\/rops\/wp-content\/uploads\/2024\/04\/6_b_logotypy_EFRR_kolor_07_08_2018-1536x133.jpg 1536w, https:\/\/rops-bialystok.pl\/rops\/wp-content\/uploads\/2024\/04\/6_b_logotypy_EFRR_kolor_07_08_2018-2048x178.jpg 2048w\" sizes=\"auto, (max-width: 2560px) 100vw, 2560px\" \/><\/p>\n<p style=\"text-align: center;\">Projekt pn. \u201ePodlaskie dla Ukrainy\u201d realizowany w ramach Regionalnego Programu Operacyjnego Wojew\u00f3dztwa Podlaskiego na lata 2014-2020, Osi Priorytetowej VIII Infrastruktura dla us\u0142ug u\u017cyteczno\u015bci publicznej, Dzia\u0142ania 8.4 Infrastruktura spo\u0142eczna, Poddzia\u0142ania 8.4.1 Infrastruktura ochrony zdrowia i us\u0142ug socjalnych, Typ projektu: Projekt z zakresu wsparcia na rzecz uchod\u017ac\u00f3w z Ukrainy.<\/p>\n<hr \/>\n<p><strong>Projekt pn. \u201ePodlaskie dla Ukrainy\u201d<\/strong> jest realizowany w ramach Regionalnego Programu Operacyjnego Wojew\u00f3dztwa Podlaskiego na lata 2014-2020, Osi Priorytetowej VIII Infrastruktura dla us\u0142ug u\u017cyteczno\u015bci publicznej, Dzia\u0142ania 8.4 Infrastruktura spo\u0142eczna, Poddzia\u0142ania 8.4.1 Infrastruktura ochrony zdrowia i us\u0142ug socjalnych, Typ projektu: Projekt z zakresu wsparcia na rzecz uchod\u017ac\u00f3w z Ukrainy.<\/p>\n<p>Projekt jest realizowany w formule partnerskiej. Wnioskodawc\u0105 Projektu, a tym samym podmiotem odpowiedzialnym za jego realizacj\u0119, jest Wojew\u00f3dztwo Podlaskie reprezentowane przez Regionalny O\u015brodek Polityki Spo\u0142ecznej w Bia\u0142ymstoku, kt\u00f3ry pe\u0142ni rol\u0119 lidera. Natomiast partnerami Projektu, odpowiedzialnymi za infrastruktur\u0119 spo\u0142eczn\u0105 na terenie gmin, s\u0105: Gmina Czarna Bia\u0142ostocka, Gmina Zab\u0142ud\u00f3w, Gmina Miejska Wysokie Mazowieckie, w imieniu kt\u00f3rej realizatorem jest Szko\u0142a Podstawowa nr 1 im. Tadeusza Ko\u015bciuszki w Wysokiem Mazowieckiem.<\/p>\n<p><strong>Celem nadrz\u0119dnym<\/strong> inwestycji jest zapewnienie godnych warunk\u00f3w mieszkaniowych dla os\u00f3b b\u0119d\u0105cych uchod\u017acami z Ukrainy oraz umo\u017cliwienie ukrai\u0144skim dzieciom (uczniowie) niedyskryminuj\u0105cych warunk\u00f3w edukacji na terenie wojew\u00f3dztwa podlaskiego.<\/p>\n<p>Na cel nadrz\u0119dny sk\u0142adaj\u0105 si\u0119 <strong>cele szczeg\u00f3\u0142owe<\/strong>, obrazuj\u0105ce spodziewane efekty inwestycji, w tym m.in.:<\/p>\n<ul>\n<li>Przygotowanie 11 mieszka\u0144, dla os\u00f3b b\u0119d\u0105cych uchod\u017acami z Ukrainy, na terenie Gminy Czarna Bia\u0142ostocka i Gminy Zab\u0142ud\u00f3w;<\/li>\n<li>Zapewnienie dost\u0119pu do edukacji, w tym zapewnienie zaj\u0119\u0107 wyr\u00f3wnawczych i terapeutycznych dla min. 23 dzieci w Szkole Podstawowej nr 1 w Wysokiem Mazowieckiem, b\u0119d\u0105cych uchod\u017acami z Ukrainy, poprzez adaptacj\u0119 i wyposa\u017cenie 5 sal szkolnych i \u015bwietlicy.<\/li>\n<\/ul>\n<p><strong>Grup\u0119 docelow\u0105<\/strong> Projektu stanowi\u0105 bezpo\u015brednio wszystkie osoby posiadaj\u0105ce status uchod\u017acy, pochodz\u0105ce z terenu Ukrainy zgodnie z zapisami \u201especustawy\u201d (Ustawa z dnia 12 marca 2022 r. o pomocy obywatelom Ukrainy w zwi\u0105zku z konfliktem zbrojnym na terytorium tego pa\u0144stwa) tj.:<\/p>\n<ul>\n<li>osoba, b\u0119d\u0105ca obywatelem Ukrainy i przyjecha\u0142a do Polski legalnie z terytorium Ukrainy w okresie od 24 lutego 2022 r., w zwi\u0105zku z konfliktem zbrojnym (niezale\u017cnie od tego czy przyjecha\u0142a bezpo\u015brednio z terytorium Ukrainy czy przez terytorium innego kraju) lub<\/li>\n<li>osoba b\u0119d\u0105ca m\u0119\u017cem\/\u017con\u0105 obywatela Ukrainy i wjecha\u0142\/a do Polski na powy\u017cszych warunkach (nawet je\u015bli nie posiada obywatelstwa Ukrainy).<\/li>\n<\/ul>\n<p>Okres realizacji Projektu: 01.10.2022 r. \u2013 31.12.2023 r.<\/p>\n<p><strong>Ca\u0142kowita warto\u015b\u0107 Projektu<\/strong> wynosi 3 500 820,68 z\u0142, natomiast <strong>dofinansowanie ze \u015brodk\u00f3w europejskich<\/strong> to kwota 2 975 697,52 z\u0142.<\/p>\n","protected":false},"excerpt":{"rendered":"<p>Projekt pn. \u201ePodlaskie dla Ukrainy\u201d realizowany w ramach Regionalnego Programu Operacyjnego Wojew\u00f3dztwa Podlaskiego na lata 2014-2020, Osi Priorytetowej VIII Infrastruktura dla us\u0142ug u\u017cyteczno\u015bci publicznej, Dzia\u0142ania 8.4 Infrastruktura spo\u0142eczna, Poddzia\u0142ania 8.4.1 Infrastruktura ochrony zdrowia i us\u0142ug socjalnych, Typ projektu: Projekt z zakresu wsparcia na rzecz uchod\u017ac\u00f3w z Ukrainy. Projekt pn. \u201ePodlaskie dla Ukrainy\u201d jest realizowany w [&hellip;]<\/p>\n","protected":false},"author":16,"featured_media":0,"parent":0,"menu_order":0,"comment_status":"closed","ping_status":"closed","template":"","meta":{"ngg_post_thumbnail":0,"footnotes":""},"class_list":["post-22172","page","type-page","status-publish","hentry"],"_links":{"self":[{"href":"https:\/\/rops-bialystok.pl\/rops\/index.php?rest_route=\/wp\/v2\/pages\/22172","targetHints":{"allow":["GET"]}}],"collection":[{"href":"https:\/\/rops-bialystok.pl\/rops\/index.php?rest_route=\/wp\/v2\/pages"}],"about":[{"href":"https:\/\/rops-bialystok.pl\/rops\/index.php?rest_route=\/wp\/v2\/types\/page"}],"author":[{"embeddable":true,"href":"https:\/\/rops-bialystok.pl\/rops\/index.php?rest_route=\/wp\/v2\/users\/16"}],"replies":[{"embeddable":true,"href":"https:\/\/rops-bialystok.pl\/rops\/index.php?rest_route=%2Fwp%2Fv2%2Fcomments&post=22172"}],"version-history":[{"count":1,"href":"https:\/\/rops-bialystok.pl\/rops\/index.php?rest_route=\/wp\/v2\/pages\/22172\/revisions"}],"predecessor-version":[{"id":22173,"href":"https:\/\/rops-bialystok.pl\/rops\/index.php?rest_route=\/wp\/v2\/pages\/22172\/revisions\/22173"}],"wp:attachment":[{"href":"https:\/\/rops-bialystok.pl\/rops\/index.php?rest_route=%2Fwp%2Fv2%2Fmedia&parent=22172"}],"curies":[{"name":"wp","href":"https:\/\/api.w.org\/{rel}","templated":true}]}}