{"id":22654,"date":"2024-07-09T12:41:58","date_gmt":"2024-07-09T10:41:58","guid":{"rendered":"https:\/\/rops-bialystok.pl\/rops\/?page_id=22654"},"modified":"2024-07-31T12:20:31","modified_gmt":"2024-07-31T10:20:31","slug":"projekt-podlaska-akademia-wspierania-rodziny-i-pieczy-zastepczej-o-projekcie","status":"publish","type":"page","link":"https:\/\/rops-bialystok.pl\/rops\/?page_id=22654","title":{"rendered":"O projekcie &#8222;Podlaska Akademia Wspierania Rodziny i Pieczy Zast\u0119pczej&#8221;"},"content":{"rendered":"<p><img loading=\"lazy\" decoding=\"async\" class=\"aligncenter wp-image-22652 size-full\" src=\"https:\/\/rops-bialystok.pl\/rops\/wp-content\/uploads\/2024\/07\/FEdP_2021_2027.png\" alt=\"Zestawienie znak\u00f3w programu Fundusze Europejskie dla Podlaskiego\" width=\"1923\" height=\"206\" srcset=\"https:\/\/rops-bialystok.pl\/rops\/wp-content\/uploads\/2024\/07\/FEdP_2021_2027.png 1923w, https:\/\/rops-bialystok.pl\/rops\/wp-content\/uploads\/2024\/07\/FEdP_2021_2027-300x32.png 300w, https:\/\/rops-bialystok.pl\/rops\/wp-content\/uploads\/2024\/07\/FEdP_2021_2027-1024x110.png 1024w, https:\/\/rops-bialystok.pl\/rops\/wp-content\/uploads\/2024\/07\/FEdP_2021_2027-768x82.png 768w, https:\/\/rops-bialystok.pl\/rops\/wp-content\/uploads\/2024\/07\/FEdP_2021_2027-1536x165.png 1536w\" sizes=\"auto, (max-width: 1923px) 100vw, 1923px\" \/><\/p>\n<p style=\"text-align: center;\">Projekt \u201ePodlaska Akademia Wspierania Rodziny i Pieczy Zast\u0119pczej\u201d wsp\u00f3\u0142finansowany ze \u015brodk\u00f3w Europejskiego Funduszu Spo\u0142ecznego Plus<br \/>\nw ramach programu Fundusze Europejskie dla Podlaskiego 2021-2027<\/p>\n<hr \/>\n<p><span style=\"font-size: 10pt;\"><strong>Projekt \u201ePodlaska Akademia Wspierania Rodziny i Pieczy Zast\u0119pczej\u201d wsp\u00f3\u0142finansowany ze \u015brodk\u00f3w Europejskiego Funduszu Spo\u0142ecznego Plus, w ramach programu Fundusze Europejskie dla Podlaskiego 2021-2027, Priorytetu VIII Fundusze na rzecz edukacji i w\u0142\u0105czenia spo\u0142ecznego, Dzia\u0142ania 8.5 Wzmocnienie aktywnej integracji spo\u0142ecznej.<\/strong><\/span><\/p>\n<p><span style=\"font-size: 10pt;\"><strong>Celem projektu<\/strong> jest przeciwdzia\u0142anie ub\u00f3stwu i wykluczeniu spo\u0142ecznemu dzieci w obszarze adopcji, pieczy zast\u0119pczej (poprzez dzia\u0142ania diagnostyczne, poradnictwo psychologiczno-pedagogiczne, dzia\u0142ania szkoleniowe i wspieraj\u0105ce rodziny zast\u0119pcze, adopcyjne oraz kandydat\u00f3w na rodzic\u00f3w zast\u0119pczych). Realizacja celu g\u0142\u00f3wnego przyczyni si\u0119 do wspierania procesu deinstytucjonalizacji us\u0142ug \u015bwiadczonych na rzecz dzieci pozbawionych opieki rodzicielskiej.<\/span><\/p>\n<p><span style=\"font-size: 10pt;\"><strong>Rezultatem projektu<\/strong> b\u0119dzie uruchomienie i funkcjonowanie Podlaskiego Centrum Konsultacyjno-Diagnostycznego, podniesienie kompetencji kadry specjalistycznej, organizator\u00f3w rodzinnej pieczy zast\u0119pczej oraz podniesienie kompetencji rodzicielskich i wychowawczych rodzin zast\u0119pczych i adopcyjnych z terenu wojew\u00f3dztwa podlaskiego.<\/span><\/p>\n<p><span style=\"font-size: 10pt;\"><strong>Zadania projektu:<\/strong><\/span><\/p>\n<ol>\n<li><span style=\"font-size: 10pt;\">Uruchomienie i funkcjonowanie Podlaskiego Centrum Konsultacyjno-Diagnostycznego (PCKD), kt\u00f3rego celem b\u0119dzie diagnozowanie oraz praca nad zaburzeniami i dysfunkcjami dzieci i m\u0142odzie\u017cy, w tym z niepe\u0142nosprawno\u015bci\u0105, z rodzin zast\u0119pczych, adopcyjnych, zg\u0142oszonych do przysposobienia oraz przebywaj\u0105cych w ca\u0142odobowych instytucjach opieki z terenu wojew\u00f3dztwa podlaskiego. Dzia\u0142aniami wspieraj\u0105cymi w ramach PCKD zostan\u0105 obj\u0119ci r\u00f3wnie\u017c rodzice zast\u0119pczy i adopcyjni, kandydaci na rodzic\u00f3w zast\u0119pczych, a tak\u017ce osoby pe\u0142ni\u0105ce funkcj\u0119 rodziny wspieraj\u0105cej i pomocowej.<\/span><\/li>\n<li><span style=\"font-size: 10pt;\">Podnoszenie kompetencji kadr instytucji pomocy spo\u0142ecznej i systemu pieczy zast\u0119pczej, ukierunkowane na wzrost poziomu wiedzy oraz rozw\u00f3j umiej\u0119tno\u015bci kadr instytucji pomocy spo\u0142ecznej i systemu pieczy zast\u0119pcze z terenu wojew\u00f3dztwa podlaskiego w zakresie wspierania rodziny. Zadanie b\u0119dzie realizowane w trybie szkole\u0144 i warsztat\u00f3w.<\/span><\/li>\n<li><span style=\"font-size: 10pt;\">Podniesienie kompetencji rodzicielskich i wychowawczych oraz wsparcie rodzin zast\u0119pczych i adopcyjnych, kt\u00f3rego celem b\u0119dzie pomoc psychologiczna oraz poradnictwo w zakresie przezwyci\u0119\u017cania trudno\u015bci wychowawczych, a tak\u017ce trening umiej\u0119tno\u015bci rodzicielskich. Dzia\u0142ania w formie warsztatowej b\u0119d\u0105 skierowane do rodzin zast\u0119pczych i adopcyjnych oraz kandydat\u00f3w na rodzic\u00f3w zast\u0119pczych z terenu wojew\u00f3dztwa podlaskiego.<\/span><\/li>\n<li><span style=\"font-size: 10pt;\">Dzia\u0142ania informacyjno-promocyjne dotycz\u0105ce rodzinnych form pieczy zast\u0119pczej, maj\u0105ce na celu upowszechnienie informacji na temat zrealizowanych dzia\u0142a\u0144 projektowych i oferty wsparcia oraz promocj\u0119 rodzicielstwa zast\u0119pczego. Dzia\u0142ania informacyjno-promocyjne realizowane b\u0119d\u0105 w formie konferencji oraz cyklu spot\u00f3w telewizyjnych.<\/span><\/li>\n<\/ol>\n<p><span style=\"font-size: 10pt;\"><strong>Odbiorcami projektu<\/strong> s\u0105 dzieci i m\u0142odzie\u017c, w tym z niepe\u0142nosprawno\u015bci\u0105, z rodzin zast\u0119pczych, adopcyjnych, zg\u0142oszonych do przysposobienia oraz przebywaj\u0105ce w ca\u0142odobowych instytucjach opieki, rodzice zast\u0119pczy i adopcyjni, kandydaci na rodzic\u00f3w zast\u0119pczych, osoby pe\u0142ni\u0105ce funkcj\u0119 rodziny wspieraj\u0105cej i pomocowej oraz kadra jednostek organizacyjnych pomocy spo\u0142ecznej i systemu pieczy zast\u0119pczej z terenu wojew\u00f3dztwa podlaskiego.<\/span><\/p>\n<p><span style=\"font-size: 10pt;\"><strong>Okres realizacji projektu:<\/strong> 01.08.2024 r. &#8211; 31.12.2027 r.<\/span><\/p>\n<p><span style=\"font-size: 10pt;\"><strong>Ca\u0142kowita warto\u015b\u0107 projektu:<\/strong> 4 335 500,00 z\u0142<\/span><\/p>\n<p><span style=\"font-size: 10pt;\"><strong>Dofinansowanie projektu z UE:<\/strong> 4 118 725,00 z\u0142<\/span><\/p>\n<p><span style=\"font-size: 10pt;\">#FunduszeUE <\/span><span style=\"font-size: 10pt;\">#FunduszeEuropejskie<\/span><\/p>\n<p><img loading=\"lazy\" decoding=\"async\" class=\"aligncenter wp-image-22684 size-full\" src=\"https:\/\/rops-bialystok.pl\/rops\/wp-content\/uploads\/2024\/07\/Programy-regionalne-podlaskie_FE-plakat-A3-\u201ePodlaska-Akademia-Wspierania-Rodziny-i-Pieczy-Zastepczej.jpg\" alt=\"Informacja o dofinansowaniu Projektu &quot;Podlaska Akademia Wspierania Rodziny i Pieczy Zast\u0119pczej&quot; ze \u015brodk\u00f3w Unii Europejskiej.\" width=\"1587\" height=\"1123\" srcset=\"https:\/\/rops-bialystok.pl\/rops\/wp-content\/uploads\/2024\/07\/Programy-regionalne-podlaskie_FE-plakat-A3-\u201ePodlaska-Akademia-Wspierania-Rodziny-i-Pieczy-Zastepczej.jpg 1587w, https:\/\/rops-bialystok.pl\/rops\/wp-content\/uploads\/2024\/07\/Programy-regionalne-podlaskie_FE-plakat-A3-\u201ePodlaska-Akademia-Wspierania-Rodziny-i-Pieczy-Zastepczej-300x212.jpg 300w, https:\/\/rops-bialystok.pl\/rops\/wp-content\/uploads\/2024\/07\/Programy-regionalne-podlaskie_FE-plakat-A3-\u201ePodlaska-Akademia-Wspierania-Rodziny-i-Pieczy-Zastepczej-1024x725.jpg 1024w, https:\/\/rops-bialystok.pl\/rops\/wp-content\/uploads\/2024\/07\/Programy-regionalne-podlaskie_FE-plakat-A3-\u201ePodlaska-Akademia-Wspierania-Rodziny-i-Pieczy-Zastepczej-768x543.jpg 768w, https:\/\/rops-bialystok.pl\/rops\/wp-content\/uploads\/2024\/07\/Programy-regionalne-podlaskie_FE-plakat-A3-\u201ePodlaska-Akademia-Wspierania-Rodziny-i-Pieczy-Zastepczej-1536x1087.jpg 1536w\" sizes=\"auto, (max-width: 1587px) 100vw, 1587px\" \/><\/p>\n","protected":false},"excerpt":{"rendered":"<p>Projekt \u201ePodlaska Akademia Wspierania Rodziny i Pieczy Zast\u0119pczej\u201d wsp\u00f3\u0142finansowany ze \u015brodk\u00f3w Europejskiego Funduszu Spo\u0142ecznego Plus w ramach programu Fundusze Europejskie dla Podlaskiego 2021-2027 Projekt \u201ePodlaska Akademia Wspierania Rodziny i Pieczy Zast\u0119pczej\u201d wsp\u00f3\u0142finansowany ze \u015brodk\u00f3w Europejskiego Funduszu Spo\u0142ecznego Plus, w ramach programu Fundusze Europejskie dla Podlaskiego 2021-2027, Priorytetu VIII Fundusze na rzecz edukacji i w\u0142\u0105czenia spo\u0142ecznego, [&hellip;]<\/p>\n","protected":false},"author":16,"featured_media":0,"parent":0,"menu_order":0,"comment_status":"closed","ping_status":"closed","template":"","meta":{"ngg_post_thumbnail":0,"footnotes":""},"class_list":["post-22654","page","type-page","status-publish","hentry"],"_links":{"self":[{"href":"https:\/\/rops-bialystok.pl\/rops\/index.php?rest_route=\/wp\/v2\/pages\/22654","targetHints":{"allow":["GET"]}}],"collection":[{"href":"https:\/\/rops-bialystok.pl\/rops\/index.php?rest_route=\/wp\/v2\/pages"}],"about":[{"href":"https:\/\/rops-bialystok.pl\/rops\/index.php?rest_route=\/wp\/v2\/types\/page"}],"author":[{"embeddable":true,"href":"https:\/\/rops-bialystok.pl\/rops\/index.php?rest_route=\/wp\/v2\/users\/16"}],"replies":[{"embeddable":true,"href":"https:\/\/rops-bialystok.pl\/rops\/index.php?rest_route=%2Fwp%2Fv2%2Fcomments&post=22654"}],"version-history":[{"count":7,"href":"https:\/\/rops-bialystok.pl\/rops\/index.php?rest_route=\/wp\/v2\/pages\/22654\/revisions"}],"predecessor-version":[{"id":22695,"href":"https:\/\/rops-bialystok.pl\/rops\/index.php?rest_route=\/wp\/v2\/pages\/22654\/revisions\/22695"}],"wp:attachment":[{"href":"https:\/\/rops-bialystok.pl\/rops\/index.php?rest_route=%2Fwp%2Fv2%2Fmedia&parent=22654"}],"curies":[{"name":"wp","href":"https:\/\/api.w.org\/{rel}","templated":true}]}}