{"id":25309,"date":"2026-05-08T14:27:00","date_gmt":"2026-05-08T12:27:00","guid":{"rendered":"https:\/\/rops-bialystok.pl\/rops\/?page_id=25309"},"modified":"2026-05-08T15:21:55","modified_gmt":"2026-05-08T13:21:55","slug":"sklad-rady-seniorow-przy-marszalku-wojewodztwa-podlaskiego-iii-kadencji","status":"publish","type":"page","link":"https:\/\/rops-bialystok.pl\/rops\/?page_id=25309","title":{"rendered":"Sk\u0142ad Rady Senior\u00f3w przy Marsza\u0142ku Wojew\u00f3dztwa Podlaskiego III kadencji"},"content":{"rendered":"<p>Zarz\u0105d Wojew\u00f3dztwa Podlaskiego uchwa\u0142\u0105 Nr 165\/3336\/2026 z dnia 5 maja 2026 r.&nbsp;powo\u0142a\u0142 sk\u0142ad osobowy Podlaskiej Wojew\u00f3dzkiej Rady Senior\u00f3w na trzeci\u0105&nbsp;kadencj\u0119 2026\u20132029.<\/p>\n<p>W sk\u0142ad Rady wchodz\u0105:<\/p>\n<ul>\n<li>Gra\u017cyna Czajkowska,<\/li>\n<li>Jacek Jaros\u0142aw Harasimowicz,<\/li>\n<li>Stanis\u0142aw Kaseja,<\/li>\n<li>Maria Jolanta Lauryn,<\/li>\n<li>Halina Leszczy\u0144ska,<\/li>\n<li>Ryszard Grzegorz \u0141api\u0144ski,<\/li>\n<li>Halina Otoka,<\/li>\n<li>Pawe\u0142 Miros\u0142aw Pecuszok,<\/li>\n<li>El\u017cbieta Pomian,<\/li>\n<li>Eugenia Repli\u0144ska,<\/li>\n<li>Anna Sawicka,<\/li>\n<li>Barbara Sk\u0142odowska,<\/li>\n<li>Halina Szuszczy\u0144ska,<\/li>\n<li>Wojciech Winko,<\/li>\n<li>Jolanta Wo\u0142\u0105giewicz.<\/li>\n<\/ul>\n<p>Podlaska Wojew\u00f3dzka Rada Senior\u00f3w jest cia\u0142em o&nbsp;charakterze konsultacyjnym, doradczym i&nbsp;inicjatywnym, powo\u0142anym celem reprezentowania \u015brodowiska senior\u00f3w w&nbsp;Samorz\u0105dzie Wojew\u00f3dztwa Podlaskiego, dzia\u0142aj\u0105cym na&nbsp;rzecz wzmocnienia i&nbsp;rozwoju regionalnej polityki senioralnej.<\/p>\n<p>Piecz\u0119 nad dzia\u0142alno\u015bci\u0105 Rady sprawuje Departament Kultury i Dziedzictwa Narodowego Urz\u0119du Marsza\u0142kowskiego Wojew\u00f3dztwa Podlaskiego.<\/p>\n<p>Dokumenty Reguluj\u0105ce Sk\u0142ad i prac\u0119 Rady:<\/p>\n<ul>\n<li><a href=\"https:\/\/rops-bialystok.pl\/rops\/wp-content\/uploads\/2026\/05\/Uchwala-ws.-powolania-Podlaskiej-Wojewodzkiej-Rady-Seniorow.pdf\">uchwa\u0142\u0119 nr 165\/3336\/2026<\/a><\/li>\n<\/ul>\n","protected":false},"excerpt":{"rendered":"<p>Zarz\u0105d Wojew\u00f3dztwa Podlaskiego uchwa\u0142\u0105 Nr 165\/3336\/2026 z dnia 5 maja 2026 r.&nbsp;powo\u0142a\u0142 sk\u0142ad osobowy Podlaskiej Wojew\u00f3dzkiej Rady Senior\u00f3w na trzeci\u0105&nbsp;kadencj\u0119 2026\u20132029. W sk\u0142ad Rady wchodz\u0105: Gra\u017cyna Czajkowska, Jacek Jaros\u0142aw Harasimowicz, Stanis\u0142aw Kaseja, Maria Jolanta Lauryn, Halina Leszczy\u0144ska, Ryszard Grzegorz \u0141api\u0144ski, Halina Otoka, Pawe\u0142 Miros\u0142aw Pecuszok, El\u017cbieta Pomian, Eugenia Repli\u0144ska, Anna Sawicka, Barbara Sk\u0142odowska, Halina Szuszczy\u0144ska, [&hellip;]<\/p>\n","protected":false},"author":16,"featured_media":0,"parent":0,"menu_order":0,"comment_status":"closed","ping_status":"closed","template":"","meta":{"ngg_post_thumbnail":0,"footnotes":""},"class_list":["post-25309","page","type-page","status-publish","hentry"],"_links":{"self":[{"href":"https:\/\/rops-bialystok.pl\/rops\/index.php?rest_route=\/wp\/v2\/pages\/25309","targetHints":{"allow":["GET"]}}],"collection":[{"href":"https:\/\/rops-bialystok.pl\/rops\/index.php?rest_route=\/wp\/v2\/pages"}],"about":[{"href":"https:\/\/rops-bialystok.pl\/rops\/index.php?rest_route=\/wp\/v2\/types\/page"}],"author":[{"embeddable":true,"href":"https:\/\/rops-bialystok.pl\/rops\/index.php?rest_route=\/wp\/v2\/users\/16"}],"replies":[{"embeddable":true,"href":"https:\/\/rops-bialystok.pl\/rops\/index.php?rest_route=%2Fwp%2Fv2%2Fcomments&post=25309"}],"version-history":[{"count":2,"href":"https:\/\/rops-bialystok.pl\/rops\/index.php?rest_route=\/wp\/v2\/pages\/25309\/revisions"}],"predecessor-version":[{"id":25313,"href":"https:\/\/rops-bialystok.pl\/rops\/index.php?rest_route=\/wp\/v2\/pages\/25309\/revisions\/25313"}],"wp:attachment":[{"href":"https:\/\/rops-bialystok.pl\/rops\/index.php?rest_route=%2Fwp%2Fv2%2Fmedia&parent=25309"}],"curies":[{"name":"wp","href":"https:\/\/api.w.org\/{rel}","templated":true}]}}