{"id":863,"date":"2012-09-25T14:24:34","date_gmt":"2012-09-25T12:24:34","guid":{"rendered":"http:\/\/www.rops-bialystok.pl\/rops\/?page_id=863"},"modified":"2024-10-21T09:38:37","modified_gmt":"2024-10-21T07:38:37","slug":"pomoc-spoleczna-2","status":"publish","type":"page","link":"https:\/\/rops-bialystok.pl\/rops\/?page_id=863","title":{"rendered":"Aktualno\u015bci pomocy spo\u0142ecznej"},"content":{"rendered":"<div class='pfpItem entry-content'><h2 class='entry-title'><a href='https:\/\/rops-bialystok.pl\/rops\/?p=25152'>Regionalny O\u015brodek Polityki Spo\u0142ecznej w Bia\u0142ymstoku , informuje, \u017ce Minister Rodziny, Pracy i Polityki Spo\u0142ecznej og\u0142osi\u0142a nab\u00f3r ofert w ramach konkursu pn. \u201eRazem Mo\u017cemy Wi\u0119cej\u201d<\/a><\/h2><div class='entry-meta'>Opublikowane 20 marca, 2026 r. <\/div>Regionalny O\u015brodek Polityki Spo\u0142ecznej w Bia\u0142ymstoku , informuje, \u017ce Minister Rodziny, Pracy i Polityki Spo\u0142ecznej og\u0142osi\u0142a nab\u00f3r ofert w ramach konkursu pn. \u201eRazem Mo\u017cemy Wi\u0119cej\u201d, realizowanego w ramach Resortowego Programu Aktywizacyjnego dla Cudzoziemc\u00f3w na rok 2026. Szczeg\u00f3\u0142owe informacje dotycz\u0105ce za\u0142o\u017ce\u0144 Programu, zasad udzia\u0142u w konkursie, kryteri\u00f3w oceny oraz warunk\u00f3w realizacji projekt\u00f3w dost\u0119pne s\u0105 w Regulaminie [&hellip;]<a href='https:\/\/rops-bialystok.pl\/rops\/?p=25152' class='pfpReadMore'>Przeczytaj ca\u0142o\u015b\u0107 \u00bb<\/a><div class='clear'><\/div><hr><\/div><div class='pfpItem entry-content'><h2 class='entry-title'><a href='https:\/\/rops-bialystok.pl\/rops\/?p=24685'>Obchody Dnia Pracownika Socjalnego<\/a><\/h2><div class='entry-meta'>Opublikowane 20 listopada, 2025 r. <\/div><img decoding=\"async\" src=\"https:\/\/rops-bialystok.pl\/rops\/wp-content\/uploads\/2025\/11\/20112025_0-150x150.jpg\" \/>Dnia 18 listopada 2025 r. Regionalny O\u015brodek Polityki Spo\u0142ecznej w Bia\u0142ymstoku zorganizowa\u0142 konferencj\u0119 w ramach obchod\u00f3w Dnia Pracownika Socjalnego, w murach bia\u0142ostockiej Wschodnioeuropejskiej Akademii Nauk Stosowanych, dla przedstawicieli s\u0142u\u017cb spo\u0142ecznych z terenu wojew\u00f3dztwa podlaskiego. Podczas uroczysto\u015bci mia\u0142o miejsce uroczyste wr\u0119czenie odznacze\u0144 pa\u0144stwowych nadanych postanowieniem Prezydenta Rzeczypospolitej Polskiej. Odznaczenia wr\u0119czyli wojewoda podlaski Jacek Brzozowski oraz wicemarsza\u0142ek [&hellip;]<a href='https:\/\/rops-bialystok.pl\/rops\/?p=24685' class='pfpReadMore'>Przeczytaj ca\u0142o\u015b\u0107 \u00bb<\/a><div class='clear'><\/div><hr><\/div><div class='pfpItem entry-content'><h2 class='entry-title'><a href='https:\/\/rops-bialystok.pl\/rops\/?p=23848'>Relacja z konferencji pn. \u201eUpowszechnianie us\u0142ug spo\u0142ecznych - aktualne kierunki, modele i projekty z zakresu deinstytucjonalizacji\u201d<\/a><\/h2><div class='entry-meta'>Opublikowane 1 lipca, 2025 r. <\/div><img decoding=\"async\" src=\"https:\/\/rops-bialystok.pl\/rops\/wp-content\/uploads\/2025\/07\/zdj1_01072025-150x150.jpg\" \/>W dniu 23 czerwca 2025 roku w Centrum Wystawienniczo-Konferencyjnym Archidiecezji Bia\u0142ostockiej odby\u0142a si\u0119 konferencja pn. \u201eUpowszechnianie us\u0142ug spo\u0142ecznych \u2013 aktualne kierunki, modele i projekty z zakresu deinstytucjonalizacji\u201d. Celem konferencji by\u0142o przedstawienie bie\u017c\u0105cych kierunk\u00f3w oraz om\u00f3wienie aktualnych wyzwa\u0144 i dobrych praktyk w rozwoju us\u0142ug spo\u0142ecznych pod k\u0105tem deinstytucjonalizacji. Uczestnikami konferencji byli przedstawiciele o\u015brodk\u00f3w pomocy spo\u0142ecznej, urz\u0119d\u00f3w [&hellip;]<a href='https:\/\/rops-bialystok.pl\/rops\/?p=23848' class='pfpReadMore'>Przeczytaj ca\u0142o\u015b\u0107 \u00bb<\/a><div class='clear'><\/div><hr><\/div><div class='pfpItem entry-content'><h2 class='entry-title'><a href='https:\/\/rops-bialystok.pl\/rops\/?p=23765'>Zaproszenie na konferencj\u0119 pn. \u201eUpowszechnianie us\u0142ug spo\u0142ecznych - aktualne kierunki, modele i projekty z zakresu deinstytucjonalizacji\u201d w dniu 23.06.2025 r.<\/a><\/h2><div class='entry-meta'>Opublikowane 4 czerwca, 2025 r. <\/div>Szanowni Pa\u0144stwo, Regionalny O\u015brodek Polityki Spo\u0142ecznej w Bia\u0142ymstoku serdecznie zaprasza przedstawicieli Urz\u0119d\u00f3w Gmin i Urz\u0119d\u00f3w Miast oraz O\u015brodk\u00f3w Pomocy Spo\u0142ecznej z terenu wojew\u00f3dztwa podlaskiego na konferencj\u0119 pn. \u201eUpowszechnianie us\u0142ug spo\u0142ecznych &#8211; aktualne kierunki, modele i projekty z zakresu deinstytucjonalizacji\u201d. Konferencja odb\u0119dzie si\u0119 w dniu 23 czerwca 2025 r. w godz. 10:00 \u2013 14:30 w auli [&hellip;]<a href='https:\/\/rops-bialystok.pl\/rops\/?p=23765' class='pfpReadMore'>Przeczytaj ca\u0142o\u015b\u0107 \u00bb<\/a><div class='clear'><\/div><hr><\/div><div class='pfpItem entry-content'><h2 class='entry-title'><a href='https:\/\/rops-bialystok.pl\/rops\/?p=23660'>Nagrody specjalne Ministra Rodziny, Pracy i Polityki Spo\u0142ecznej za wybitne nowatorskie rozwi\u0105zania w zakresie pomocy spo\u0142ecznej w 2025 roku<\/a><\/h2><div class='entry-meta'>Opublikowane 14 maja, 2025 r. <\/div>Informujemy, \u017ce z okazji Dnia Pracownika Socjalnego, przypadaj\u0105cego 21 listopada, zostan\u0105 przyznane nagrody specjalne Ministra Rodziny, Pracy i Polityki Spo\u0142ecznej za wybitne nowatorskie rozwi\u0105zania w zakresie pomocy spo\u0142ecznej w roku 2025, zgodnie z rozporz\u0105dzeniem Ministra Polityki Spo\u0142ecznej z dnia 7 kwietnia 2005 r. w sprawie przyznawania nagr\u00f3d specjalnych w zakresie pomocy spo\u0142ecznej (Dz. U. z [&hellip;]<a href='https:\/\/rops-bialystok.pl\/rops\/?p=23660' class='pfpReadMore'>Przeczytaj ca\u0142o\u015b\u0107 \u00bb<\/a><div class='clear'><\/div><hr><\/div><div class='pfpItem entry-content'><h2 class='entry-title'><a href='https:\/\/rops-bialystok.pl\/rops\/?p=23421'>Relacja ze spotkania pn. \u201eWykorzystanie \u015brodk\u00f3w z bud\u017cetu pa\u0144stwa i program\u00f3w PFRON dofinansowuj\u0105cych plac\u00f3wki wsparcia\u201d.<\/a><\/h2><div class='entry-meta'>Opublikowane 7 marca, 2025 r. <\/div><img decoding=\"async\" src=\"https:\/\/rops-bialystok.pl\/rops\/wp-content\/uploads\/2025\/03\/Zdjecie-1-150x150.jpg\" \/>W dniu 6 marca 2025 r. w Auli im. Krzysztofa Putry w Urz\u0119dzie Marsza\u0142kowskim Wojew\u00f3dztwa Podlaskiego odby\u0142o si\u0119 spotkanie organizowane przez Regionalny O\u015brodek Polityki Spo\u0142ecznej w Bia\u0142ymstoku pn. \u201eWykorzystanie \u015brodk\u00f3w z bud\u017cetu pa\u0144stwa i program\u00f3w PFRON dofinansowuj\u0105cych plac\u00f3wki wsparcia\u201d. Uczestnikami spotkania byli przedstawiciele \u015brodowiskowych dom\u00f3w samopomocy z terenu wojew\u00f3dztwa podlaskiego. Spotkanie otworzy\u0142a Pani El\u017cbieta Rajewska-Nikonowicz [&hellip;]<a href='https:\/\/rops-bialystok.pl\/rops\/?p=23421' class='pfpReadMore'>Przeczytaj ca\u0142o\u015b\u0107 \u00bb<\/a><div class='clear'><\/div><hr><\/div><div class='pfpItem entry-content'><h2 class='entry-title'><a href='https:\/\/rops-bialystok.pl\/rops\/?p=23187'>Relacja ze spotkania pn. \u201eWykorzystanie \u015brodk\u00f3w z bud\u017cetu pa\u0144stwa, program\u00f3w PFRON dofinansowuj\u0105cych samorz\u0105dy oraz plac\u00f3wki wsparcia\u201d.<\/a><\/h2><div class='entry-meta'>Opublikowane 26 listopada, 2024 r. <\/div><img decoding=\"async\" src=\"https:\/\/rops-bialystok.pl\/rops\/wp-content\/uploads\/2024\/11\/Zdjecie1-150x150.jpg\" \/>W dniu 15 listopada 2024 r. w Auli im. Krzysztofa Putry w Urz\u0119dzie Marsza\u0142kowskim Wojew\u00f3dztwa Podlaskiego odby\u0142o si\u0119 spotkanie organizowane przez Regionalny O\u015brodek Polityki Spo\u0142ecznej w Bia\u0142ymstoku pn. \u201eWykorzystanie \u015brodk\u00f3w z bud\u017cetu pa\u0144stwa, program\u00f3w PFRON dofinansowuj\u0105cych samorz\u0105dy oraz plac\u00f3wki wsparcia\u201d. Uczestnikami spotkania byli przedstawiciele dom\u00f3w pomocy spo\u0142ecznej oraz powiatowych centr\u00f3w pomocy rodzinie i jednostek realizuj\u0105cych [&hellip;]<a href='https:\/\/rops-bialystok.pl\/rops\/?p=23187' class='pfpReadMore'>Przeczytaj ca\u0142o\u015b\u0107 \u00bb<\/a><div class='clear'><\/div><hr><\/div><div class='pfpItem entry-content'><h2 class='entry-title'><a href='https:\/\/rops-bialystok.pl\/rops\/?p=22934'>18 pa\u017adziernika - Europejski Dzie\u0144 Walki z Handlem Lud\u017ami<\/a><\/h2><div class='entry-meta'>Opublikowane 18 pa\u017adziernika, 2024 r. <\/div>18 pa\u017adziernika w ca\u0142ej Unii Europejskiej obchodzony jest Europejski Dzie\u0144 Walki z Handlem Lud\u017ami. W tym dniu wszystkie podmioty zaanga\u017cowane w przeciwdzia\u0142anie i zapobieganie temu procederowi zwracaj\u0105 szczeg\u00f3ln\u0105 uwag\u0119 ca\u0142ego spo\u0142ecze\u0144stwa na problem handlu lud\u017ami. Celem jest budowanie \u015bwiadomo\u015bci, czym jest handel lud\u017ami, jak z nim walczy\u0107 i jak si\u0119 przed nim ustrzec. Ten symboliczny [&hellip;]<a href='https:\/\/rops-bialystok.pl\/rops\/?p=22934' class='pfpReadMore'>Przeczytaj ca\u0142o\u015b\u0107 \u00bb<\/a><div class='clear'><\/div><hr><\/div><div class='pfpItem entry-content'><h2 class='entry-title'><a href='https:\/\/rops-bialystok.pl\/rops\/?p=22543'>Nagrody specjalne Ministra Rodziny, Pracy i Polityki Spo\u0142ecznej za wybitne nowatorskie rozwi\u0105zania w zakresie pomocy spo\u0142ecznej w 2024 roku<\/a><\/h2><div class='entry-meta'>Opublikowane 29 maja, 2024 r. <\/div>Informujemy, \u017ce z okazji Dnia Pracownika Socjalnego (21 listopada) zostan\u0105 przyznane nagrody specjalne Ministra Rodziny, Pracy i Polityki Spo\u0142ecznej za wybitne nowatorskie rozwi\u0105zania w zakresie pomocy spo\u0142ecznej w roku 2024, zgodnie z rozporz\u0105dzeniem Ministra Polityki Spo\u0142ecznej z dnia 7 kwietnia 2005 r. w sprawie przyznawania nagr\u00f3d specjalnych w zakresie pomocy spo\u0142ecznej (Dz. U. Nr 74, [&hellip;]<a href='https:\/\/rops-bialystok.pl\/rops\/?p=22543' class='pfpReadMore'>Przeczytaj ca\u0142o\u015b\u0107 \u00bb<\/a><div class='clear'><\/div><hr><\/div><div class='pfpItem entry-content'><h2 class='entry-title'><a href='https:\/\/rops-bialystok.pl\/rops\/?p=22442'>Szkolenie pn. \u201eProfilaktyka i sposoby radzenia sobie ze stresem oraz przeciwdzia\u0142anie wypaleniu zawodowemu w pracy zawodowej w DPS\u201d<\/a><\/h2><div class='entry-meta'>Opublikowane 26 kwietnia, 2024 r. <\/div><img decoding=\"async\" src=\"https:\/\/rops-bialystok.pl\/rops\/wp-content\/uploads\/2024\/04\/20240422_095808-150x150.jpg\" \/>W dniach 22 oraz 23 kwietnia 2024 r. odby\u0142y si\u0119 dwa szkolenia stacjonarne dla dw\u00f3ch grup pracownik\u00f3w Dom\u00f3w Pomocy Spo\u0142ecznej z terenu wojew\u00f3dztwa podlaskiego pn. \u201eProfilaktyka i sposoby radzenia sobie ze stresem oraz przeciwdzia\u0142anie wypaleniu zawodowemu w pracy zawodowej w DPS\u201d organizowane przez Regionalny O\u015brodek Polityki Spo\u0142ecznej w Bia\u0142ymstoku. Celem szkolenia by\u0142o zdobycie wiedzy i [&hellip;]<a href='https:\/\/rops-bialystok.pl\/rops\/?p=22442' class='pfpReadMore'>Przeczytaj ca\u0142o\u015b\u0107 \u00bb<\/a><div class='clear'><\/div><hr><\/div><div class='pfpItem entry-content'><h2 class='entry-title'><a href='https:\/\/rops-bialystok.pl\/rops\/?p=22278'>Zaproszenie na szkolenie w trybie stacjonarnym pn. \u201eProfilaktyka i sposoby radzenia sobie ze stresem oraz przeciwdzia\u0142anie wypaleniu zawodowemu w pracy zawodowej w DPS\u201d skierowane do pracownik\u00f3w Dom\u00f3w Pomocy Spo\u0142ecznej z terenu wojew\u00f3dztwa podlaskiego. \u2013 REKRUTACJA<\/a><\/h2><div class='entry-meta'>Opublikowane 12 kwietnia, 2024 r. <\/div>Regionalny O\u015brodek Polityki Spo\u0142ecznej w Bia\u0142ymstoku serdecznie zaprasza pracownik\u00f3w Dom\u00f3w Pomocy Spo\u0142ecznej &nbsp;z terenu wojew\u00f3dztwa podlaskiego na bezp\u0142atne szkolenie w trybie stacjonarnym pn. \u201eProfilaktyka i sposoby radzenia sobie ze stresem oraz przeciwdzia\u0142anie wypaleniu zawodowemu w pracy zawodowej w DPS\u201d. Szkolenie prowadzone b\u0119d\u0105 w formie stacjonarnej, w grupach ok. 15 os\u00f3b. Uczestnikom szkolenia zapewnione zostan\u0105: materia\u0142y [&hellip;]<a href='https:\/\/rops-bialystok.pl\/rops\/?p=22278' class='pfpReadMore'>Przeczytaj ca\u0142o\u015b\u0107 \u00bb<\/a><div class='clear'><\/div><hr><\/div><div class='pfpItem entry-content'><h2 class='entry-title'><a href='https:\/\/rops-bialystok.pl\/rops\/?p=22118'>Zaproszenie na szkolenie w trybie zdalnym \u201eStosowanie \u015brodk\u00f3w przymusu bezpo\u015bredniego w Domach Pomocy Spo\u0142ecznej\u201d skierowane do pracownik\u00f3w Dom\u00f3w Pomocy Spo\u0142ecznej z terenu wojew\u00f3dztwa podlaskiego \u2013 Rekrutacja<\/a><\/h2><div class='entry-meta'>Opublikowane 22 marca, 2024 r. <\/div>Regionalny O\u015brodek Polityki Spo\u0142ecznej w Bia\u0142ymstoku serdecznie zaprasza pracownik\u00f3w Dom\u00f3w Pomocy Spo\u0142ecznej z terenu wojew\u00f3dztwa podlaskiego na bezp\u0142atne szkolenie w trybie zdalnym pn. \u201eStosowanie \u015brodk\u00f3w przymusu bezpo\u015bredniego w Domach Pomocy Spo\u0142ecznej\u201d. Szkolenie prowadzone b\u0119d\u0105 w formie zdalnej, w czasie rzeczywistym z wykorzystaniem po\u0142\u0105cze\u0144 on-line, w formie umo\u017cliwiaj\u0105cej przekazanie i utrwalenie tre\u015bci okre\u015blonych w programie szkolenia, [&hellip;]<a href='https:\/\/rops-bialystok.pl\/rops\/?p=22118' class='pfpReadMore'>Przeczytaj ca\u0142o\u015b\u0107 \u00bb<\/a><div class='clear'><\/div><hr><\/div><div class='pfpItem entry-content'><h2 class='entry-title'><a href='https:\/\/rops-bialystok.pl\/rops\/?p=22107'>Konkurs ofert na dofinansowanie realizacji zada\u0144 w obszarze pomocy spo\u0142ecznej w 2024 roku<\/a><\/h2><div class='entry-meta'>Opublikowane 19 marca, 2024 r. <\/div>Szanowni Pa\u0144stwo, Regionalny O\u015brodek Polityki Spo\u0142ecznej w Bia\u0142ymstoku informuje o og\u0142oszeniu przez Wojewod\u0119 Podlaskiego w dniu 13 marca 2024 roku konkursu ofert na dofinansowanie realizacji zada\u0144 w obszarze pomocy spo\u0142ecznej w 2024 roku w wojew\u00f3dztwie podlaskim w ramach Programu finansowego wspierania przez Wojewod\u0119 Podlaskiego program\u00f3ww okre\u015blonych obszarach pomocy spo\u0142ecznej, realizowanych w latach 2022, 2023 i [&hellip;]<a href='https:\/\/rops-bialystok.pl\/rops\/?p=22107' class='pfpReadMore'>Przeczytaj ca\u0142o\u015b\u0107 \u00bb<\/a><div class='clear'><\/div><hr><\/div><div class='pfpItem entry-content'><h2 class='entry-title'><a href='https:\/\/rops-bialystok.pl\/rops\/?p=22004'>Zaproszenie na szkolenie w trybie zdalnym pn. \u201eNowelizacja ustawy o pomocy spo\u0142ecznej z dnia 28.07.2023 r.\u201d skierowane do pracownik\u00f3w Dom\u00f3w Pomocy Spo\u0142ecznej z terenu wojew\u00f3dztwa podlaskiego w szczeg\u00f3lno\u015bci pracownik\u00f3w socjalnych\u2013 Rekrutacja<\/a><\/h2><div class='entry-meta'>Opublikowane 5 marca, 2024 r. <\/div>Regionalny O\u015brodek Polityki Spo\u0142ecznej w Bia\u0142ymstoku serdecznie zaprasza pracownik\u00f3w Dom\u00f3w Pomocy Spo\u0142ecznej z terenu wojew\u00f3dztwa podlaskiego w szczeg\u00f3lno\u015bci pracownik\u00f3w socjalnych na bezp\u0142atne szkolenie w trybie zdalnym pn. \u201eNowelizacja ustawy o pomocy spo\u0142ecznej z dnia 28.07.2023 r.\u201d. Szkolenie prowadzone b\u0119d\u0105 w formie zdalnej, w grupach do 20 os\u00f3b. Uczestnikom szkolenia zapewnione zostan\u0105: materia\u0142y szkoleniowe\/dydaktyczne, za\u015bwiadczenie\/certyfikat o [&hellip;]<a href='https:\/\/rops-bialystok.pl\/rops\/?p=22004' class='pfpReadMore'>Przeczytaj ca\u0142o\u015b\u0107 \u00bb<\/a><div class='clear'><\/div><hr><\/div><div class='pfpItem entry-content'><h2 class='entry-title'><a href='https:\/\/rops-bialystok.pl\/rops\/?p=21995'>Powo\u0142anie Wojew\u00f3dzkiej Spo\u0142ecznej Rady do Spraw Os\u00f3b Niepe\u0142nosprawnych na lata 2024 - 2028<\/a><\/h2><div class='entry-meta'>Opublikowane 5 marca, 2024 r. <\/div><img decoding=\"async\" src=\"https:\/\/rops-bialystok.pl\/rops\/wp-content\/uploads\/2024\/03\/2048x94800-150x150.jpg\" \/>W dniu 4 marca 2024 roku Marsza\u0142ek Wojew\u00f3dztwa Podlaskiego \u2013 Artur Kosicki, wr\u0119czy\u0142 powo\u0142ania dla cz\u0142onk\u00f3w Wojew\u00f3dzkiej Spo\u0142ecznej Rady do Spraw Os\u00f3b Niepe\u0142nosprawnych. Zgodnie z Zarz\u0105dzeniem Nr 44\/2024 Marsza\u0142ka Wojew\u00f3dztwa Podlaskiego z dnia 16 lutego 2024 roku w sk\u0142ad Rady wchodz\u0105: Rafa\u0142 Gawkowski &#8211; Prezes Zarz\u0105du Okr\u0119gu Podlaskiego Polskiego Zwi\u0105zku Niewidomych; Mariusz Zbigniew Gorski &#8211; [&hellip;]<a href='https:\/\/rops-bialystok.pl\/rops\/?p=21995' class='pfpReadMore'>Przeczytaj ca\u0142o\u015b\u0107 \u00bb<\/a><div class='clear'><\/div><hr><\/div>\n<p>&nbsp;<\/p>\n<p style=\"text-align: center;\"><a href='https:\/\/rops-bialystok.pl\/rops\/?page_id=22960' onclick='' class='wpi_designer_button   wpi_shadow wpi_shadow_1px wpi_text_shadow_no wpi_texture_no wpi_border_all wpi_padding_10px wpi_5px wpi_designer_button_11174 wpi_icon wpi_icon_no wpi_icon_left  ' target='' rel=''><i class=''><\/i><span class='wpi_text'>Archiwum wiadomo\u015bci 2023<\/span><\/a><\/p>\n<p style=\"text-align: center;\"><a href='https:\/\/rops-bialystok.pl\/rops\/?page_id=22955' onclick='' class='wpi_designer_button   wpi_shadow wpi_shadow_1px wpi_text_shadow_no wpi_texture_no wpi_border_all wpi_padding_10px wpi_5px wpi_designer_button_11174 wpi_icon wpi_icon_no wpi_icon_left  ' target='' rel=''><i class=''><\/i><span class='wpi_text'>Archiwum wiadomo\u015bci 2022<\/span><\/a><\/p>\n<p style=\"text-align: center;\"><a href='https:\/\/www.rops-bialystok.pl\/rops\/?page_id=19334' onclick='' class='wpi_designer_button   wpi_shadow wpi_shadow_1px wpi_text_shadow_no wpi_texture_no wpi_border_all wpi_padding_10px wpi_5px wpi_designer_button_11174 wpi_icon wpi_icon_no wpi_icon_left  ' target='' rel=''><i class=''><\/i><span class='wpi_text'>Archiwum wiadomo\u015bci 2021<\/span><\/a><\/p>\n<p style=\"text-align: center;\"><a href='https:\/\/www.rops-bialystok.pl\/rops\/?page_id=19330' onclick='' class='wpi_designer_button   wpi_shadow wpi_shadow_1px wpi_text_shadow_no wpi_texture_no wpi_border_all wpi_padding_10px wpi_5px wpi_designer_button_11174 wpi_icon wpi_icon_no wpi_icon_left  ' target='' rel=''><i class=''><\/i><span class='wpi_text'>Archiwum wiadomo\u015bci 2020<\/span><\/a><\/p>\n<p style=\"text-align: center;\"><a href='https:\/\/www.rops-bialystok.pl\/rops\/?page_id=19326' onclick='' class='wpi_designer_button   wpi_shadow wpi_shadow_1px wpi_text_shadow_no wpi_texture_no wpi_border_all wpi_padding_10px wpi_5px wpi_designer_button_11174 wpi_icon wpi_icon_no wpi_icon_left  ' target='' rel=''><i class=''><\/i><span class='wpi_text'>Archiwum wiadomo\u015bci 2019<\/span><\/a><\/p>\n<p style=\"text-align: center;\"><a href='https:\/\/www.rops-bialystok.pl\/rops\/?page_id=14901' onclick='' class='wpi_designer_button   wpi_shadow wpi_shadow_1px wpi_text_shadow_no wpi_texture_no wpi_border_all wpi_padding_10px wpi_5px wpi_designer_button_11174 wpi_icon wpi_icon_no wpi_icon_left  ' target='' rel=''><i class=''><\/i><span class='wpi_text'>Archiwum wiadomo\u015bci 2018<\/span><\/a><\/p>\n<p style=\"text-align: center;\"><a href='https:\/\/www.rops-bialystok.pl\/rops\/?page_id=13480' onclick='' class='wpi_designer_button   wpi_shadow wpi_shadow_1px wpi_text_shadow_no wpi_texture_no wpi_border_all wpi_padding_10px wpi_5px wpi_designer_button_11174 wpi_icon wpi_icon_no wpi_icon_left  ' target='' rel=''><i class=''><\/i><span class='wpi_text'>Archiwum wiadomo\u015bci 2017<\/span><\/a><\/p>\n<div class=\"wpi_text\" style=\"text-align: center;\">\n<div class=\"wpi_text\">\n<div class=\"wpi_text\">\n<div class=\"wpi_text\"><a href='https:\/\/www.rops-bialystok.pl\/rops\/?page_id=11188' onclick='' class='wpi_designer_button   wpi_shadow wpi_shadow_1px wpi_text_shadow_no wpi_texture_no wpi_border_all wpi_padding_10px wpi_5px wpi_designer_button_11174 wpi_icon wpi_icon_no wpi_icon_left  ' target='' rel=''><i class=''><\/i><span class='wpi_text'>Archiwum wiadomo\u015bci 2016<\/span><\/a><\/div>\n<\/div>\n<div class=\"wpi_text\"><a href='https:\/\/www.rops-bialystok.pl\/rops\/?page_id=11183' onclick='' class='wpi_designer_button   wpi_shadow wpi_shadow_1px wpi_text_shadow_no wpi_texture_no wpi_border_all wpi_padding_10px wpi_5px wpi_designer_button_11174 wpi_icon wpi_icon_no wpi_icon_left  ' target='' rel=''><i class=''><\/i><span class='wpi_text'>Archiwum wiadomo\u015bci 2015<\/span><\/a><\/div>\n<\/div>\n<div class=\"wpi_text\"><a href='https:\/\/www.rops-bialystok.pl\/rops\/?page_id=11179' onclick='' class='wpi_designer_button   wpi_shadow wpi_shadow_1px wpi_text_shadow_no wpi_texture_no wpi_border_all wpi_padding_10px wpi_5px wpi_designer_button_11174 wpi_icon wpi_icon_no wpi_icon_left  ' target='' rel=''><i class=''><\/i><span class='wpi_text'>Archiwum wiadomo\u015bci 2014<\/span><\/a><\/div>\n<\/div>\n<div class=\"wpi_text\" style=\"text-align: center;\"><a href='https:\/\/www.rops-bialystok.pl\/rops\/?page_id=11176' onclick='' class='wpi_designer_button   wpi_shadow wpi_shadow_1px wpi_text_shadow_no wpi_texture_no wpi_border_all wpi_padding_10px wpi_5px wpi_designer_button_11174 wpi_icon wpi_icon_no wpi_icon_left  ' target='' rel=''><i class=''><\/i><span class='wpi_text'>Archiwum wiadomo\u015bci 2013<\/span><\/a><\/div>\n<div class=\"wpi_text\">\n<div class=\"wpi_text\" style=\"text-align: center;\"><a href='https:\/\/www.rops-bialystok.pl\/rops\/?page_id=11193' onclick='' class='wpi_designer_button   wpi_shadow wpi_shadow_1px wpi_text_shadow_no wpi_texture_no wpi_border_all wpi_padding_10px wpi_5px wpi_designer_button_11174 wpi_icon wpi_icon_no wpi_icon_left  ' target='' rel=''><i class=''><\/i><span class='wpi_text'>Archiwum wiadomo\u015bci 2012<\/span><\/a><\/div>\n<\/div>\n","protected":false},"excerpt":{"rendered":"<p>&nbsp;<\/p>\n","protected":false},"author":12,"featured_media":0,"parent":0,"menu_order":0,"comment_status":"closed","ping_status":"closed","template":"","meta":{"ngg_post_thumbnail":0,"footnotes":""},"class_list":["post-863","page","type-page","status-publish","hentry"],"_links":{"self":[{"href":"https:\/\/rops-bialystok.pl\/rops\/index.php?rest_route=\/wp\/v2\/pages\/863","targetHints":{"allow":["GET"]}}],"collection":[{"href":"https:\/\/rops-bialystok.pl\/rops\/index.php?rest_route=\/wp\/v2\/pages"}],"about":[{"href":"https:\/\/rops-bialystok.pl\/rops\/index.php?rest_route=\/wp\/v2\/types\/page"}],"author":[{"embeddable":true,"href":"https:\/\/rops-bialystok.pl\/rops\/index.php?rest_route=\/wp\/v2\/users\/12"}],"replies":[{"embeddable":true,"href":"https:\/\/rops-bialystok.pl\/rops\/index.php?rest_route=%2Fwp%2Fv2%2Fcomments&post=863"}],"version-history":[{"count":76,"href":"https:\/\/rops-bialystok.pl\/rops\/index.php?rest_route=\/wp\/v2\/pages\/863\/revisions"}],"predecessor-version":[{"id":22963,"href":"https:\/\/rops-bialystok.pl\/rops\/index.php?rest_route=\/wp\/v2\/pages\/863\/revisions\/22963"}],"wp:attachment":[{"href":"https:\/\/rops-bialystok.pl\/rops\/index.php?rest_route=%2Fwp%2Fv2%2Fmedia&parent=863"}],"curies":[{"name":"wp","href":"https:\/\/api.w.org\/{rel}","templated":true}]}}