{"id":892,"date":"2012-09-25T14:41:53","date_gmt":"2012-09-25T12:41:53","guid":{"rendered":"http:\/\/www.rops-bialystok.pl\/rops\/?page_id=892"},"modified":"2023-03-28T15:19:05","modified_gmt":"2023-03-28T13:19:05","slug":"profilaktyka-uzaleznien","status":"publish","type":"page","link":"https:\/\/rops-bialystok.pl\/rops\/?page_id=892","title":{"rendered":"Aktualno\u015bci w profilaktyce uzale\u017cnie\u0144"},"content":{"rendered":"<div class='pfpItem entry-content'><h2 class='entry-title'><a href='https:\/\/rops-bialystok.pl\/rops\/?p=25038'>Zaproszenie do konsultacji spo\u0142ecznych projektu \u201eProgramu profilaktyki i rozwi\u0105zywania problem\u00f3w alkoholowych oraz przeciwdzia\u0142ania narkomanii w wojew\u00f3dztwie podlaskim na lata 2026-2030\u201d<\/a><\/h2><div class='entry-meta'>Opublikowane 24 lutego, 2026 r. <\/div>Przedmiot konsultacji: Projekt &nbsp;\u201eProgramu profilaktyki i rozwi\u0105zywania problem\u00f3w alkoholowych oraz przeciwdzia\u0142ania narkomanii w wojew\u00f3dztwie podlaskim na lata 2026-2030\u201d Termin konsultacji: 24.02.2026 r. \u2013 10.03.2026 r. Forma konsultacji: Projekt \u201eProgramu profilaktyki i rozwi\u0105zywania problem\u00f3w alkoholowych oraz przeciwdzia\u0142ania narkomanii w wojew\u00f3dztwie podlaskim na lata 2026-2030\u201d oraz formularz konsultacji zosta\u0142 zamieszczony na stronie internetowej Urz\u0119du Marsza\u0142kowskiego Wojew\u00f3dztwa Podlaskiego [&hellip;]<a href='https:\/\/rops-bialystok.pl\/rops\/?p=25038' class='pfpReadMore'> Czytaj ca\u0142o\u015b\u0107 \u00bb<\/a><div class='clear'><\/div><hr><\/div><div class='pfpItem entry-content'><h2 class='entry-title'><a href='https:\/\/rops-bialystok.pl\/rops\/?p=24543'>Konferencja \"Praca z pacjentem ze z\u0142o\u017con\u0105 diagnoz\u0105\"<\/a><\/h2><div class='entry-meta'>Opublikowane 23 pa\u017adziernika, 2025 r. <\/div><img decoding=\"async\" src=\"https:\/\/rops-bialystok.pl\/rops\/wp-content\/uploads\/2025\/10\/IMG_22_10_2025_1-150x150.jpg\" \/>W dniu 18 pa\u017adziernika 2025 r. odby\u0142y si\u0119 II Podlaskie Spotkania Psychoterapeutyczne, zorganizowane przez Pracowni\u0119 Psychoterapii i Psychoedukacji Integra. Tegoroczna konferencja pod has\u0142em \u201ePraca z pacjentem ze z\u0142o\u017con\u0105 diagnoz\u0105\u201d zgromadzi\u0142a liczne grono psycholog\u00f3w i psychoterapeut\u00f3w z terenu wojew\u00f3dztwa podlaskiego. Podczas spotkania uczestnicy wys\u0142uchali 3 inspiruj\u0105cych prelekcji po\u015bwi\u0119conych m.in. pracy z pacjentami z podw\u00f3jn\u0105 diagnoz\u0105 oraz [&hellip;]<a href='https:\/\/rops-bialystok.pl\/rops\/?p=24543' class='pfpReadMore'> Czytaj ca\u0142o\u015b\u0107 \u00bb<\/a><div class='clear'><\/div><hr><\/div><div class='pfpItem entry-content'><h2 class='entry-title'><a href='https:\/\/rops-bialystok.pl\/rops\/?p=23873'>Bezp\u0142atna infolinia wsparcia psychologicznego i pomocy prawnej dla dzieci, m\u0142odzie\u017cy, opiekun\u00f3w i nauczycieli w wojew\u00f3dztwie podlaskim<\/a><\/h2><div class='entry-meta'>Opublikowane 2 lipca, 2025 r. <\/div><img decoding=\"async\" src=\"https:\/\/rops-bialystok.pl\/rops\/wp-content\/uploads\/2025\/07\/Infolinia-150x150.jpg\" \/>W odpowiedzi na narastaj\u0105cy kryzys zdrowia psychicznego w\u015br\u00f3d m\u0142odych os\u00f3b, kt\u00f3ry objawia si\u0119 m.in. coraz cz\u0119stszym si\u0119ganiem po \u015brodki psychoaktywne oraz wyst\u0119powaniem zachowa\u0144 kompulsywnych (np. uzale\u017cnienie od gier komputerowych, nadmierne korzystanie z medi\u00f3w spo\u0142eczno\u015bciowych, samookaleczanie), uruchomiona zosta\u0142a bezp\u0142atna infolinia dy\u017cur\u00f3w: prawnika i specjalisty psychoterapii uzale\u017cnie\u0144. Z infolinii mog\u0105 korzysta\u0107: dzieci i m\u0142odzie\u017c zmagaj\u0105ca si\u0119 z [&hellip;]<a href='https:\/\/rops-bialystok.pl\/rops\/?p=23873' class='pfpReadMore'> Czytaj ca\u0142o\u015b\u0107 \u00bb<\/a><div class='clear'><\/div><hr><\/div><div class='pfpItem entry-content'><h2 class='entry-title'><a href='https:\/\/rops-bialystok.pl\/rops\/?p=22675'>Publikacja \u201eWsparcie dzieci i m\u0142odzie\u017cy z FASD oraz ich rodzin\u201d<\/a><\/h2><div class='entry-meta'>Opublikowane 30 lipca, 2024 r. <\/div><img decoding=\"async\" src=\"https:\/\/rops-bialystok.pl\/rops\/wp-content\/uploads\/2024\/07\/Wsparcie-dzieci-i-mlodziezy-z-FASD-oraz-ich-rodzin-okladka-150x150.png\" \/>Regionalny O\u015brodek Polityki Spo\u0142ecznej w Bia\u0142ymstoku zach\u0119ca do zapoznania si\u0119 z publikacj\u0105 wydan\u0105 przez O\u015brodek Rozwoju Edukacji pn. \u201eWsparcie dzieci i m\u0142odzie\u017cy z FASD oraz ich rodzin\u201d. Publikacja skierowana jest do pracownik\u00f3w systemu o\u015bwiaty, sektora zdrowia oraz rodziny, pracy i zabezpieczenia spo\u0142ecznego, a tak\u017ce rodzic\u00f3w i innych zainteresowanych. Poradnik autorstwa dr Teresy Jadczak-Szumi\u0142o powsta\u0142 we [&hellip;]<a href='https:\/\/rops-bialystok.pl\/rops\/?p=22675' class='pfpReadMore'> Czytaj ca\u0142o\u015b\u0107 \u00bb<\/a><div class='clear'><\/div><hr><\/div><div class='pfpItem entry-content'><h2 class='entry-title'><a href='https:\/\/rops-bialystok.pl\/rops\/?p=22547'>Dzie\u0144 Dziecka na miejskiej pla\u017cy<\/a><\/h2><div class='entry-meta'>Opublikowane 3 czerwca, 2024 r. <\/div><img decoding=\"async\" src=\"https:\/\/rops-bialystok.pl\/rops\/wp-content\/uploads\/2024\/06\/436464989_466347809121203_2990506250757947732_n-150x150.jpg\" \/>Pla\u017ca Miejska Dojlidy 29 maja t\u0119tni\u0142a dzieci\u0119c\u0105 rado\u015bci\u0105. Tego dnia Komenda Wojew\u00f3dzka Policji w Bia\u0142ymstoku, anga\u017cuj\u0105c najciekawsze s\u0142u\u017cbowe atrakcje oraz partnerskie instytucje, zorganizowa\u0142a Dzie\u0144 Dziecka pod chmurk\u0105. Regionalny O\u015brodek Polityki Spo\u0142ecznej w Bia\u0142ymstoku w\u0142\u0105czy\u0142 si\u0119 w zapewnienie dobrej zabawy zgromadzonym na pla\u017cy dzieciom, by opr\u00f3cz pasjonuj\u0105cych pokaz\u00f3w, czeka\u0142o na nie malowanie twarzy, wata cukrowa, zaplatanie [&hellip;]<a href='https:\/\/rops-bialystok.pl\/rops\/?p=22547' class='pfpReadMore'> Czytaj ca\u0142o\u015b\u0107 \u00bb<\/a><div class='clear'><\/div><hr><\/div><div class='pfpItem entry-content'><h2 class='entry-title'><a href='https:\/\/rops-bialystok.pl\/rops\/?p=22474'>Bezp\u0142atna infolinia dla os\u00f3b z problemem uzale\u017cnie\u0144 oraz ich rodzin<\/a><\/h2><div class='entry-meta'>Opublikowane 9 maja, 2024 r. <\/div><img decoding=\"async\" src=\"https:\/\/rops-bialystok.pl\/rops\/wp-content\/uploads\/2024\/05\/etap-150x150.jpg\" \/>Informujemy, i\u017c uruchomili\u015bmy specjaln\u0105, bezp\u0142atn\u0105 infolini\u0119 dla dzieci, m\u0142odzie\u017cy, a tak\u017ce opiekun\u00f3w i nauczycieli w zwi\u0105zku z kryzysem zwi\u0105zanym z si\u0119ganiem m\u0142odych os\u00f3b po \u015brodki psychoaktywne oraz zachowaniami kompulsywnymi, na terenie woj. podlaskiego. Pod numerem telefonu 694 74 64 64 dy\u017cury pe\u0142ni\u0105: poniedzia\u0142ek w godz. 19.00 &#8211; 21.00 \u2013 prawnik wtorek w godz. 19.00 &#8211; [&hellip;]<a href='https:\/\/rops-bialystok.pl\/rops\/?p=22474' class='pfpReadMore'> Czytaj ca\u0142o\u015b\u0107 \u00bb<\/a><div class='clear'><\/div><hr><\/div><div class='pfpItem entry-content'><h2 class='entry-title'><a href='https:\/\/rops-bialystok.pl\/rops\/?p=21798'>Seminaria pn.: \u201eWsp\u00f3\u0142praca instytucjonalna na rzecz przeciwdzia\u0142ania przemocy i uzale\u017cnieniom w wojew\u00f3dztwie podlaskim\u201d<\/a><\/h2><div class='entry-meta'>Opublikowane 15 grudnia, 2023 r. <\/div><img decoding=\"async\" width=&quot;160&quot; height=&quot;120&quot; style=\"width:160px; height:120px; border-width: 10px; border-color:#f1f1f1;border: 10px solid #f1f1f1\" alt=\"Seminarium na temat przeciwdzia\u0142aniu przemocy i uzale\u017cnieniom. M\u00f3wnica z logiem policji oraz mikrofonem na tle wy\u015bwietlonej prezentacji z tytu\u0142em szkolenia.\" title=\"\" src=\"https:\/\/rops-bialystok.pl\/rops\/wp-content\/uploads\/2023\/12\/IMG20231211091459-160x120.jpg\" rel=\"https:\/\/rops-bialystok.pl\/rops\/wp-content\/uploads\/2023\/12\/IMG20231211091459-scaled.jpg\" \/>11 i 13 grudnia w Oddziale Prewencji Policji w Bia\u0142ymstoku odby\u0142y si\u0119 seminaria po\u015bwi\u0119cone tematyce przeciwdzia\u0142ania przemocy i uzale\u017cnieniem w wojew\u00f3dztwie podlaskim. Seminaria skierowane by\u0142y do dzielnicowych, zawodowych kurator\u00f3w s\u0105dowych oraz przedstawicieli pomocy spo\u0142ecznej. W trakcie spotka\u0144 om\u00f3wiono zmiany w przepisach prawa, rol\u0119 policjanta \u201epierwszego kontaktu\u201d oraz dobre praktyki wsp\u00f3\u0142pracy na rzecz profilaktyki i prewencji. [&hellip;]<a href='https:\/\/rops-bialystok.pl\/rops\/?p=21798' class='pfpReadMore'> Czytaj ca\u0142o\u015b\u0107 \u00bb<\/a><div class='clear'><\/div><hr><\/div><div class='pfpItem entry-content'><h2 class='entry-title'><a href='https:\/\/rops-bialystok.pl\/rops\/?p=21556'>Bezp\u0142atna infolinia dla os\u00f3b uzale\u017cnionych od \u015brodk\u00f3w psychoaktywnych oraz zachowa\u0144<\/a><\/h2><div class='entry-meta'>Opublikowane 5 wrze\u015bnia, 2023 r. <\/div>Bezp\u0142atna infolinia dla dzieci, m\u0142odzie\u017cy a tak\u017ce rodzic\u00f3w opiekun\u00f3w i nauczycieli w zwi\u0105zku z kryzysem zwi\u0105zanym z si\u0119ganiem m\u0142odych os\u00f3b po \u015brodki psychoaktywne oraz z zachowaniami kompulsywnymi. Pod numerem tel. 694 74 64 64 dy\u017curuj\u0105: Poniedzia\u0142ek godz. 18-20 prawnik Wtorek, czwartek i pi\u0105tek godz. 18-20 specjalista psychoterapii uzale\u017cnie\u0144<a href='https:\/\/rops-bialystok.pl\/rops\/?p=21556' class='pfpReadMore'> Czytaj ca\u0142o\u015b\u0107 \u00bb<\/a><div class='clear'><\/div><hr><\/div><div class='pfpItem entry-content'><h2 class='entry-title'><a href='https:\/\/rops-bialystok.pl\/rops\/?p=21332'>Szczepienia Przeciw HPV - Program bezp\u0142atnych szczepie\u0144 przeciwko HPV<\/a><\/h2><div class='entry-meta'>Opublikowane 28 czerwca, 2023 r. <\/div>1 czerwca 2023 r. Polska do\u0142\u0105czy\u0142a do kraj\u00f3w, kt\u00f3re wprowadzi\u0142y bezp\u0142atne szczepienia przeciw Human Papilloma Virus (HPV) dziewcz\u0105t i ch\u0142opc\u00f3w w wieku 12 i 13 lat. Wi\u0119cej o programie bezp\u0142atnych szczepie\u0144 przeciwko HPV oraz zapisach na szczepienie: Szczepienia przeciw HPV &#8211; Ministerstwo Zdrowia &#8211; Portal Gov.pl (www.gov.pl)<a href='https:\/\/rops-bialystok.pl\/rops\/?p=21332' class='pfpReadMore'> Czytaj ca\u0142o\u015b\u0107 \u00bb<\/a><div class='clear'><\/div><hr><\/div><div class='pfpItem entry-content'><h2 class='entry-title'><a href='https:\/\/rops-bialystok.pl\/rops\/?p=20757'>ESPAD. Raport z bada\u0144 zrealizowanych w wojew\u00f3dztwie podlaskim w 2022 r.<\/a><\/h2><div class='entry-meta'>Opublikowane 17 stycznia, 2023 r. <\/div>W 2022 roku, na zlecenie Regionalnego O\u015brodka Polityki Spo\u0142ecznej w Bia\u0142ymstoku, w ramach mi\u0119dzynarodowego projektu European School Survey Project on Alcohol and Drugs (ESPAD) zrealizowano audytoryjne badania ankietowe: \u201eU\u017cywanie alkoholu i narkotyk\u00f3w przez m\u0142odzie\u017c szkoln\u0105\u201d. Badanie przeprowadzono na pr\u00f3bie reprezentatywnej uczni\u00f3w pierwszych klas oraz trzecich klas szk\u00f3\u0142 \u015brednich wojew\u00f3dztwa podlaskiego. Pe\u0142na wersja raportu: Raport ESPAD [&hellip;]<a href='https:\/\/rops-bialystok.pl\/rops\/?p=20757' class='pfpReadMore'> Czytaj ca\u0142o\u015b\u0107 \u00bb<\/a><div class='clear'><\/div><hr><\/div><div class='pfpItem entry-content'><h2 class='entry-title'><a href='https:\/\/rops-bialystok.pl\/rops\/?p=20751'>Wojew\u00f3dzka konferencja \u201eDzieci i m\u0142odzie\u017c w pandemii nowych zagro\u017ce\u0144\u201d<\/a><\/h2><div class='entry-meta'>Opublikowane 16 stycznia, 2023 r. <\/div><img decoding=\"async\" width=&quot;160&quot; height=&quot;120&quot; style=\"width:160px; height:120px; border-width: 10px; border-color:#f1f1f1;border: 10px solid #f1f1f1\" alt=\"Konferencja na temat Dzieci i m\u0142odzie\u017cy w pandemii nowych zagro\u017ce\u0144, w hotelu Silver. Kobieta przemawia do uczestnik\u00f3w kt\u00f3rzy siedz\u0105 na krzes\u0142ach w kilku rz\u0119dach. Z ty\u0142u na ekranie projekcyjnym jest wy\u015bwietlona prezentacja.\" title=\"\" src=\"https:\/\/rops-bialystok.pl\/rops\/wp-content\/uploads\/2023\/01\/20221215_101232-160x120.jpg\" rel=\"https:\/\/rops-bialystok.pl\/rops\/wp-content\/uploads\/2023\/01\/20221215_101232-scaled.jpg\" \/>15 grudnia w Sali konferencyjnej Hotelu Silver w Bia\u0142ymstoku odby\u0142a si\u0119 wojew\u00f3dzka konferencja pn.: \u201eDzieci i m\u0142odzie\u017c w pandemii nowych zagro\u017ce\u0144\u201d. Przedsi\u0119wzi\u0119cie, zorganizowane przez Regionalny O\u015brodek Polityki Spo\u0142ecznej w Bia\u0142ymstoku, skierowane by\u0142o do pedagog\u00f3w, wychowawc\u00f3w i nauczycieli podlaskich szk\u00f3\u0142 oraz przedstawicieli podlaskich jednostek samorz\u0105du terytorialnego. Merytoryka konferencji obejmowa\u0142a tematy istotne z punktu widzenia pracy z [&hellip;]<a href='https:\/\/rops-bialystok.pl\/rops\/?p=20751' class='pfpReadMore'> Czytaj ca\u0142o\u015b\u0107 \u00bb<\/a><div class='clear'><\/div><hr><\/div><div class='pfpItem entry-content'><h2 class='entry-title'><a href='https:\/\/rops-bialystok.pl\/rops\/?p=20739'>Dofinansowanie wyposa\u017cenia Centr\u00f3w Integracji Spo\u0142ecznej<\/a><\/h2><div class='entry-meta'>Opublikowane 13 stycznia, 2023 r. <\/div>Regionalny O\u015brodek Polityki Spo\u0142ecznej w Bia\u0142ymstoku informuje, i\u017c w planie finansowym na 2022 r. uj\u0119to \u015brodki finansowe z przeznaczeniem na wyposa\u017cenie nowo tworzonych Centr\u00f3w Integracji Spo\u0142ecznej, zgodnie z art. 8 Ustawy o zatrudnieniu socjalnym . Aby otrzyma\u0107 dofinansowanie nale\u017cy z\u0142o\u017cy\u0107 wniosek wraz z kosztorysem wydatk\u00f3w (wz\u00f3r w za\u0142\u0105czeniu). Materia\u0142y do pobrania: Wz\u00f3r wniosku Sprawozdanie CIS<a href='https:\/\/rops-bialystok.pl\/rops\/?p=20739' class='pfpReadMore'> Czytaj ca\u0142o\u015b\u0107 \u00bb<\/a><div class='clear'><\/div><hr><\/div><div class='pfpItem entry-content'><h2 class='entry-title'><a href='https:\/\/rops-bialystok.pl\/rops\/?p=20668'>Konferencja \u201eDzieci i m\u0142odzie\u017c w pandemii nowych zagro\u017ce\u0144\u201d<\/a><\/h2><div class='entry-meta'>Opublikowane 9 grudnia, 2022 r. <\/div>Regionalny O\u015brodek Polityki Spo\u0142ecznej w Bia\u0142ymstoku w dniu 15 grudnia 2022 r. organizuje wojew\u00f3dzk\u0105 konferencj\u0119 pn. \u201eDzieci i m\u0142odzie\u017c w pandemii nowych zagro\u017ce\u0144\u201d. Obszar merytoryczny konferencji obejmuje m.in. zagadnienia zwi\u0105zane z uzale\u017cnieniami behawioralnymi dzieci i m\u0142odzie\u017cy, rozwojem ich psychiki, przemoc wobec dzieci i nastolatk\u00f3w a tak\u017ce profilaktyk\u0119 rekomendowan\u0105 na poziomie europejskim. Szczeg\u00f3\u0142owy program konferencji znajduje [&hellip;]<a href='https:\/\/rops-bialystok.pl\/rops\/?p=20668' class='pfpReadMore'> Czytaj ca\u0142o\u015b\u0107 \u00bb<\/a><div class='clear'><\/div><hr><\/div><div class='pfpItem entry-content'><h2 class='entry-title'><a href='https:\/\/rops-bialystok.pl\/rops\/?p=20416'>Szkolenie przedstawicieli podlaskich samorz\u0105d\u00f3w gminnych odpowiedzialnych za realizacj\u0119 gminnych program\u00f3w profilaktyki i rozwi\u0105zywania problem\u00f3w alkoholowych oraz przeciwdzia\u0142ania narkomanii \u2013 prelekcje<\/a><\/h2><div class='entry-meta'>Opublikowane 21 wrze\u015bnia, 2022 r. <\/div>5 wrze\u015bnia w Sali sejmikowej Urz\u0119du Marsza\u0142kowskiego Wojew\u00f3dztwa Podlaskiego w Bia\u0142ymstoku mia\u0142o miejsce szkolenie przedstawicieli podlaskich samorz\u0105d\u00f3w gminnych odpowiedzialnych za realizacj\u0119 gminnych program\u00f3w profilaktyki i rozwi\u0105zywania problem\u00f3w alkoholowych oraz przeciwdzia\u0142ania narkomanii. Przedsi\u0119wzi\u0119cie, zorganizowane przez Krajowe Centrum Przeciwdzia\u0142ania Uzale\u017cnieniom oraz Regionalny O\u015brodek Polityki Spo\u0142ecznej w Bia\u0142ymstoku, mia\u0142o na celu wprowadzenie przedstawicieli samorz\u0105d\u00f3w gminnych wojew\u00f3dztwa podlaskiego w [&hellip;]<a href='https:\/\/rops-bialystok.pl\/rops\/?p=20416' class='pfpReadMore'> Czytaj ca\u0142o\u015b\u0107 \u00bb<\/a><div class='clear'><\/div><hr><\/div><div class='pfpItem entry-content'><h2 class='entry-title'><a href='https:\/\/rops-bialystok.pl\/rops\/?p=20394'>Bezp\u0142atna infolinia dla os\u00f3b z problemem uzale\u017cnie\u0144 oraz ich rodzin<\/a><\/h2><div class='entry-meta'>Opublikowane 13 wrze\u015bnia, 2022 r. <\/div>Uruchomili\u015bmy bezp\u0142atn\u0105 infolini\u0119 dla dzieci, m\u0142odzie\u017cy a tak\u017ce rodzic\u00f3w opiekun\u00f3w i nauczycieli w zwi\u0105zku z kryzysem zwi\u0105zanym z si\u0119ganiem m\u0142odych os\u00f3b po \u015brodki psychoaktywne oraz z zachowaniami kompulsywnymi. Pod numerem 694 74 64 64 dy\u017cury pe\u0142ni\u0105: prawnik &#8211; poniedzia\u0142ek w godz. 18.00-20.00 specjalista psychoterapii uzale\u017cnie\u0144- wtorek, czwartek, pi\u0105tek godz. 18.00-20.00<a href='https:\/\/rops-bialystok.pl\/rops\/?p=20394' class='pfpReadMore'> Czytaj ca\u0142o\u015b\u0107 \u00bb<\/a><div class='clear'><\/div><hr><\/div><div class='pfpItem entry-content'><h2 class='entry-title'><a href='https:\/\/rops-bialystok.pl\/rops\/?p=18819'>\u015awiatowy Dzie\u0144 \u015awiadomo\u015bci FASD<\/a><\/h2><div class='entry-meta'>Opublikowane 9 wrze\u015bnia, 2022 r. <\/div>9 wrze\u015bnia to corocznie obchodzony \u015awiatowy Dzie\u0144 \u015awiadomo\u015bci FASD . Ide\u0105 \u015bwi\u0119ta jest zwr\u00f3cenie uwagi na problemy os\u00f3b chorych na Alkoholowy Zesp\u00f3\u0142 P\u0142odowy, a tak\u017ce u\u015bwiadomienie przysz\u0142ym matkom skutki picia alkoholu w czasie ci\u0105\u017cy. Wi\u0119cej informacji znajd\u0105 Pa\u0144stwo na stronie: http:\/\/ciazabezalkoholu.info\/<a href='https:\/\/rops-bialystok.pl\/rops\/?p=18819' class='pfpReadMore'> Czytaj ca\u0142o\u015b\u0107 \u00bb<\/a><div class='clear'><\/div><hr><\/div><div class='pfpItem entry-content'><h2 class='entry-title'><a href='https:\/\/rops-bialystok.pl\/rops\/?p=20311'>Kurs pomocy socjoterapeutycznej dzieciom z rodzin z problemem alkoholowym<\/a><\/h2><div class='entry-meta'>Opublikowane 31 sierpnia, 2022 r. <\/div>Regionalny O\u015brodek Polityki Spo\u0142ecznej w Bia\u0142ymstoku informuje, i\u017c Fundacja ETOH oraz Krajowe Centrum Przeciwdzia\u0142ania Uzale\u017cnieniom zapraszaj\u0105 do wzi\u0119cia udzia\u0142u w Kursie Pomocy Socjoterapeutycznej Dzieciom z Rodzin z Problemem Alkoholowym. Kurs uwzgl\u0119dnia kompleksowe podej\u015bcie do tematu socjoterapii, w oparciu o zintegrowany model pomocy dziecku i rodzinie. K\u0142adzie nacisk na prac\u0119 z dzieckiem i rodzin\u0105 w plac\u00f3wkach [&hellip;]<a href='https:\/\/rops-bialystok.pl\/rops\/?p=20311' class='pfpReadMore'> Czytaj ca\u0142o\u015b\u0107 \u00bb<\/a><div class='clear'><\/div><hr><\/div><div class='pfpItem entry-content'><h2 class='entry-title'><a href='https:\/\/rops-bialystok.pl\/rops\/?p=20276'>Zaproszenie na szkolenie przedstawicieli samorz\u0105d\u00f3w gminnych odpowiedzialnych za realizacj\u0119 gminnych program\u00f3w profilaktyki i rozwi\u0105zywania problem\u00f3w alkoholowych oraz przeciwdzia\u0142ania narkomanii<\/a><\/h2><div class='entry-meta'>Opublikowane 17 sierpnia, 2022 r. <\/div>Regionalny O\u015brodek Polityki Spo\u0142ecznej w Bia\u0142ymstoku wraz z Krajowym Centrum Przeciwdzia\u0142ania Uzale\u017cnieniom serdecznie zaprasza na szkolenie przedstawicieli samorz\u0105d\u00f3w gminnych odpowiedzialnych za realizacj\u0119 gminnych program\u00f3w profilaktyki i rozwi\u0105zywania problem\u00f3w alkoholowych oraz przeciwdzia\u0142ania narkomanii. Szkolenie odb\u0119dzie si\u0119 w dniu 5 wrze\u015bnia 2022 r. (poniedzia\u0142ek) w Sali Konferencyjnej nr 115 (sala sejmikowa, I pi\u0119tro) Urz\u0119du Marsza\u0142kowskiego Wojew\u00f3dztwa Podlaskiego [&hellip;]<a href='https:\/\/rops-bialystok.pl\/rops\/?p=20276' class='pfpReadMore'> Czytaj ca\u0142o\u015b\u0107 \u00bb<\/a><div class='clear'><\/div><hr><\/div><div class='pfpItem entry-content'><h2 class='entry-title'><a href='https:\/\/rops-bialystok.pl\/rops\/?p=19874'>Dofinansowanie wyposa\u017cenia oraz dzia\u0142alno\u015bci przez okres pierwszych 3 miesi\u0119cy Centrum Integracji Spo\u0142ecznej<\/a><\/h2><div class='entry-meta'>Opublikowane 25 maja, 2022 r. <\/div>Regionalny O\u015brodek Polityki Spo\u0142ecznej w Bia\u0142ymstoku informuje, i\u017c Centra Integracji Spo\u0142ecznej posiadaj\u0105ce aktualn\u0105 decyzj\u0119 wojewody o nadaniu statusu CIS mog\u0105 ubiega\u0107 si\u0119 o dofinansowanie wyposa\u017cenia oraz dzia\u0142alno\u015bci przez okres pierwszych 3 miesi\u0119cy funkcjonowania. Do pobrania: wz\u00f3r wniosku o dotacj\u0119 wz\u00f3r sprawozdania<a href='https:\/\/rops-bialystok.pl\/rops\/?p=19874' class='pfpReadMore'> Czytaj ca\u0142o\u015b\u0107 \u00bb<\/a><div class='clear'><\/div><hr><\/div><div class='pfpItem entry-content'><h2 class='entry-title'><a href='https:\/\/rops-bialystok.pl\/rops\/?p=19741'>Wskaz\u00f3wki dla samorz\u0105d\u00f3w gminnych dotycz\u0105ce realizacji zada\u0144 z zakresu uzale\u017cnie\u0144 behawioralnych<\/a><\/h2><div class='entry-meta'>Opublikowane 12 kwietnia, 2022 r. <\/div>Wskaz\u00f3wki dla samorz\u0105d\u00f3w gminnych dotycz\u0105ce realizacji zada\u0144 z zakresu uzale\u017cnie\u0144 behawioralnych, stanowi\u0105cych element gminnego programu profilaktyki i rozwi\u0105zywania problem\u00f3w alkoholowych i przeciwdzia\u0142ania narkomanii. Do pobrania: Wytyczne dla gmin<a href='https:\/\/rops-bialystok.pl\/rops\/?p=19741' class='pfpReadMore'> Czytaj ca\u0142o\u015b\u0107 \u00bb<\/a><div class='clear'><\/div><hr><\/div><div class='pfpItem entry-content'><h2 class='entry-title'><a href='https:\/\/rops-bialystok.pl\/rops\/?p=19660'>Sprawozdanie z realizacji Gminnego Programu Przeciwdzia\u0142ania Narkomanii w 2021 r.<\/a><\/h2><div class='entry-meta'>Opublikowane 24 marca, 2022 r. <\/div>Zgodnie z art. 41 ust. 2c ustawy z dnia 26 pa\u017adziernika 1982 r. o wychowaniu w trze\u017awo\u015bci i przeciwdzia\u0142aniu alkoholizmowi \u201eW\u00f3jt (burmistrz, prezydent miasta) sporz\u0105dza na podstawie ankiety opracowanej przez Centrum informacj\u0119 z realizacji dzia\u0142a\u0144 podejmowanych w danym roku, kt\u00f3re wynikaj\u0105 z gminnego programu profilaktyki i rozwi\u0105zywania problem\u00f3w alkoholowych oraz przeciwdzia\u0142ania narkomanii, i przesy\u0142a j\u0105 [&hellip;]<a href='https:\/\/rops-bialystok.pl\/rops\/?p=19660' class='pfpReadMore'> Czytaj ca\u0142o\u015b\u0107 \u00bb<\/a><div class='clear'><\/div><hr><\/div>\n<h3 class=\"wp-caption\" style=\"text-align: left;\"><span style=\"color: #000000;\"><strong>&nbsp;&nbsp; <span style=\"color: #000066;\">Akty prawne<\/span><\/strong><\/span><\/h3>\n<ul>\n<li><a href=\"http:\/\/www.rops-bialystok.pl\/rops\/wp-content\/uploads\/2023\/03\/Ustawa-o-przeciwdzialaniu-narkomanii.pdf\">Ustawa o przeciwdzia\u0142aniu narkomanii<\/a><\/li>\n<li><a href=\"http:\/\/www.rops-bialystok.pl\/rops\/wp-content\/uploads\/2023\/03\/Ustawa-o-wychowaniu-w-trzezwosci-i-przeciwdzialaniu-alkoholizmowi.pdf\">Ustawa o wychowaniu w trze\u017awo\u015bci i przeciwdzia\u0142aniu alkoholizmowi<\/a><\/li>\n<li><a href=\"http:\/\/www.rops-bialystok.pl\/rops\/wp-content\/uploads\/2023\/03\/Narodowy-Program-Zdrowia-2021-2025.pdf\">Narodowy Program Zdrowia na lata 2021-2025<\/a><\/li>\n<li><a href=\"http:\/\/www.rops-bialystok.pl\/rops\/wp-content\/uploads\/2023\/03\/Program-profilaktyki-i-rozwiazywania-proglemow-alkoholowych-w-wojewodztwie-podlaskim-na-lata-2019-2021.pdf\">Program profilaktyki i rozwi\u0105zywania problem\u00f3w alkoholowych w wojew\u00f3dztwie podlaskim na lata&nbsp;2019-2021<\/a><\/li>\n<li><a href=\"http:\/\/www.rops-bialystok.pl\/rops\/wp-content\/uploads\/2023\/03\/Program-przeciwdzialania-narkomanii-w-wojewodztwie-podlaskim-na-lata-2019-2021.pdf\">Program przeciwdzia\u0142ania narkomanii w wojew\u00f3dztwie podlaskim na lata 2019-2021<\/a><\/li>\n<\/ul>\n<h3 class=\"wp-caption\" style=\"text-align: left;\"><span style=\"color: #000000;\"><strong>&nbsp;&nbsp; <span style=\"color: #000066;\">Przydatne linki<\/span><\/strong><\/span><\/h3>\n<ul>\n<li><a href=\"http:\/\/www.kbpn.gov.pl\/portal\" target=\"_blank\" rel=\"noopener noreferrer\">Krajowe Biuro ds. Przeciwdzia\u0142ania Narkomanii<\/a><\/li>\n<li><a href=\"http:\/\/www.parpa.pl\" target=\"_blank\" rel=\"noopener noreferrer\">Pa\u0144stwowa Agencja Rozwi\u0105zywania Problem\u00f3w Alkoholowych<\/a><\/li>\n<li><a href=\"http:\/\/www.rops-bialystok.pl\/11,1423,instytut-psychologii-zdrowia.html\" target=\"_blank\" rel=\"noopener noreferrer\">Instytut Psychologii Zdrowia<\/a><\/li>\n<li><a href=\"http:\/\/www.ngo.pl\" target=\"_blank\" rel=\"noopener noreferrer\">Portal organizacji pozarz\u0105dowych<\/a><\/li>\n<li><a href=\"http:\/\/ipin.edu.pl\">Instytut Psychiatrii i Neurologii <\/a><\/li>\n<li><a href=\"http:\/\/aids.gov.pl\">Krajowe Centrum do Spraw AIDS<\/a><\/li>\n<li><a href=\"http:\/\/www.uzaleznieniabehawioralne.pl\/\">Uzale\u017cnienia behawioralne<\/a><\/li>\n<\/ul>\n<p style=\"text-align: center;\"><strong><a href='https:\/\/www.rops-bialystok.pl\/rops\/?page_id=18649&#038;preview=true' onclick='' class='wpi_designer_button   wpi_shadow wpi_shadow_no wpi_text_shadow_no wpi_texture_no wpi_border_all wpi_padding_10px wpi_rectangle wpi_designer_button_9610 wpi_icon wpi_icon_no wpi_icon_left  ' target='' rel=''><i class=''><\/i><span class='wpi_text'>Archiwum wiadomo\u015bci<\/span><\/a><!--Przycisk archiwum wiadomo\u015bci--><\/strong><\/p>\n","protected":false},"excerpt":{"rendered":"<p>&nbsp;&nbsp; Akty prawne Ustawa o przeciwdzia\u0142aniu narkomanii Ustawa o wychowaniu w trze\u017awo\u015bci i przeciwdzia\u0142aniu alkoholizmowi Narodowy Program Zdrowia na lata 2021-2025 Program profilaktyki i rozwi\u0105zywania problem\u00f3w alkoholowych w wojew\u00f3dztwie podlaskim na lata&nbsp;2019-2021 Program przeciwdzia\u0142ania narkomanii w wojew\u00f3dztwie podlaskim na lata 2019-2021 &nbsp;&nbsp; Przydatne linki Krajowe Biuro ds. Przeciwdzia\u0142ania Narkomanii Pa\u0144stwowa Agencja Rozwi\u0105zywania Problem\u00f3w Alkoholowych Instytut [&hellip;]<\/p>\n","protected":false},"author":12,"featured_media":0,"parent":0,"menu_order":0,"comment_status":"closed","ping_status":"closed","template":"","meta":{"ngg_post_thumbnail":0,"footnotes":""},"class_list":["post-892","page","type-page","status-publish","hentry"],"_links":{"self":[{"href":"https:\/\/rops-bialystok.pl\/rops\/index.php?rest_route=\/wp\/v2\/pages\/892","targetHints":{"allow":["GET"]}}],"collection":[{"href":"https:\/\/rops-bialystok.pl\/rops\/index.php?rest_route=\/wp\/v2\/pages"}],"about":[{"href":"https:\/\/rops-bialystok.pl\/rops\/index.php?rest_route=\/wp\/v2\/types\/page"}],"author":[{"embeddable":true,"href":"https:\/\/rops-bialystok.pl\/rops\/index.php?rest_route=\/wp\/v2\/users\/12"}],"replies":[{"embeddable":true,"href":"https:\/\/rops-bialystok.pl\/rops\/index.php?rest_route=%2Fwp%2Fv2%2Fcomments&post=892"}],"version-history":[{"count":126,"href":"https:\/\/rops-bialystok.pl\/rops\/index.php?rest_route=\/wp\/v2\/pages\/892\/revisions"}],"predecessor-version":[{"id":21059,"href":"https:\/\/rops-bialystok.pl\/rops\/index.php?rest_route=\/wp\/v2\/pages\/892\/revisions\/21059"}],"wp:attachment":[{"href":"https:\/\/rops-bialystok.pl\/rops\/index.php?rest_route=%2Fwp%2Fv2%2Fmedia&parent=892"}],"curies":[{"name":"wp","href":"https:\/\/api.w.org\/{rel}","templated":true}]}}